{"id":16992,"date":"2024-08-29T14:31:00","date_gmt":"2024-08-29T13:31:00","guid":{"rendered":"https:\/\/museudoporto.pt\/?post_type=resource&#038;p=16992"},"modified":"2024-09-29T10:43:25","modified_gmt":"2024-09-29T09:43:25","slug":"dia-da-ammo-circulo-de-amigos-marta-ortigao","status":"publish","type":"resource","link":"https:\/\/museudoporto.pt\/en\/recurso\/dia-da-ammo-circulo-de-amigos-marta-ortigao\/","title":{"rendered":"DIA DA AMMO \u2014 C\u00cdRCULO DE AMIGOS MARTA ORTIG\u00c3O"},"content":{"rendered":"","protected":false},"featured_media":17224,"template":"","resource_category":[20],"class_list":["post-16992","resource","type-resource","status-publish","has-post-thumbnail","hentry","resource_category-atividades"],"acf":{"ambient_sound":false,"breadcrumb":false,"file":false,"content":[{"acf_fc_layout":"event","display_title":"DIA DA AMMO \u2014 C\u00cdRCULO DE AMIGOS MARTA ORTIG\u00c3O","subtitle":"<p>Com Eleanor Picas, Fernando Soares, I\u00fari Frias e Nettie Burnett<\/p>\n","date":{"show_time":true,"type":"range","date":null,"start_date":"29\/09\/2024 10:00","end_date":"29\/09\/2024 17:30"},"sessions":null,"location":{"type":"other","station":false,"location":"CASA MARTA ORTIG\u00c3O SAMPAIO"},"media":{"type":false,"image":{"ID":17225,"id":17225,"title":"Eleonor Picas_Harpa","filename":"Eleonor-Picas_Harpa.jpg","filesize":310135,"url":"https:\/\/museudoporto.pt\/wp-content\/uploads\/2024\/08\/Eleonor-Picas_Harpa.jpg","link":"https:\/\/museudoporto.pt\/en\/eleonor-picas_harpa-2\/","alt":"","author":"11","description":"","caption":"Fotografia de Eleonor Picas","name":"eleonor-picas_harpa-2","status":"inherit","uploaded_to":0,"date":"2024-09-25 09:38:30","modified":"2024-09-25 09:40:37","menu_order":0,"mime_type":"image\/jpeg","type":"image","subtype":"jpeg","icon":"https:\/\/museudoporto.pt\/wp-includes\/images\/media\/default.png","width":1600,"height":1066,"sizes":{"thumbnail":"https:\/\/museudoporto.pt\/wp-content\/uploads\/2024\/08\/Eleonor-Picas_Harpa-150x150.jpg","thumbnail-width":150,"thumbnail-height":150,"medium":"https:\/\/museudoporto.pt\/wp-content\/uploads\/2024\/08\/Eleonor-Picas_Harpa-300x200.jpg","medium-width":300,"medium-height":200,"medium_large":"https:\/\/museudoporto.pt\/wp-content\/uploads\/2024\/08\/Eleonor-Picas_Harpa-768x512.jpg","medium_large-width":640,"medium_large-height":427,"large":"https:\/\/museudoporto.pt\/wp-content\/uploads\/2024\/08\/Eleonor-Picas_Harpa-1024x682.jpg","large-width":640,"large-height":426,"ufg_200_200":"https:\/\/museudoporto.pt\/wp-content\/uploads\/2024\/08\/Eleonor-Picas_Harpa.jpg","ufg_200_200-width":200,"ufg_200_200-height":133,"ufg_300_300":"https:\/\/museudoporto.pt\/wp-content\/uploads\/2024\/08\/Eleonor-Picas_Harpa.jpg","ufg_300_300-width":300,"ufg_300_300-height":200,"ufg_400_400":"https:\/\/museudoporto.pt\/wp-content\/uploads\/2024\/08\/Eleonor-Picas_Harpa.jpg","ufg_400_400-width":400,"ufg_400_400-height":267,"1536x1536":"https:\/\/museudoporto.pt\/wp-content\/uploads\/2024\/08\/Eleonor-Picas_Harpa-1536x1023.jpg","1536x1536-width":1536,"1536x1536-height":1023,"2048x2048":"https:\/\/museudoporto.pt\/wp-content\/uploads\/2024\/08\/Eleonor-Picas_Harpa.jpg","2048x2048-width":1600,"2048x2048-height":1066}},"gallery":false},"excerpt":"<p>AMMO \u2013 Associa\u00e7\u00e3o C\u00edrculo de Amigos Marta Ortig\u00e3o, promove desde setembro de 2018, em colabora\u00e7\u00e3o com a C\u00e2mara Municipal do Porto, o estudo, a preserva\u00e7\u00e3o, o enriquecimento e a divulga\u00e7\u00e3o do patrim\u00f3nio deixado por Marta Souza Ortig\u00e3o de Sampaio Sequeira aos portuenses.<\/p>\n<p>Celebra os seus quatro anos com uma programa\u00e7\u00e3o diversificada. O evento abre com uma exposi\u00e7\u00e3o de obras da artista Nettie Burnett, prossegue depois do almo\u00e7o com um caf\u00e9 no jardim, acompanhado por uma conversa com o bot\u00e2nico I\u00fari Frias e termina com um recital de poesia e harpa, pelo ator Fernando Soares e a harpista Eleonor Picas.<\/p>\n","content":"<p>AMMO \u2013 Associa\u00e7\u00e3o C\u00edrculo de Amigos Marta Ortig\u00e3o, promove desde setembro de 2018, em colabora\u00e7\u00e3o com a C\u00e2mara Municipal do Porto, o estudo, a preserva\u00e7\u00e3o, o enriquecimento e a divulga\u00e7\u00e3o do patrim\u00f3nio deixado por Marta Souza Ortig\u00e3o de Sampaio Sequeira aos portuenses.<\/p>\n<p>Celebra os seus quatro anos com uma programa\u00e7\u00e3o diversificada. O evento abre com uma exposi\u00e7\u00e3o de obras da artista Nettie Burnett, prossegue depois do almo\u00e7o com um caf\u00e9 no jardim, acompanhado por uma conversa com o bot\u00e2nico I\u00fari Frias e termina com um recital de poesia e harpa, pelo ator Fernando Soares e a harpista Eleonor Picas.<\/p>\n<p>&nbsp;<\/p>\n<p><strong>PROGRAMA<\/strong><\/p>\n<p><strong>D\u00c1DIVA, 10H\u201417H30<\/strong><br \/>\nExposi\u00e7\u00e3o tempor\u00e1ria de obras da artista Nettie Burnett<br \/>\nA exposi\u00e7\u00e3o D\u00c1DIVA, de Nettie Burnett, celebra a profunda conex\u00e3o entre a natureza e a arte, onde cada obra reflete a sensibilidade da artista ao transformar o que v\u00ea, sente e recolhe da natureza em pura inspira\u00e7\u00e3o visual. Segundo a artista \u00abTudo o que fa\u00e7o decorre do que vejo na natureza, do que sinto na natureza e do que a\u00ed recolho\u00bb.<\/p>\n<p>Nettie Burnett:\u00a0Nascida no Porto, filha de ingleses, foi muito pequena estudar para Inglaterra. Estudou escultura e fez o mestrado em Belas Artes, voltando para Portugal em 2001.<\/p>\n<p>&nbsp;<\/p>\n<p><strong>CAF\u00c9 E CONVERSA NO JARDIM, 15H30<\/strong><br \/>\n<strong>Com o Bot\u00e2nico I\u00fari Frias<\/strong><br \/>\n\u00c0s 15H30, o convite \u00e9 para um momento entre amigos, onde o caf\u00e9 \u00e9 servido para uma conversa livre sobre as plantas presentes no jardim da Casa Marta Ortig\u00e3o Sampaio.<\/p>\n<p>I\u00fari Frias:\u00a0Mestre em Bioengenharia pela Faculdade de Engenharia da Universidade do Porto, \u00e9 horticultor e curador de bot\u00e2nica, desde 2019, estando respons\u00e1vel pela manuten\u00e7\u00e3o, reprodu\u00e7\u00e3o e identifica\u00e7\u00e3o da cole\u00e7\u00e3o viva do Jardim Bot\u00e2nico da Universidade do Porto.<\/p>\n<p>&nbsp;<\/p>\n<p><strong>RECITAL DE POESIA E HARPA, 17H<\/strong><br \/>\n<strong>Com Fernando Soares e Eleonor Picas<\/strong><br \/>\nO dia encerra com a harmonia das palavras e o encanto da harpa, refletindo a ess\u00eancia dos quatro anos da AMMO e a promessa de muitos mais repletos de arte e inspira\u00e7\u00e3o.<\/p>\n<p>Fernando Soares (Poesia): Licenciado em Teatro, ator e encenador, reparte nos \u00faltimos tempos, a sua atividade art\u00edstica fundamentalmente pelo Teatro e Poesia.<\/p>\n<p>Eleonor Picas (Harpa): Estudou no Conservat\u00f3rio de M\u00fasica do Porto e prosseguiu os seus estudos em Madrid, sendo professora no Conservat\u00f3rio de M\u00fasica Calouste Gulbenkian. Colabora regularmente com v\u00e1rias orquestras e tamb\u00e9m realiza concertos quer a solo, quer com diversas forma\u00e7\u00f5es, com diferentes estilos de m\u00fasica.<\/p>\n<p>&nbsp;<\/p>\n<h2>ENTRADA<\/h2>\n<p>Entrada livre, sujeita \u00e0 lota\u00e7\u00e3o do espa\u00e7o.<\/p>\n<h2>ENDERE\u00c7O<\/h2>\n<p>Rua de Nossa Senhora de F\u00e1tima, 299<br \/>\n4050-428 Porto<br \/>\nGPS: 41.159457, -8.625454<br \/>\n<a href=\"https:\/\/www.google.com\/maps\/place\/MUSEU+DA+CIDADE%E2%80%94Casa+Marta+Ortig%C3%A3o+Sampaio\/@41.1593654,-8.6277251,17z\/data=!3m1!4b1!4m5!3m4!1s0xd2465a8407f48ad:0x570d5413b98c531a!8m2!3d41.1593654!4d-8.6255364\" target=\"_blank\" rel=\"noopener\" data-cursor-hover=\"ready\">Localiza\u00e7\u00e3o<\/a><\/p>\n<h2>AUTOCARRO<\/h2>\n<p>203, 302, 203, 302, 508<\/p>\n<h2>METRO<\/h2>\n<p>Carolina Micha\u00eblis<\/p>\n<h2>ESTACIONAMENTO<\/h2>\n<p>Casa da M\u00fasica<\/p>\n<h2>JARDINS<\/h2>\n<p><a href=\"https:\/\/museudoporto.pt\/en\/garden\/jardim-e-casa-marta-ortigao-sampaio\/\" data-cursor-hover=\"ready\">MARTA ORTIG\u00c3O SAMPAIO<\/a><\/p>\n"}],"previous_link":{"label":"","link":""},"next_link":{"label":"","link":""}},"_links":{"self":[{"href":"https:\/\/museudoporto.pt\/en\/wp-json\/wp\/v2\/resource\/16992","targetHints":{"allow":["GET"]}}],"collection":[{"href":"https:\/\/museudoporto.pt\/en\/wp-json\/wp\/v2\/resource"}],"about":[{"href":"https:\/\/museudoporto.pt\/en\/wp-json\/wp\/v2\/types\/resource"}],"wp:featuredmedia":[{"embeddable":true,"href":"https:\/\/museudoporto.pt\/en\/wp-json\/wp\/v2\/media\/17224"}],"wp:attachment":[{"href":"https:\/\/museudoporto.pt\/en\/wp-json\/wp\/v2\/media?parent=16992"}],"wp:term":[{"taxonomy":"resource_category","embeddable":true,"href":"https:\/\/museudoporto.pt\/en\/wp-json\/wp\/v2\/resource_category?post=16992"}],"curies":[{"name":"wp","href":"https:\/\/api.w.org\/{rel}","templated":true}]}}

DIA DA AMMO — CÍRCULO DE AMIGOS MARTA ORTIGÃO

<p>Com Eleanor Picas, Fernando Soares, Iúri Frias e Nettie Burnett</p>

CASA MARTA ORTIGÃO SAMPAIO

<p>AMMO – Associação Círculo de Amigos Marta Ortigão, promove desde setembro de 2018, em colaboração com a Câmara Municipal do Porto, o estudo, a preservação, o enriquecimento e a divulgação do património deixado por Marta Souza Ortigão de Sampaio Sequeira aos portuenses.</p>
<p>Celebra os seus quatro anos com uma programação diversificada. O evento abre com uma exposição de obras da artista Nettie Burnett, prossegue depois do almoço com um café no jardim, acompanhado por uma conversa com o botânico Iúri Frias e termina com um recital de poesia e harpa, pelo ator Fernando Soares e a harpista Eleonor Picas.</p>

<p>AMMO – Associação Círculo de Amigos Marta Ortigão, promove desde setembro de 2018, em colaboração com a Câmara Municipal do Porto, o estudo, a preservação, o enriquecimento e a divulgação do património deixado por Marta Souza Ortigão de Sampaio Sequeira aos portuenses.</p>
<p>Celebra os seus quatro anos com uma programação diversificada. O evento abre com uma exposição de obras da artista Nettie Burnett, prossegue depois do almoço com um café no jardim, acompanhado por uma conversa com o botânico Iúri Frias e termina com um recital de poesia e harpa, pelo ator Fernando Soares e a harpista Eleonor Picas.</p>
<p>&nbsp;</p>
<p><strong>PROGRAMA</strong></p>
<p><strong>DÁDIVA, 10H—17H30</strong><br />
Exposição temporária de obras da artista Nettie Burnett<br />
A exposição DÁDIVA, de Nettie Burnett, celebra a profunda conexão entre a natureza e a arte, onde cada obra reflete a sensibilidade da artista ao transformar o que vê, sente e recolhe da natureza em pura inspiração visual. Segundo a artista «Tudo o que faço decorre do que vejo na natureza, do que sinto na natureza e do que aí recolho».</p>
<p>Nettie Burnett: Nascida no Porto, filha de ingleses, foi muito pequena estudar para Inglaterra. Estudou escultura e fez o mestrado em Belas Artes, voltando para Portugal em 2001.</p>
<p>&nbsp;</p>
<p><strong>CAFÉ E CONVERSA NO JARDIM, 15H30</strong><br />
<strong>Com o Botânico Iúri Frias</strong><br />
Às 15H30, o convite é para um momento entre amigos, onde o café é servido para uma conversa livre sobre as plantas presentes no jardim da Casa Marta Ortigão Sampaio.</p>
<p>Iúri Frias: Mestre em Bioengenharia pela Faculdade de Engenharia da Universidade do Porto, é horticultor e curador de botânica, desde 2019, estando responsável pela manutenção, reprodução e identificação da coleção viva do Jardim Botânico da Universidade do Porto.</p>
<p>&nbsp;</p>
<p><strong>RECITAL DE POESIA E HARPA, 17H</strong><br />
<strong>Com Fernando Soares e Eleonor Picas</strong><br />
O dia encerra com a harmonia das palavras e o encanto da harpa, refletindo a essência dos quatro anos da AMMO e a promessa de muitos mais repletos de arte e inspiração.</p>
<p>Fernando Soares (Poesia): Licenciado em Teatro, ator e encenador, reparte nos últimos tempos, a sua atividade artística fundamentalmente pelo Teatro e Poesia.</p>
<p>Eleonor Picas (Harpa): Estudou no Conservatório de Música do Porto e prosseguiu os seus estudos em Madrid, sendo professora no Conservatório de Música Calouste Gulbenkian. Colabora regularmente com várias orquestras e também realiza concertos quer a solo, quer com diversas formações, com diferentes estilos de música.</p>
<p>&nbsp;</p>
<h2>ENTRADA</h2>
<p>Entrada livre, sujeita à lotação do espaço.</p>
<h2>ENDEREÇO</h2>
<p>Rua de Nossa Senhora de Fátima, 299<br />
4050-428 Porto<br />
GPS: 41.159457, -8.625454<br />
<a href="https://www.google.com/maps/place/MUSEU+DA+CIDADE%E2%80%94Casa+Marta+Ortig%C3%A3o+Sampaio/@41.1593654,-8.6277251,17z/data=!3m1!4b1!4m5!3m4!1s0xd2465a8407f48ad:0x570d5413b98c531a!8m2!3d41.1593654!4d-8.6255364" target="_blank" rel="noopener" data-cursor-hover="ready">Localização</a></p>
<h2>AUTOCARRO</h2>
<p>203, 302, 203, 302, 508</p>
<h2>METRO</h2>
<p>Carolina Michaëlis</p>
<h2>ESTACIONAMENTO</h2>
<p>Casa da Música</p>
<h2>JARDINS</h2>
<p><a href="https://museudoporto.pt/en/garden/jardim-e-casa-marta-ortigao-sampaio/" data-cursor-hover="ready">MARTA ORTIGÃO SAMPAIO</a></p>
