{"id":17586,"date":"2024-11-06T16:02:18","date_gmt":"2024-11-06T16:02:18","guid":{"rendered":"https:\/\/museudoporto.pt\/?post_type=resource&#038;p=17586"},"modified":"2024-11-09T14:58:58","modified_gmt":"2024-11-09T14:58:58","slug":"oficina-de-ilustracao-criar-posters-com-recurso-a-apropriacao-de-imagens-de-cinema","status":"publish","type":"resource","link":"https:\/\/museudoporto.pt\/en\/recurso\/oficina-de-ilustracao-criar-posters-com-recurso-a-apropriacao-de-imagens-de-cinema\/","title":{"rendered":"OFICINA DE ILUSTRA\u00c7\u00c3O \u2014 CRIAR POSTERS COM RECURSO \u00c0 APROPRIA\u00c7\u00c3O DE IMAGENS DE CINEMA"},"content":{"rendered":"","protected":false},"featured_media":17610,"template":"","resource_category":[20,52],"class_list":["post-17586","resource","type-resource","status-publish","has-post-thumbnail","hentry","resource_category-atividades","resource_category-oficina"],"acf":{"breadcrumb":false,"ambient_sound":false,"file":false,"content":[{"acf_fc_layout":"event","display_title":"OFICINA DE ILUSTRA\u00c7\u00c3O \u2014 CRIAR POSTERS COM RECURSO \u00c0 APROPRIA\u00c7\u00c3O DE IMAGENS DE CINEMA","subtitle":"<p>Com Miguel Carneiro<\/p>\n<p>Programa\u00e7\u00e3o de Cineclube do Porto<\/p>\n","date":{"show_time":true,"type":"range","date":null,"start_date":"18\/01\/2025 14:30","end_date":"18\/01\/2025 17:00"},"sessions":null,"location":{"type":"other","station":false,"location":"CASA DO INFANTE"},"media":{"type":false,"image":{"ID":17611,"id":17611,"title":"Oficina#3","filename":"Oficina3.jpg","filesize":1971248,"url":"https:\/\/museudoporto.pt\/wp-content\/uploads\/2024\/11\/Oficina3.jpg","link":"https:\/\/museudoporto.pt\/en\/oficina3-2\/","alt":"","author":"11","description":"","caption":"","name":"oficina3-2","status":"inherit","uploaded_to":0,"date":"2024-11-09 14:58:17","modified":"2024-11-09 14:58:34","menu_order":0,"mime_type":"image\/jpeg","type":"image","subtype":"jpeg","icon":"https:\/\/museudoporto.pt\/wp-includes\/images\/media\/default.png","width":2362,"height":2362,"sizes":{"thumbnail":"https:\/\/museudoporto.pt\/wp-content\/uploads\/2024\/11\/Oficina3-150x150.jpg","thumbnail-width":150,"thumbnail-height":150,"medium":"https:\/\/museudoporto.pt\/wp-content\/uploads\/2024\/11\/Oficina3-300x300.jpg","medium-width":300,"medium-height":300,"medium_large":"https:\/\/museudoporto.pt\/wp-content\/uploads\/2024\/11\/Oficina3-768x768.jpg","medium_large-width":640,"medium_large-height":640,"large":"https:\/\/museudoporto.pt\/wp-content\/uploads\/2024\/11\/Oficina3-1024x1024.jpg","large-width":640,"large-height":640,"ufg_200_200":"https:\/\/museudoporto.pt\/wp-content\/uploads\/2024\/11\/Oficina3.jpg","ufg_200_200-width":200,"ufg_200_200-height":200,"ufg_300_300":"https:\/\/museudoporto.pt\/wp-content\/uploads\/2024\/11\/Oficina3.jpg","ufg_300_300-width":300,"ufg_300_300-height":300,"ufg_400_400":"https:\/\/museudoporto.pt\/wp-content\/uploads\/2024\/11\/Oficina3.jpg","ufg_400_400-width":400,"ufg_400_400-height":400,"1536x1536":"https:\/\/museudoporto.pt\/wp-content\/uploads\/2024\/11\/Oficina3-1536x1536.jpg","1536x1536-width":1536,"1536x1536-height":1536,"2048x2048":"https:\/\/museudoporto.pt\/wp-content\/uploads\/2024\/11\/Oficina3-2048x2048.jpg","2048x2048-width":2048,"2048x2048-height":2048}},"gallery":false},"excerpt":"<p>Os participantes ter\u00e3o oportunidade de produzir <em>posters<\/em> partindo da recria\u00e7\u00e3o de imagens de cinema com recurso a t\u00e9cnicas mistas de tintas\/impress\u00e3o.<\/p>\n<p>Programa paralelo \u00e0 exposi\u00e7\u00e3o \u00abCinema de Revolu\u00e7\u00e3o\u00bb, no \u00e2mbito das comemora\u00e7\u00f5es dos 50 anos do 25 de abril, por parte da C\u00e2mara Municipal do Porto.<\/p>\n","content":"<p>Os participantes ter\u00e3o oportunidade de produzir <em>posters<\/em> partindo da recria\u00e7\u00e3o de imagens de cinema com recurso a t\u00e9cnicas mistas de tintas\/impress\u00e3o.<\/p>\n<p>Programa paralelo \u00e0 exposi\u00e7\u00e3o \u00abCinema de Revolu\u00e7\u00e3o\u00bb, no \u00e2mbito das comemora\u00e7\u00f5es dos 50 anos do 25 de abril, por parte da C\u00e2mara Municipal do Porto.<\/p>\n<p>Programa:<br \/>\n14H\u2014Rece\u00e7\u00e3o dos participantes com visita \u00e0 exposi\u00e7\u00e3o.<br \/>\n14H30\u2014In\u00edcio das atividades criativas com orienta\u00e7\u00e3o do formador.<br \/>\n17H\u2014Coloca\u00e7\u00e3o dos materiais realizados no espa\u00e7o da exposi\u00e7\u00e3o em local dedicado.<br \/>\n17H30\u2014Fim da oficina<\/p>\n<p>&nbsp;<\/p>\n<h2>DESTINAT\u00c1RIOS<\/h2>\n<p>Dos 16 aos 30 anos<\/p>\n<h2>INSCRI\u00c7\u00d5ES<\/h2>\n<p>Inscri\u00e7\u00e3o atrav\u00e9s de <a href=\"https:\/\/questionarios.cm-porto.pt\/index.php\/617122?lang=pt\">formul\u00e1rio<\/a>.<\/p>\n<h2>ENDERE\u00c7O<\/h2>\n<p>Rua da Alf\u00e2ndega, 10<br \/>\n4050-029 Porto<br \/>\n<span data-ccp-props=\"{\"><a href=\"https:\/\/www.google.com\/maps\/dir\/\/casa+do+infante\/data=!4m6!4m5!1m1!4e2!1m2!1m1!1s0xd2464e048a7dd5f:0xa4c812eb37711092?sa=X&amp;ved=2ahUKEwjXsruLjbDuAhXEZxUIHSP1APAQ9RcwFHoECCYQBA\" target=\"_blank\" rel=\"noopener\" data-cursor-hover=\"ready\">Dire\u00e7\u00f5es<\/a><\/span><\/p>\n<h2>AUTOCARRO<\/h2>\n<p>500, 900, 901, 906, ZM, ZR, 1<\/p>\n<h2>METRO<\/h2>\n<p>S. Bento<\/p>\n<h2>ESTACIONAMENTO<\/h2>\n<p>Pra\u00e7a do Infante D. Henrique<\/p>\n"}],"previous_link":{"label":"","link":""},"next_link":{"label":"","link":""}},"_links":{"self":[{"href":"https:\/\/museudoporto.pt\/en\/wp-json\/wp\/v2\/resource\/17586","targetHints":{"allow":["GET"]}}],"collection":[{"href":"https:\/\/museudoporto.pt\/en\/wp-json\/wp\/v2\/resource"}],"about":[{"href":"https:\/\/museudoporto.pt\/en\/wp-json\/wp\/v2\/types\/resource"}],"wp:featuredmedia":[{"embeddable":true,"href":"https:\/\/museudoporto.pt\/en\/wp-json\/wp\/v2\/media\/17610"}],"wp:attachment":[{"href":"https:\/\/museudoporto.pt\/en\/wp-json\/wp\/v2\/media?parent=17586"}],"wp:term":[{"taxonomy":"resource_category","embeddable":true,"href":"https:\/\/museudoporto.pt\/en\/wp-json\/wp\/v2\/resource_category?post=17586"}],"curies":[{"name":"wp","href":"https:\/\/api.w.org\/{rel}","templated":true}]}}

OFICINA DE ILUSTRAÇÃO — CRIAR POSTERS COM RECURSO À APROPRIAÇÃO DE IMAGENS DE CINEMA

<p>Com Miguel Carneiro</p>
<p>Programação de Cineclube do Porto</p>

<p>Os participantes terão oportunidade de produzir <em>posters</em> partindo da recriação de imagens de cinema com recurso a técnicas mistas de tintas/impressão.</p>
<p>Programa paralelo à exposição «Cinema de Revolução», no âmbito das comemorações dos 50 anos do 25 de abril, por parte da Câmara Municipal do Porto.</p>

<p>Os participantes terão oportunidade de produzir <em>posters</em> partindo da recriação de imagens de cinema com recurso a técnicas mistas de tintas/impressão.</p>
<p>Programa paralelo à exposição «Cinema de Revolução», no âmbito das comemorações dos 50 anos do 25 de abril, por parte da Câmara Municipal do Porto.</p>
<p>Programa:<br />
14H—Receção dos participantes com visita à exposição.<br />
14H30—Início das atividades criativas com orientação do formador.<br />
17H—Colocação dos materiais realizados no espaço da exposição em local dedicado.<br />
17H30—Fim da oficina</p>
<p>&nbsp;</p>
<h2>DESTINATÁRIOS</h2>
<p>Dos 16 aos 30 anos</p>
<h2>INSCRIÇÕES</h2>
<p>Inscrição através de <a href="https://questionarios.cm-porto.pt/index.php/617122?lang=pt">formulário</a>.</p>
<h2>ENDEREÇO</h2>
<p>Rua da Alfândega, 10<br />
4050-029 Porto<br />
<span data-ccp-props="{"><a href="https://www.google.com/maps/dir//casa+do+infante/data=!4m6!4m5!1m1!4e2!1m2!1m1!1s0xd2464e048a7dd5f:0xa4c812eb37711092?sa=X&amp;ved=2ahUKEwjXsruLjbDuAhXEZxUIHSP1APAQ9RcwFHoECCYQBA" target="_blank" rel="noopener" data-cursor-hover="ready">Direções</a></span></p>
<h2>AUTOCARRO</h2>
<p>500, 900, 901, 906, ZM, ZR, 1</p>
<h2>METRO</h2>
<p>S. Bento</p>
<h2>ESTACIONAMENTO</h2>
<p>Praça do Infante D. Henrique</p>
