{"id":17971,"date":"2025-01-20T16:36:04","date_gmt":"2025-01-20T16:36:04","guid":{"rendered":"https:\/\/museudoporto.pt\/?post_type=resource&#038;p=17971"},"modified":"2025-01-24T16:33:01","modified_gmt":"2025-01-24T16:33:01","slug":"once-upon-a-time-the-crocodile-who-didnt-like-water-de-gemma-merino","status":"publish","type":"resource","link":"https:\/\/museudoporto.pt\/en\/recurso\/once-upon-a-time-the-crocodile-who-didnt-like-water-de-gemma-merino\/","title":{"rendered":"ONCE UPON A TIME\u2026 \u2014 \u00abTHE CROCODILE WHO DIDN&#8217;T LIKE WATER\u00bb, DE GEMMA MERINO"},"content":{"rendered":"","protected":false},"featured_media":18010,"template":"","resource_category":[52],"class_list":["post-17971","resource","type-resource","status-publish","has-post-thumbnail","hentry","resource_category-oficina"],"acf":{"ambient_sound":false,"file":false,"content":[{"acf_fc_layout":"event","display_title":"ONCE UPON A TIME\u2026 \u2014 \u00abTHE CROCODILE WHO DIDN'T LIKE WATER\u00bb, DE GEMMA MERINO","subtitle":"<p>Hora do Conto em Ingl\u00eas com o British Council<\/p>\n","date":{"show_time":true,"type":"range","date":null,"start_date":"01\/02\/2025 15:30","end_date":"01\/02\/2025 16:30"},"sessions":null,"location":{"type":"other","station":false,"location":"BIBLIOTECA MUNICIPAL ALMEIDA GARRETT"},"media":{"type":false,"image":{"ID":18011,"id":18011,"title":"01. Horas do Conto_PUB_Porto11","filename":"01.-Horas-do-Conto_PUB_Porto11.jpg","filesize":136768,"url":"https:\/\/museudoporto.pt\/wp-content\/uploads\/2025\/01\/01.-Horas-do-Conto_PUB_Porto11.jpg","link":"https:\/\/museudoporto.pt\/en\/01-horas-do-conto_pub_porto11-6-2\/","alt":"","author":"17","description":"","caption":"","name":"01-horas-do-conto_pub_porto11-6-2","status":"inherit","uploaded_to":0,"date":"2025-01-24 12:01:08","modified":"2025-01-24 12:01:12","menu_order":0,"mime_type":"image\/jpeg","type":"image","subtype":"jpeg","icon":"https:\/\/museudoporto.pt\/wp-includes\/images\/media\/default.png","width":576,"height":400,"sizes":{"thumbnail":"https:\/\/museudoporto.pt\/wp-content\/uploads\/2025\/01\/01.-Horas-do-Conto_PUB_Porto11-150x150.jpg","thumbnail-width":150,"thumbnail-height":150,"medium":"https:\/\/museudoporto.pt\/wp-content\/uploads\/2025\/01\/01.-Horas-do-Conto_PUB_Porto11-300x208.jpg","medium-width":300,"medium-height":208,"medium_large":"https:\/\/museudoporto.pt\/wp-content\/uploads\/2025\/01\/01.-Horas-do-Conto_PUB_Porto11.jpg","medium_large-width":576,"medium_large-height":400,"large":"https:\/\/museudoporto.pt\/wp-content\/uploads\/2025\/01\/01.-Horas-do-Conto_PUB_Porto11.jpg","large-width":576,"large-height":400,"ufg_200_200":"https:\/\/museudoporto.pt\/wp-content\/uploads\/2025\/01\/01.-Horas-do-Conto_PUB_Porto11.jpg","ufg_200_200-width":200,"ufg_200_200-height":139,"ufg_300_300":"https:\/\/museudoporto.pt\/wp-content\/uploads\/2025\/01\/01.-Horas-do-Conto_PUB_Porto11.jpg","ufg_300_300-width":300,"ufg_300_300-height":208,"ufg_400_400":"https:\/\/museudoporto.pt\/wp-content\/uploads\/2025\/01\/01.-Horas-do-Conto_PUB_Porto11.jpg","ufg_400_400-width":400,"ufg_400_400-height":278,"1536x1536":"https:\/\/museudoporto.pt\/wp-content\/uploads\/2025\/01\/01.-Horas-do-Conto_PUB_Porto11.jpg","1536x1536-width":576,"1536x1536-height":400,"2048x2048":"https:\/\/museudoporto.pt\/wp-content\/uploads\/2025\/01\/01.-Horas-do-Conto_PUB_Porto11.jpg","2048x2048-width":576,"2048x2048-height":400}},"gallery":false},"excerpt":"<p>Ao longo de 2025, no primeiro s\u00e1bado de cada m\u00eas, as crian\u00e7as dos 6 aos 10 anos de idade s\u00e3o convidadas a assistir \u00e0 Hora do Conto em l\u00edngua inglesa, exercitando assim compet\u00eancias lingu\u00edsticas de forma l\u00fadica. Uma iniciativa realizada em coopera\u00e7\u00e3o com o British Council do Porto.<\/p>\n","content":"<p>Ao longo de 2025, no primeiro s\u00e1bado de cada m\u00eas, as crian\u00e7as dos 6 aos 10 anos de idade s\u00e3o convidadas a assistir \u00e0 Hora do Conto em l\u00edngua inglesa, exercitando assim compet\u00eancias lingu\u00edsticas de forma l\u00fadica. Uma iniciativa realizada em coopera\u00e7\u00e3o com o British Council do Porto.<\/p>\n<p>Todos sabemos que os crocodilos adoram \u00e1gua, mas este pequeno crocodilo \u00e9 diferente. N\u00e3o gosta de \u00e1gua. Na verdade, prefere trepar \u00e0s \u00e1rvores! Mas pode ser solit\u00e1rio quando somos o \u00fanico estranho, por isso o pequeno crocodilo tenta o seu melhor para mudar e se adaptar a novas situa\u00e7\u00f5es.<\/p>\n<p>&nbsp;<\/p>\n<h2>INSCRI\u00c7\u00d5ES<\/h2>\n<p>Entrada gratuita, mediante inscri\u00e7\u00e3o pr\u00e9via atrav\u00e9s de <a href=\"https:\/\/bmp.cm-porto.pt\/inscricao_OnceUponATime\">formul\u00e1rio<\/a> em <a href=\"http:\/\/museudoporto.pt\">museudoporto.pt<\/a> ou <a href=\"http:\/\/bmp.cm-porto.pt\">bmp.cm-porto.pt<\/a><\/p>\n<h2>DESTINAT\u00c1RIOS<\/h2>\n<p>Crian\u00e7as dos 6 aos 10 anos.<\/p>\n<h2>ENDERE\u00c7O<\/h2>\n<p>Jardins do Pal\u00e1cio de Cristal<br \/>\nRua de Dom Manuel II<br \/>\n4050-239 Porto<\/p>\n<h2>AUTOCARRO<\/h2>\n<p>1M, 200, 201, 207, 208, 302, 303, 501, 507, 601, ZM, 12M, 13M<br \/>\nCircular Massarelos \u2013 Carmo<\/p>\n<h2>ESTACIONAMENTO<\/h2>\n<p>Pal\u00e1cio de Cristal<\/p>\n<p>&nbsp;<\/p>\n"}],"previous_link":{"label":"","link":""},"next_link":{"label":"","link":""},"breadcrumb":false},"_links":{"self":[{"href":"https:\/\/museudoporto.pt\/en\/wp-json\/wp\/v2\/resource\/17971","targetHints":{"allow":["GET"]}}],"collection":[{"href":"https:\/\/museudoporto.pt\/en\/wp-json\/wp\/v2\/resource"}],"about":[{"href":"https:\/\/museudoporto.pt\/en\/wp-json\/wp\/v2\/types\/resource"}],"wp:featuredmedia":[{"embeddable":true,"href":"https:\/\/museudoporto.pt\/en\/wp-json\/wp\/v2\/media\/18010"}],"wp:attachment":[{"href":"https:\/\/museudoporto.pt\/en\/wp-json\/wp\/v2\/media?parent=17971"}],"wp:term":[{"taxonomy":"resource_category","embeddable":true,"href":"https:\/\/museudoporto.pt\/en\/wp-json\/wp\/v2\/resource_category?post=17971"}],"curies":[{"name":"wp","href":"https:\/\/api.w.org\/{rel}","templated":true}]}}

<p>Hora do Conto em Inglês com o British Council</p>

<p>Ao longo de 2025, no primeiro sábado de cada mês, as crianças dos 6 aos 10 anos de idade são convidadas a assistir à Hora do Conto em língua inglesa, exercitando assim competências linguísticas de forma lúdica. Uma iniciativa realizada em cooperação com o British Council do Porto.</p>

<p>Ao longo de 2025, no primeiro sábado de cada mês, as crianças dos 6 aos 10 anos de idade são convidadas a assistir à Hora do Conto em língua inglesa, exercitando assim competências linguísticas de forma lúdica. Uma iniciativa realizada em cooperação com o British Council do Porto.</p>
<p>Todos sabemos que os crocodilos adoram água, mas este pequeno crocodilo é diferente. Não gosta de água. Na verdade, prefere trepar às árvores! Mas pode ser solitário quando somos o único estranho, por isso o pequeno crocodilo tenta o seu melhor para mudar e se adaptar a novas situações.</p>
<p>&nbsp;</p>
<h2>INSCRIÇÕES</h2>
<p>Entrada gratuita, mediante inscrição prévia através de <a href="https://bmp.cm-porto.pt/inscricao_OnceUponATime">formulário</a> em <a href="http://museudoporto.pt">museudoporto.pt</a> ou <a href="http://bmp.cm-porto.pt">bmp.cm-porto.pt</a></p>
<h2>DESTINATÁRIOS</h2>
<p>Crianças dos 6 aos 10 anos.</p>
<h2>ENDEREÇO</h2>
<p>Jardins do Palácio de Cristal<br />
Rua de Dom Manuel II<br />
4050-239 Porto</p>
<h2>AUTOCARRO</h2>
<p>1M, 200, 201, 207, 208, 302, 303, 501, 507, 601, ZM, 12M, 13M<br />
Circular Massarelos – Carmo</p>
<h2>ESTACIONAMENTO</h2>
<p>Palácio de Cristal</p>
<p>&nbsp;</p>
