{"id":18382,"date":"2025-03-10T12:25:40","date_gmt":"2025-03-10T12:25:40","guid":{"rendered":"https:\/\/museudoporto.pt\/?post_type=resource&#038;p=18382"},"modified":"2025-03-18T12:23:34","modified_gmt":"2025-03-18T12:23:34","slug":"dia-mundial-da-poesia-a-poesia-rouba-no-peso","status":"publish","type":"resource","link":"https:\/\/museudoporto.pt\/en\/recurso\/dia-mundial-da-poesia-a-poesia-rouba-no-peso\/","title":{"rendered":"DIA MUNDIAL DA POESIA \u2014 A POESIA ROUBA NO PESO"},"content":{"rendered":"","protected":false},"featured_media":18472,"template":"","resource_category":[20],"class_list":["post-18382","resource","type-resource","status-publish","has-post-thumbnail","hentry","resource_category-atividades"],"acf":{"ambient_sound":false,"breadcrumb":false,"file":false,"content":[{"acf_fc_layout":"event","display_title":"DIA MUNDIAL DA POESIA \u2014 A POESIA ROUBA NO PESO","subtitle":"<p>Com Renato Filipe Cardoso<\/p>\n<p>&nbsp;<\/p>\n","date":{"show_time":true,"type":"range","date":"13\/03\/2024 15:30","start_date":"21\/03\/2025 08:00","end_date":"21\/03\/2025 18:00"},"sessions":null,"location":{"type":"other","station":false,"location":"MERCADO DO BOLH\u00c3O"},"media":{"type":false,"image":{"ID":18473,"id":18473,"title":"03. Poesia_Banner_PlasmaBibliotecas_1920x1080px4","filename":"03.-Poesia_Banner_PlasmaBibliotecas_1920x1080px4-2-scaled.jpg","filesize":173661,"url":"https:\/\/museudoporto.pt\/wp-content\/uploads\/2025\/03\/03.-Poesia_Banner_PlasmaBibliotecas_1920x1080px4-2-scaled.jpg","link":"https:\/\/museudoporto.pt\/en\/03-poesia_banner_plasmabibliotecas_1920x1080px4-3\/","alt":"","author":"14","description":"","caption":"","name":"03-poesia_banner_plasmabibliotecas_1920x1080px4-3","status":"inherit","uploaded_to":0,"date":"2025-03-13 17:05:26","modified":"2025-03-18 12:19:52","menu_order":0,"mime_type":"image\/jpeg","type":"image","subtype":"jpeg","icon":"https:\/\/museudoporto.pt\/wp-includes\/images\/media\/default.png","width":2560,"height":1440,"sizes":{"thumbnail":"https:\/\/museudoporto.pt\/wp-content\/uploads\/2025\/03\/03.-Poesia_Banner_PlasmaBibliotecas_1920x1080px4-2-150x150.jpg","thumbnail-width":150,"thumbnail-height":150,"medium":"https:\/\/museudoporto.pt\/wp-content\/uploads\/2025\/03\/03.-Poesia_Banner_PlasmaBibliotecas_1920x1080px4-2-300x169.jpg","medium-width":300,"medium-height":169,"medium_large":"https:\/\/museudoporto.pt\/wp-content\/uploads\/2025\/03\/03.-Poesia_Banner_PlasmaBibliotecas_1920x1080px4-2-768x432.jpg","medium_large-width":640,"medium_large-height":360,"large":"https:\/\/museudoporto.pt\/wp-content\/uploads\/2025\/03\/03.-Poesia_Banner_PlasmaBibliotecas_1920x1080px4-2-1024x576.jpg","large-width":640,"large-height":360,"ufg_200_200":"https:\/\/museudoporto.pt\/wp-content\/uploads\/2025\/03\/03.-Poesia_Banner_PlasmaBibliotecas_1920x1080px4-2-scaled.jpg","ufg_200_200-width":200,"ufg_200_200-height":113,"ufg_300_300":"https:\/\/museudoporto.pt\/wp-content\/uploads\/2025\/03\/03.-Poesia_Banner_PlasmaBibliotecas_1920x1080px4-2-scaled.jpg","ufg_300_300-width":300,"ufg_300_300-height":169,"ufg_400_400":"https:\/\/museudoporto.pt\/wp-content\/uploads\/2025\/03\/03.-Poesia_Banner_PlasmaBibliotecas_1920x1080px4-2-scaled.jpg","ufg_400_400-width":400,"ufg_400_400-height":225,"1536x1536":"https:\/\/museudoporto.pt\/wp-content\/uploads\/2025\/03\/03.-Poesia_Banner_PlasmaBibliotecas_1920x1080px4-2-1536x864.jpg","1536x1536-width":1536,"1536x1536-height":864,"2048x2048":"https:\/\/museudoporto.pt\/wp-content\/uploads\/2025\/03\/03.-Poesia_Banner_PlasmaBibliotecas_1920x1080px4-2-2048x1152.jpg","2048x2048-width":2048,"2048x2048-height":1152}},"gallery":false},"excerpt":"<p>Pode n\u00e3o parecer, mas a Poesia \u00e9 subst\u00e2ncia omnipresente no Bolh\u00e3o. No Dia Mundial da Poesia, dois poetas v\u00e3o auscultar todos os lojistas e recolher em poemas o sentimento e o pulsar do Bolh\u00e3o, tr\u00eas dizedores levar\u00e3o Poesia, de viva voz, a todos os recantos do Mercado e h\u00e1 ainda uma Banca da Poesia, especialmente criada para a comemora\u00e7\u00e3o. E n\u00e3o se admire se chegar a casa um pouco mais leve do que quando saiu. H\u00e1 por a\u00ed quem diga que a Poesia rouba no peso.<\/p>\n","content":"<p>Pode n\u00e3o parecer, mas a Poesia \u00e9 subst\u00e2ncia omnipresente no Bolh\u00e3o. Est\u00e1 presente nas bancas de fruta ou vegetais, de carne ou peixe; integra as rugas do edif\u00edcio secular, agora rejuvenescido pelos cremes da arquitetura moderna; faz parte do modo como vendedores, compradores, turistas ou meros curiosos emaranham vozes, olhares, gestos e trocos; reflete as cores luxuriantes que polvilham o bul\u00edcio di\u00e1rio do Mercado.<\/p>\n<p>Neste Dia Mundial da Poesia, dois poetas \u2014 Raquel Patriarca e Ricardo Fonseca Mota \u2014 v\u00e3o auscultar todos os lojistas e recolher em poemas o sentimento e o pulsar do Bolh\u00e3o; tr\u00eas dizedores levar\u00e3o Poesia, de viva voz, a todos os recantos do Mercado. E na Banca da Poesia, especialmente criada para a comemora\u00e7\u00e3o, haver\u00e1 poemas para levar para casa ou ouvir, em v\u00e1rias l\u00ednguas, que o Bolh\u00e3o n\u00e3o deixa ningu\u00e9m de parte.<\/p>\n<p>Vai ser um dia diferente, com poemas na balan\u00e7a. E n\u00e3o se admire se chegar a casa um pouco mais leve do que quando saiu. H\u00e1 por a\u00ed quem diga que a Poesia rouba no peso.<\/p>\n<p>&nbsp;<\/p>\n<h2>INSCRI\u00c7\u00d5ES<\/h2>\n<p>Entrada livre.<\/p>\n<p>&nbsp;<\/p>\n<h2>DESTINAT\u00c1RIOS<\/h2>\n<p>P\u00fablico em geral.<\/p>\n<h2>ENDERE\u00c7O<\/h2>\n<p>R. Formosa 322<br \/>\n4000-248 Porto<\/p>\n<h2>AUTOCARRO<\/h2>\n<div class=\"RichText_richtext__bfBZW\">\n<p class=\"\">200, 300, 301, 305, 401, 502, 700, 700_V94, 800, 801, 5M, 7M, 8M<\/p>\n<\/div>\n<div class=\"RichText_richtext__bfBZW\">\n<h2>METRO<\/h2>\n<p class=\"\">Linha Azul (A), Linha Vermelha (B), Linha Verde (C), Linha Laranja (F)<\/p>\n<\/div>\n<div class=\"RichText_richtext__bfBZW\">\n<p class=\"\">Esta\u00e7\u00e3o Trindade: Linha Violeta (E)<\/p>\n<\/div>\n<h2>ESTACIONAMENTO<\/h2>\n<div class=\"RichText_richtext__bfBZW\">\n<p class=\"\">La Vie Porto Baixa Shopping, Via Catarina Shopping, Parque Central, D. Jo\u00e3o I, Poveiros, Trindade Domus, Silo Auto<\/p>\n<\/div>\n"}],"previous_link":{"label":"","link":""},"next_link":{"label":"","link":"https:\/\/museudoporto.pt"}},"_links":{"self":[{"href":"https:\/\/museudoporto.pt\/en\/wp-json\/wp\/v2\/resource\/18382","targetHints":{"allow":["GET"]}}],"collection":[{"href":"https:\/\/museudoporto.pt\/en\/wp-json\/wp\/v2\/resource"}],"about":[{"href":"https:\/\/museudoporto.pt\/en\/wp-json\/wp\/v2\/types\/resource"}],"wp:featuredmedia":[{"embeddable":true,"href":"https:\/\/museudoporto.pt\/en\/wp-json\/wp\/v2\/media\/18472"}],"wp:attachment":[{"href":"https:\/\/museudoporto.pt\/en\/wp-json\/wp\/v2\/media?parent=18382"}],"wp:term":[{"taxonomy":"resource_category","embeddable":true,"href":"https:\/\/museudoporto.pt\/en\/wp-json\/wp\/v2\/resource_category?post=18382"}],"curies":[{"name":"wp","href":"https:\/\/api.w.org\/{rel}","templated":true}]}}

MERCADO DO BOLHÃO

<p>Pode não parecer, mas a Poesia é substância omnipresente no Bolhão. No Dia Mundial da Poesia, dois poetas vão auscultar todos os lojistas e recolher em poemas o sentimento e o pulsar do Bolhão, três dizedores levarão Poesia, de viva voz, a todos os recantos do Mercado e há ainda uma Banca da Poesia, especialmente criada para a comemoração. E não se admire se chegar a casa um pouco mais leve do que quando saiu. Há por aí quem diga que a Poesia rouba no peso.</p>

<p>Pode não parecer, mas a Poesia é substância omnipresente no Bolhão. Está presente nas bancas de fruta ou vegetais, de carne ou peixe; integra as rugas do edifício secular, agora rejuvenescido pelos cremes da arquitetura moderna; faz parte do modo como vendedores, compradores, turistas ou meros curiosos emaranham vozes, olhares, gestos e trocos; reflete as cores luxuriantes que polvilham o bulício diário do Mercado.</p>
<p>Neste Dia Mundial da Poesia, dois poetas — Raquel Patriarca e Ricardo Fonseca Mota — vão auscultar todos os lojistas e recolher em poemas o sentimento e o pulsar do Bolhão; três dizedores levarão Poesia, de viva voz, a todos os recantos do Mercado. E na Banca da Poesia, especialmente criada para a comemoração, haverá poemas para levar para casa ou ouvir, em várias línguas, que o Bolhão não deixa ninguém de parte.</p>
<p>Vai ser um dia diferente, com poemas na balança. E não se admire se chegar a casa um pouco mais leve do que quando saiu. Há por aí quem diga que a Poesia rouba no peso.</p>
<p>&nbsp;</p>
<h2>INSCRIÇÕES</h2>
<p>Entrada livre.</p>
<p>&nbsp;</p>
<h2>DESTINATÁRIOS</h2>
<p>Público em geral.</p>
<h2>ENDEREÇO</h2>
<p>R. Formosa 322<br />
4000-248 Porto</p>
<h2>AUTOCARRO</h2>
<div class="RichText_richtext__bfBZW">
<p class="">200, 300, 301, 305, 401, 502, 700, 700_V94, 800, 801, 5M, 7M, 8M</p>
</div>
<div class="RichText_richtext__bfBZW">
<h2>METRO</h2>
<p class="">Linha Azul (A), Linha Vermelha (B), Linha Verde (C), Linha Laranja (F)</p>
</div>
<div class="RichText_richtext__bfBZW">
<p class="">Estação Trindade: Linha Violeta (E)</p>
</div>
<h2>ESTACIONAMENTO</h2>
<div class="RichText_richtext__bfBZW">
<p class="">La Vie Porto Baixa Shopping, Via Catarina Shopping, Parque Central, D. João I, Poveiros, Trindade Domus, Silo Auto</p>
</div>
