{"id":20572,"date":"2026-02-02T13:15:46","date_gmt":"2026-02-02T13:15:46","guid":{"rendered":"https:\/\/museudoporto.pt\/?post_type=resource&#038;p=20572"},"modified":"2026-02-02T13:21:33","modified_gmt":"2026-02-02T13:21:33","slug":"festival-de-musica-portuscal-concerto-de-abertura","status":"publish","type":"resource","link":"https:\/\/museudoporto.pt\/en\/recurso\/festival-de-musica-portuscal-concerto-de-abertura\/","title":{"rendered":"FESTIVAL DE M\u00daSICA PORTUSCAL \u2014 CONCERTO DE ABERTURA"},"content":{"rendered":"","protected":false},"featured_media":20576,"template":"","resource_category":[20],"class_list":["post-20572","resource","type-resource","status-publish","has-post-thumbnail","hentry","resource_category-atividades"],"acf":{"breadcrumb":false,"file":false,"content":[{"acf_fc_layout":"event","display_title":"FESTIVAL DE M\u00daSICA PORTUSCAL \u2014 CONCERTO DE ABERTURA","subtitle":"<p>Com Orquestra de Cordas da AMCC<\/p>\n","date":{"show_time":true,"type":"range","date":null,"start_date":"18\/02\/2026 21:00","end_date":"18\/02\/2026 22:30"},"sessions":null,"location":{"type":"other","station":false,"location":"BIBLIOTECA MUNICIPAL ALMEIDA GARRETT \/ AUDIT\u00d3RIO"},"media":{"type":false,"image":{"ID":20577,"id":20577,"title":"2.\u00ba FESTIVAL DE CORDAS AMCC \u2014 CONCERTO DE ABERTURA - Museu do Porto","filename":"CMP06032025RUIOLIVEIRA00004-scaled.jpg","filesize":494297,"url":"https:\/\/museudoporto.pt\/wp-content\/uploads\/2026\/02\/CMP06032025RUIOLIVEIRA00004-scaled.jpg","link":"https:\/\/museudoporto.pt\/en\/2-o-festival-de-cordas-amcc-concerto-de-abertura-museu-do-porto-2-2\/","alt":"","author":"11","description":"","caption":"Porto, 06\/03\/2025 - 2.\u00ba FESTIVAL DE CORDAS AMCC \u2014 CONCERTO DE ABERTURA - Museu do Porto\r(Rui Oliveira\/CMP)","name":"2-o-festival-de-cordas-amcc-concerto-de-abertura-museu-do-porto-2-2","status":"inherit","uploaded_to":0,"date":"2026-02-02 13:20:33","modified":"2026-02-02 13:21:29","menu_order":0,"mime_type":"image\/jpeg","type":"image","subtype":"jpeg","icon":"https:\/\/museudoporto.pt\/wp-includes\/images\/media\/default.png","width":2560,"height":1706,"sizes":{"thumbnail":"https:\/\/museudoporto.pt\/wp-content\/uploads\/2026\/02\/CMP06032025RUIOLIVEIRA00004-150x150.jpg","thumbnail-width":150,"thumbnail-height":150,"medium":"https:\/\/museudoporto.pt\/wp-content\/uploads\/2026\/02\/CMP06032025RUIOLIVEIRA00004-300x200.jpg","medium-width":300,"medium-height":200,"medium_large":"https:\/\/museudoporto.pt\/wp-content\/uploads\/2026\/02\/CMP06032025RUIOLIVEIRA00004-768x512.jpg","medium_large-width":640,"medium_large-height":427,"large":"https:\/\/museudoporto.pt\/wp-content\/uploads\/2026\/02\/CMP06032025RUIOLIVEIRA00004-1024x683.jpg","large-width":640,"large-height":427,"ufg_200_200":"https:\/\/museudoporto.pt\/wp-content\/uploads\/2026\/02\/CMP06032025RUIOLIVEIRA00004-200x200.jpg","ufg_200_200-width":200,"ufg_200_200-height":200,"ufg_300_300":"https:\/\/museudoporto.pt\/wp-content\/uploads\/2026\/02\/CMP06032025RUIOLIVEIRA00004-300x300.jpg","ufg_300_300-width":300,"ufg_300_300-height":300,"ufg_400_400":"https:\/\/museudoporto.pt\/wp-content\/uploads\/2026\/02\/CMP06032025RUIOLIVEIRA00004-400x400.jpg","ufg_400_400-width":400,"ufg_400_400-height":400,"1536x1536":"https:\/\/museudoporto.pt\/wp-content\/uploads\/2026\/02\/CMP06032025RUIOLIVEIRA00004-1536x1024.jpg","1536x1536-width":1536,"1536x1536-height":1024,"2048x2048":"https:\/\/museudoporto.pt\/wp-content\/uploads\/2026\/02\/CMP06032025RUIOLIVEIRA00004-2048x1365.jpg","2048x2048-width":2048,"2048x2048-height":1365}},"gallery":false},"excerpt":"<p>O Festival de M\u00fasica Portuscal \u00e9 uma iniciativa pedag\u00f3gica e art\u00edstica que surgiu em 2024. Realiza-se anualmente durante a semana do Carnaval, reunindo prestigiados artistas nacionais e internacionais. O evento oferece uma semana intensiva de <em>masterclasses<\/em>, com a participa\u00e7\u00e3o de mais de uma centena de jovens m\u00fasicos, bem como uma rica programa\u00e7\u00e3o de concertos gratuitos em diversos espa\u00e7os emblem\u00e1ticos da regi\u00e3o do Porto.<\/p>\n<p>Com o apoio do Munic\u00edpio do Porto, o festival volta a realizar o seu concerto de abertura no Audit\u00f3rio da Biblioteca Municipal Almeida Garrett. Neste concerto, teremos a oportunidade de assistir \u00e0 atua\u00e7\u00e3o da Orquestra de Cordas da Academia de M\u00fasica de Costa Cabral, sob a dire\u00e7\u00e3o musical do Maestro Filipe Fonseca, com a participa\u00e7\u00e3o da solista Matilde Margalho, vencedora do Pr\u00e9mio Jovens M\u00fasicos 2023 e bolseira do Festival. Carlos Alves, solista da Orquestra Sinf\u00f3nica do Porto Casa da M\u00fasica e professor da ESART, completa o programa deste concerto de abertura.<\/p>\n","content":"<p>O Festival de M\u00fasica Portuscal \u00e9 uma iniciativa pedag\u00f3gica e art\u00edstica que surgiu em 2024. Realiza-se anualmente durante a semana do Carnaval, reunindo prestigiados artistas nacionais e internacionais. O evento oferece uma semana intensiva de <em>masterclasses<\/em>, com a participa\u00e7\u00e3o de mais de uma centena de jovens m\u00fasicos, bem como uma rica programa\u00e7\u00e3o de concertos gratuitos em diversos espa\u00e7os emblem\u00e1ticos da regi\u00e3o do Porto.<\/p>\n<p>Com o apoio do Munic\u00edpio do Porto, o festival volta a realizar o seu concerto de abertura no Audit\u00f3rio da Biblioteca Municipal Almeida Garrett. Neste concerto, teremos a oportunidade de assistir \u00e0 atua\u00e7\u00e3o da Orquestra de Cordas da Academia de M\u00fasica de Costa Cabral, sob a dire\u00e7\u00e3o musical do Maestro Filipe Fonseca, com a participa\u00e7\u00e3o da solista Matilde Margalho, vencedora do Pr\u00e9mio Jovens M\u00fasicos 2023 e bolseira do Festival. Carlos Alves, solista da Orquestra Sinf\u00f3nica do Porto Casa da M\u00fasica e professor da ESART, completa o programa deste concerto de abertura.<\/p>\n<p>&nbsp;<\/p>\n<p>&nbsp;<\/p>\n<p><strong>PROGRAMA<\/strong><\/p>\n<p>&nbsp;<\/p>\n<p><strong>Int\u00e9rpretes:<\/strong><br \/>\nORQUESTRA DE CORDAS DA AMCC<\/p>\n<p><strong>Autor e obra musical:<br \/>\n<\/strong>JOSEPH HAYDN (1732\u20141809)<br \/>\nDivertimento para cordas em Sol maior, Hob. II:2<\/p>\n<p>&nbsp;<\/p>\n<p><strong>Int\u00e9rpretes:<\/strong><br \/>\nMATILDE MARGALHO (violino)<br \/>\nORQUESTRA DE CORDAS DA AMCC<\/p>\n<p><strong>Autor e obra musical:<\/strong><br \/>\nHENRYK WIENIAWSKI (1835\u20141880)<br \/>\nFantasia sobre temas de \u00abFausto\u00bb<\/p>\n<p>&nbsp;<\/p>\n<p><strong>Int\u00e9rpretes:<\/strong><br \/>\nCARLOS ALVES (clarinete)<br \/>\nBERNARDO SOARES (piano)<\/p>\n<p><strong>Autor e obra musical:<\/strong><br \/>\nFRANCIS POULENC (1899\u20141963)<br \/>\nSonata para clarinete e piano<br \/>\n<em>I. Allegro tristamente<\/em><br \/>\n<em>II. Romanza<\/em><br \/>\n<em>III. Allegro con fuoco<\/em><\/p>\n<p>&nbsp;<\/p>\n<p>&nbsp;<\/p>\n<h2>Entradas<\/h2>\n<p>Entrada livre, sujeita \u00e0 lota\u00e7\u00e3o do espa\u00e7o<\/p>\n<p>&nbsp;<\/p>\n<h2>Endere\u00e7o<\/h2>\n<p>Jardins do Pal\u00e1cio de Cristal,<\/p>\n<p>Rua de D. Manuel II, 4050-239 Porto<\/p>\n"}],"previous_link":{"label":"","link":""},"next_link":{"label":"","link":""},"ambient_sound":false},"_links":{"self":[{"href":"https:\/\/museudoporto.pt\/en\/wp-json\/wp\/v2\/resource\/20572","targetHints":{"allow":["GET"]}}],"collection":[{"href":"https:\/\/museudoporto.pt\/en\/wp-json\/wp\/v2\/resource"}],"about":[{"href":"https:\/\/museudoporto.pt\/en\/wp-json\/wp\/v2\/types\/resource"}],"wp:featuredmedia":[{"embeddable":true,"href":"https:\/\/museudoporto.pt\/en\/wp-json\/wp\/v2\/media\/20576"}],"wp:attachment":[{"href":"https:\/\/museudoporto.pt\/en\/wp-json\/wp\/v2\/media?parent=20572"}],"wp:term":[{"taxonomy":"resource_category","embeddable":true,"href":"https:\/\/museudoporto.pt\/en\/wp-json\/wp\/v2\/resource_category?post=20572"}],"curies":[{"name":"wp","href":"https:\/\/api.w.org\/{rel}","templated":true}]}}

FESTIVAL DE MÚSICA PORTUSCAL — CONCERTO DE ABERTURA

BIBLIOTECA MUNICIPAL ALMEIDA GARRETT / AUDITÓRIO

2.º FESTIVAL DE CORDAS AMCC — CONCERTO DE ABERTURA - Museu do Porto

Porto, 06/03/2025 - 2.º FESTIVAL DE CORDAS AMCC — CONCERTO DE ABERTURA - Museu do Porto(Rui Oliveira/CMP)

<p>O Festival de Música Portuscal é uma iniciativa pedagógica e artística que surgiu em 2024. Realiza-se anualmente durante a semana do Carnaval, reunindo prestigiados artistas nacionais e internacionais. O evento oferece uma semana intensiva de <em>masterclasses</em>, com a participação de mais de uma centena de jovens músicos, bem como uma rica programação de concertos gratuitos em diversos espaços emblemáticos da região do Porto.</p>
<p>Com o apoio do Município do Porto, o festival volta a realizar o seu concerto de abertura no Auditório da Biblioteca Municipal Almeida Garrett. Neste concerto, teremos a oportunidade de assistir à atuação da Orquestra de Cordas da Academia de Música de Costa Cabral, sob a direção musical do Maestro Filipe Fonseca, com a participação da solista Matilde Margalho, vencedora do Prémio Jovens Músicos 2023 e bolseira do Festival. Carlos Alves, solista da Orquestra Sinfónica do Porto Casa da Música e professor da ESART, completa o programa deste concerto de abertura.</p>

<p>O Festival de Música Portuscal é uma iniciativa pedagógica e artística que surgiu em 2024. Realiza-se anualmente durante a semana do Carnaval, reunindo prestigiados artistas nacionais e internacionais. O evento oferece uma semana intensiva de <em>masterclasses</em>, com a participação de mais de uma centena de jovens músicos, bem como uma rica programação de concertos gratuitos em diversos espaços emblemáticos da região do Porto.</p>
<p>Com o apoio do Município do Porto, o festival volta a realizar o seu concerto de abertura no Auditório da Biblioteca Municipal Almeida Garrett. Neste concerto, teremos a oportunidade de assistir à atuação da Orquestra de Cordas da Academia de Música de Costa Cabral, sob a direção musical do Maestro Filipe Fonseca, com a participação da solista Matilde Margalho, vencedora do Prémio Jovens Músicos 2023 e bolseira do Festival. Carlos Alves, solista da Orquestra Sinfónica do Porto Casa da Música e professor da ESART, completa o programa deste concerto de abertura.</p>
<p>&nbsp;</p>
<p>&nbsp;</p>
<p><strong>PROGRAMA</strong></p>
<p>&nbsp;</p>
<p><strong>Intérpretes:</strong><br />
ORQUESTRA DE CORDAS DA AMCC</p>
<p><strong>Autor e obra musical:<br />
</strong>JOSEPH HAYDN (1732—1809)<br />
Divertimento para cordas em Sol maior, Hob. II:2</p>
<p>&nbsp;</p>
<p><strong>Intérpretes:</strong><br />
MATILDE MARGALHO (violino)<br />
ORQUESTRA DE CORDAS DA AMCC</p>
<p><strong>Autor e obra musical:</strong><br />
HENRYK WIENIAWSKI (1835—1880)<br />
Fantasia sobre temas de «Fausto»</p>
<p>&nbsp;</p>
<p><strong>Intérpretes:</strong><br />
CARLOS ALVES (clarinete)<br />
BERNARDO SOARES (piano)</p>
<p><strong>Autor e obra musical:</strong><br />
FRANCIS POULENC (1899—1963)<br />
Sonata para clarinete e piano<br />
<em>I. Allegro tristamente</em><br />
<em>II. Romanza</em><br />
<em>III. Allegro con fuoco</em></p>
<p>&nbsp;</p>
<p>&nbsp;</p>
<h2>Entradas</h2>
<p>Entrada livre, sujeita à lotação do espaço</p>
<p>&nbsp;</p>
<h2>Endereço</h2>
<p>Jardins do Palácio de Cristal,</p>
<p>Rua de D. Manuel II, 4050-239 Porto</p>
