{"id":20600,"date":"2026-02-02T15:15:11","date_gmt":"2026-02-02T15:15:11","guid":{"rendered":"https:\/\/museudoporto.pt\/?post_type=resource&#038;p=20600"},"modified":"2026-02-02T15:15:11","modified_gmt":"2026-02-02T15:15:11","slug":"clube-da-saude-conhecer-para-prevenir","status":"publish","type":"resource","link":"https:\/\/museudoporto.pt\/en\/recurso\/clube-da-saude-conhecer-para-prevenir\/","title":{"rendered":"CLUBE DA SA\u00daDE \u2014 CONHECER PARA PREVENIR"},"content":{"rendered":"","protected":false},"featured_media":0,"template":"","resource_category":[20],"class_list":["post-20600","resource","type-resource","status-publish","hentry","resource_category-atividades"],"acf":{"breadcrumb":false,"file":false,"content":[{"acf_fc_layout":"event","display_title":"CLUBE DA SA\u00daDE \u2014 CONHECER PARA PREVENIR ","subtitle":"<p>Com Teresa Fonseca Gon\u00e7alves<\/p>\n","date":{"show_time":true,"type":"range","date":null,"start_date":"10\/02\/2026 14:30","end_date":"10\/02\/2026 16:00"},"sessions":null,"location":{"type":"other","station":false,"location":"BIBLIOTECA MUNICIPAL ALMEIDA GARRETT"},"media":{"type":false,"image":false,"gallery":false},"excerpt":"<p>A prop\u00f3sito do Dia Mundial de Luta Contra o Cancro, esta sess\u00e3o pretende alertar para a import\u00e2ncia dos rastreios oncol\u00f3gicos de base populacional, visando a preven\u00e7\u00e3o e a dete\u00e7\u00e3o precoce e a melhoria do progn\u00f3stico.<\/p>\n","content":"<p>A prop\u00f3sito do Dia Mundial de Luta Contra o Cancro, esta sess\u00e3o pretende alertar para a import\u00e2ncia dos rastreios oncol\u00f3gicos de base populacional, visando a preven\u00e7\u00e3o e a dete\u00e7\u00e3o precoce e a melhoria do progn\u00f3stico.<\/p>\n<p>&nbsp;<\/p>\n<h2>INSCRI\u00c7\u00d5ES<\/h2>\n<p>Entrada gratuita, mediante inscri\u00e7\u00e3o atrav\u00e9s do formul\u00e1rio<\/p>\n<h2>Endere\u00e7o<\/h2>\n<p>Jardins do Pal\u00e1cio de Cristal,<\/p>\n<p>Rua de D. Manuel II, 4050-239 Porto<\/p>\n"}],"previous_link":{"label":"","link":""},"next_link":{"label":"","link":""},"ambient_sound":false},"_links":{"self":[{"href":"https:\/\/museudoporto.pt\/en\/wp-json\/wp\/v2\/resource\/20600","targetHints":{"allow":["GET"]}}],"collection":[{"href":"https:\/\/museudoporto.pt\/en\/wp-json\/wp\/v2\/resource"}],"about":[{"href":"https:\/\/museudoporto.pt\/en\/wp-json\/wp\/v2\/types\/resource"}],"wp:attachment":[{"href":"https:\/\/museudoporto.pt\/en\/wp-json\/wp\/v2\/media?parent=20600"}],"wp:term":[{"taxonomy":"resource_category","embeddable":true,"href":"https:\/\/museudoporto.pt\/en\/wp-json\/wp\/v2\/resource_category?post=20600"}],"curies":[{"name":"wp","href":"https:\/\/api.w.org\/{rel}","templated":true}]}}

CLUBE DA SAÚDE — CONHECER PARA PREVENIR

<p>Com Teresa Fonseca Gonçalves</p>

<p>A propósito do Dia Mundial de Luta Contra o Cancro, esta sessão pretende alertar para a importância dos rastreios oncológicos de base populacional, visando a prevenção e a deteção precoce e a melhoria do prognóstico.</p>

<p>A propósito do Dia Mundial de Luta Contra o Cancro, esta sessão pretende alertar para a importância dos rastreios oncológicos de base populacional, visando a prevenção e a deteção precoce e a melhoria do prognóstico.</p>
<p>&nbsp;</p>
<h2>INSCRIÇÕES</h2>
<p>Entrada gratuita, mediante inscrição através do formulário</p>
<h2>Endereço</h2>
<p>Jardins do Palácio de Cristal,</p>
<p>Rua de D. Manuel II, 4050-239 Porto</p>
