{"id":20615,"date":"2026-02-02T17:02:45","date_gmt":"2026-02-02T17:02:45","guid":{"rendered":"https:\/\/museudoporto.pt\/?post_type=resource&#038;p=20615"},"modified":"2026-02-02T17:02:45","modified_gmt":"2026-02-02T17:02:45","slug":"oficina-para-familias-de-mafarricos-a-mascaras","status":"publish","type":"resource","link":"https:\/\/museudoporto.pt\/en\/recurso\/oficina-para-familias-de-mafarricos-a-mascaras\/","title":{"rendered":"OFICINA PARA FAM\u00cdLIAS \u2014 DE MAFARRICOS A M\u00c1SCARAS"},"content":{"rendered":"","protected":false},"featured_media":20616,"template":"","resource_category":[20],"class_list":["post-20615","resource","type-resource","status-publish","has-post-thumbnail","hentry","resource_category-atividades"],"acf":{"breadcrumb":false,"file":false,"content":[{"acf_fc_layout":"event","display_title":"OFICINA PARA FAM\u00cdLIAS \u2014 DE MAFARRICOS A M\u00c1SCARAS","subtitle":"<p>S\u00c1B 14 FEV, 15H30 E SEG 16 FEV, 11H \/ 15H30 (3 sess\u00f5es)<\/p>\n<p>Com Helena Vieira<\/p>\n","date":{"show_time":true,"type":"range","date":null,"start_date":"14\/02\/2026 15:30","end_date":"16\/02\/2026 17:00"},"sessions":null,"location":{"type":"other","station":false,"location":"BIBLIOTECA MUNICIPAL ALMEIDA GARRETT"},"media":{"type":false,"image":{"ID":20617,"id":20617,"title":"7109","filename":"7109.avif","filesize":100158,"url":"https:\/\/museudoporto.pt\/wp-content\/uploads\/2026\/02\/7109.avif","link":"https:\/\/museudoporto.pt\/en\/7109-2\/","alt":"","author":"11","description":"","caption":"","name":"7109-2","status":"inherit","uploaded_to":0,"date":"2026-02-02 16:59:37","modified":"2026-02-02 16:59:47","menu_order":0,"mime_type":"image\/avif","type":"image","subtype":"avif","icon":"https:\/\/museudoporto.pt\/wp-includes\/images\/media\/default.png","width":0,"height":0,"sizes":{"thumbnail":"https:\/\/museudoporto.pt\/wp-content\/uploads\/2026\/02\/7109.avif","thumbnail-width":1,"thumbnail-height":1,"medium":"https:\/\/museudoporto.pt\/wp-content\/uploads\/2026\/02\/7109.avif","medium-width":1,"medium-height":1,"medium_large":"https:\/\/museudoporto.pt\/wp-content\/uploads\/2026\/02\/7109.avif","medium_large-width":1,"medium_large-height":1,"large":"https:\/\/museudoporto.pt\/wp-content\/uploads\/2026\/02\/7109.avif","large-width":1,"large-height":1,"ufg_200_200":"https:\/\/museudoporto.pt\/wp-content\/uploads\/2026\/02\/7109.avif","ufg_200_200-width":1,"ufg_200_200-height":1,"ufg_300_300":"https:\/\/museudoporto.pt\/wp-content\/uploads\/2026\/02\/7109.avif","ufg_300_300-width":1,"ufg_300_300-height":1,"ufg_400_400":"https:\/\/museudoporto.pt\/wp-content\/uploads\/2026\/02\/7109.avif","ufg_400_400-width":1,"ufg_400_400-height":1,"1536x1536":"https:\/\/museudoporto.pt\/wp-content\/uploads\/2026\/02\/7109.avif","1536x1536-width":1,"1536x1536-height":1,"2048x2048":"https:\/\/museudoporto.pt\/wp-content\/uploads\/2026\/02\/7109.avif","2048x2048-width":1,"2048x2048-height":1}},"gallery":false},"excerpt":"<div class=\"bl-block cL4LK434DuoZ6dFI\" data-bl-name=\"Block\" data-bl-id=\"cki0wx4jSbIwweMu\" data-bl-index=\"0\" data-content-id=\"sgoFjdWvc7uvN1W6\">\n<div class=\"bl-text bl-dyn bl-base-paragraph\" data-bl-name=\"Text\" data-bl-id=\"cK4w7c9uhUKBF8r8\" data-bl-index=\"0\" data-content-id=\"sgoFjdWvc7uvN1W6\">\n<p>Diabos, diabritos e outros mafarricos! Vamos viajar pelo mundo das lendas e contos de tradi\u00e7\u00e3o oral e conhecer criaturas m\u00edticas cheias de gra\u00e7a e travessuras. Depois \u00e9 hora de soltar a imagina\u00e7\u00e3o na oficina de m\u00e1scaras criando os vossos pr\u00f3prios mafarricos e personagens fant\u00e1sticas. Uma aventura cheia de hist\u00f3ria, risos, cores e brincadeira!<\/p>\n<\/div>\n<\/div>\n<div class=\"bl-block cPYdUiQDcM3jQEaI\" data-bl-name=\"Block\" data-bl-id=\"c0QU18FvpviObZEF\" data-bl-index=\"0\" data-content-id=\"sgoFjdWvc7uvN1W6\">\n<div class=\"bl-text bl-dyn bl-base-paragraph\" data-bl-name=\"Text side\" data-bl-id=\"ctQcPCsQToSESxfD\" data-bl-index=\"0\" data-content-id=\"sgoFjdWvc7uvN1W6\">\n<p>&nbsp;<\/p>\n<\/div>\n<\/div>\n","content":"<div class=\"bl-block cL4LK434DuoZ6dFI\" data-bl-name=\"Block\" data-bl-id=\"cki0wx4jSbIwweMu\" data-bl-index=\"0\" data-content-id=\"sgoFjdWvc7uvN1W6\">\n<div class=\"bl-text bl-dyn bl-base-paragraph\" data-bl-name=\"Text\" data-bl-id=\"cK4w7c9uhUKBF8r8\" data-bl-index=\"0\" data-content-id=\"sgoFjdWvc7uvN1W6\">\n<p>Diabos, diabritos e outros mafarricos! Vamos viajar pelo mundo das lendas e contos de tradi\u00e7\u00e3o oral e conhecer criaturas m\u00edticas cheias de gra\u00e7a e travessuras. Depois \u00e9 hora de soltar a imagina\u00e7\u00e3o na oficina de m\u00e1scaras criando os vossos pr\u00f3prios mafarricos e personagens fant\u00e1sticas. Uma aventura cheia de hist\u00f3ria, risos, cores e brincadeira!<\/p>\n<\/div>\n<\/div>\n<p>&nbsp;<\/p>\n<h2>DESTINAT\u00c1RIOS<\/h2>\n<p>Dos 6 aos 10 anos<\/p>\n<h2>INCRI\u00c7\u00d5ES<\/h2>\n<p>Entrada gratuita, mediante inscri\u00e7\u00e3o atrav\u00e9s do <a href=\"https:\/\/bmp.cm-porto.pt\/inscricao_MAFARRICOS\">formul\u00e1rio<\/a> \/ 15 participantes<\/p>\n<div class=\"bl-block cPYdUiQDcM3jQEaI\" data-bl-name=\"Block\" data-bl-id=\"c0QU18FvpviObZEF\" data-bl-index=\"0\" data-content-id=\"sgoFjdWvc7uvN1W6\">\n<div class=\"bl-text bl-dyn bl-base-paragraph\" data-bl-name=\"Text side\" data-bl-id=\"ctQcPCsQToSESxfD\" data-bl-index=\"0\" data-content-id=\"sgoFjdWvc7uvN1W6\">\n<h2>ENDERE\u00c7O<\/h2>\n<p>Jardins do Pal\u00e1cio de Cristal<br \/>\nRua de Dom Manuel II<br \/>\n4050-239 Porto<\/p>\n<h2>AUTOCARRO<\/h2>\n<p>1M, 200, 201, 207, 208, 302, 303, 501, 507, 601, ZM, 12M, 13M<br \/>\nCircular Massarelos \u2013 Carmo<\/p>\n<h2>ESTACIONAMENTO<\/h2>\n<p>Pal\u00e1cio de Cristal<\/p>\n<\/div>\n<\/div>\n"}],"previous_link":{"label":"","link":""},"next_link":{"label":"","link":""},"ambient_sound":false},"_links":{"self":[{"href":"https:\/\/museudoporto.pt\/en\/wp-json\/wp\/v2\/resource\/20615","targetHints":{"allow":["GET"]}}],"collection":[{"href":"https:\/\/museudoporto.pt\/en\/wp-json\/wp\/v2\/resource"}],"about":[{"href":"https:\/\/museudoporto.pt\/en\/wp-json\/wp\/v2\/types\/resource"}],"wp:featuredmedia":[{"embeddable":true,"href":"https:\/\/museudoporto.pt\/en\/wp-json\/wp\/v2\/media\/20616"}],"wp:attachment":[{"href":"https:\/\/museudoporto.pt\/en\/wp-json\/wp\/v2\/media?parent=20615"}],"wp:term":[{"taxonomy":"resource_category","embeddable":true,"href":"https:\/\/museudoporto.pt\/en\/wp-json\/wp\/v2\/resource_category?post=20615"}],"curies":[{"name":"wp","href":"https:\/\/api.w.org\/{rel}","templated":true}]}}

OFICINA PARA FAMÍLIAS — DE MAFARRICOS A MÁSCARAS

<p>SÁB 14 FEV, 15H30 E SEG 16 FEV, 11H / 15H30 (3 sessões)</p>
<p>Com Helena Vieira</p>

<div class="bl-block cL4LK434DuoZ6dFI" data-bl-name="Block" data-bl-id="cki0wx4jSbIwweMu" data-bl-index="0" data-content-id="sgoFjdWvc7uvN1W6">
<div class="bl-text bl-dyn bl-base-paragraph" data-bl-name="Text" data-bl-id="cK4w7c9uhUKBF8r8" data-bl-index="0" data-content-id="sgoFjdWvc7uvN1W6">
<p>Diabos, diabritos e outros mafarricos! Vamos viajar pelo mundo das lendas e contos de tradição oral e conhecer criaturas míticas cheias de graça e travessuras. Depois é hora de soltar a imaginação na oficina de máscaras criando os vossos próprios mafarricos e personagens fantásticas. Uma aventura cheia de história, risos, cores e brincadeira!</p>
</div>
</div>
<div class="bl-block cPYdUiQDcM3jQEaI" data-bl-name="Block" data-bl-id="c0QU18FvpviObZEF" data-bl-index="0" data-content-id="sgoFjdWvc7uvN1W6">
<div class="bl-text bl-dyn bl-base-paragraph" data-bl-name="Text side" data-bl-id="ctQcPCsQToSESxfD" data-bl-index="0" data-content-id="sgoFjdWvc7uvN1W6">
<p>&nbsp;</p>
</div>
</div>

<div class="bl-block cL4LK434DuoZ6dFI" data-bl-name="Block" data-bl-id="cki0wx4jSbIwweMu" data-bl-index="0" data-content-id="sgoFjdWvc7uvN1W6">
<div class="bl-text bl-dyn bl-base-paragraph" data-bl-name="Text" data-bl-id="cK4w7c9uhUKBF8r8" data-bl-index="0" data-content-id="sgoFjdWvc7uvN1W6">
<p>Diabos, diabritos e outros mafarricos! Vamos viajar pelo mundo das lendas e contos de tradição oral e conhecer criaturas míticas cheias de graça e travessuras. Depois é hora de soltar a imaginação na oficina de máscaras criando os vossos próprios mafarricos e personagens fantásticas. Uma aventura cheia de história, risos, cores e brincadeira!</p>
</div>
</div>
<p>&nbsp;</p>
<h2>DESTINATÁRIOS</h2>
<p>Dos 6 aos 10 anos</p>
<h2>INCRIÇÕES</h2>
<p>Entrada gratuita, mediante inscrição através do <a href="https://bmp.cm-porto.pt/inscricao_MAFARRICOS">formulário</a> / 15 participantes</p>
<div class="bl-block cPYdUiQDcM3jQEaI" data-bl-name="Block" data-bl-id="c0QU18FvpviObZEF" data-bl-index="0" data-content-id="sgoFjdWvc7uvN1W6">
<div class="bl-text bl-dyn bl-base-paragraph" data-bl-name="Text side" data-bl-id="ctQcPCsQToSESxfD" data-bl-index="0" data-content-id="sgoFjdWvc7uvN1W6">
<h2>ENDEREÇO</h2>
<p>Jardins do Palácio de Cristal<br />
Rua de Dom Manuel II<br />
4050-239 Porto</p>
<h2>AUTOCARRO</h2>
<p>1M, 200, 201, 207, 208, 302, 303, 501, 507, 601, ZM, 12M, 13M<br />
Circular Massarelos – Carmo</p>
<h2>ESTACIONAMENTO</h2>
<p>Palácio de Cristal</p>
</div>
</div>
