{"id":20671,"date":"2026-02-09T11:17:47","date_gmt":"2026-02-09T11:17:47","guid":{"rendered":"https:\/\/museudoporto.pt\/?post_type=resource&#038;p=20671"},"modified":"2026-02-10T10:25:58","modified_gmt":"2026-02-10T10:25:58","slug":"visita-as-ilustracoes-do-inferno-de-dante-de-antonio-carneiro","status":"publish","type":"resource","link":"https:\/\/museudoporto.pt\/en\/recurso\/visita-as-ilustracoes-do-inferno-de-dante-de-antonio-carneiro\/","title":{"rendered":"VISITA \u2014 AS ILUSTRA\u00c7\u00d5ES DO INFERNO DE DANTE, DE ANT\u00d3NIO CARNEIRO"},"content":{"rendered":"","protected":false},"featured_media":20672,"template":"","resource_category":[20],"class_list":["post-20671","resource","type-resource","status-publish","has-post-thumbnail","hentry","resource_category-atividades"],"acf":{"breadcrumb":false,"file":false,"content":[{"acf_fc_layout":"event","display_title":"VISITA \u2014 AS ILUSTRA\u00c7\u00d5ES DO INFERNO DE DANTE, DE ANT\u00d3NIO CARNEIRO","subtitle":"<p>DOM 15 FEV, 11H30<\/p>\n<p>Com Ana Nascimento<br \/>\n(Museu Nacional de Soares dos Reis)<\/p>\n","date":{"show_time":true,"type":"range","date":null,"start_date":"15\/02\/2026 11:30","end_date":"15\/02\/2026 12:30"},"sessions":null,"location":{"type":"other","station":false,"location":"ATELI\u00ca ANT\u00d3NIO CARNEIRO"},"media":{"type":false,"image":{"ID":20673,"id":20673,"title":"AR_O_VOO_DA_\u00c1GUIA_II_ANT\u00d3NIO_CARNEIRO_E_A_LITERATURA_52 (2)","filename":"AR_O_VOO_DA_AGUIA_II_ANTONIO_CARNEIRO_E_A_LITERATURA_52-2.jpg","filesize":1576602,"url":"https:\/\/museudoporto.pt\/wp-content\/uploads\/2026\/02\/AR_O_VOO_DA_AGUIA_II_ANTONIO_CARNEIRO_E_A_LITERATURA_52-2.jpg","link":"https:\/\/museudoporto.pt\/en\/ar_o_voo_da_aguia_ii_antonio_carneiro_e_a_literatura_52-2-2\/","alt":"","author":"15","description":"","caption":"","name":"ar_o_voo_da_aguia_ii_antonio_carneiro_e_a_literatura_52-2-2","status":"inherit","uploaded_to":0,"date":"2026-02-09 11:16:59","modified":"2026-02-09 11:17:23","menu_order":0,"mime_type":"image\/jpeg","type":"image","subtype":"jpeg","icon":"https:\/\/museudoporto.pt\/wp-includes\/images\/media\/default.png","width":2025,"height":1347,"sizes":{"thumbnail":"https:\/\/museudoporto.pt\/wp-content\/uploads\/2026\/02\/AR_O_VOO_DA_AGUIA_II_ANTONIO_CARNEIRO_E_A_LITERATURA_52-2-150x150.jpg","thumbnail-width":150,"thumbnail-height":150,"medium":"https:\/\/museudoporto.pt\/wp-content\/uploads\/2026\/02\/AR_O_VOO_DA_AGUIA_II_ANTONIO_CARNEIRO_E_A_LITERATURA_52-2-300x200.jpg","medium-width":300,"medium-height":200,"medium_large":"https:\/\/museudoporto.pt\/wp-content\/uploads\/2026\/02\/AR_O_VOO_DA_AGUIA_II_ANTONIO_CARNEIRO_E_A_LITERATURA_52-2-768x511.jpg","medium_large-width":640,"medium_large-height":426,"large":"https:\/\/museudoporto.pt\/wp-content\/uploads\/2026\/02\/AR_O_VOO_DA_AGUIA_II_ANTONIO_CARNEIRO_E_A_LITERATURA_52-2-1024x681.jpg","large-width":640,"large-height":426,"ufg_200_200":"https:\/\/museudoporto.pt\/wp-content\/uploads\/2026\/02\/AR_O_VOO_DA_AGUIA_II_ANTONIO_CARNEIRO_E_A_LITERATURA_52-2-200x200.jpg","ufg_200_200-width":200,"ufg_200_200-height":200,"ufg_300_300":"https:\/\/museudoporto.pt\/wp-content\/uploads\/2026\/02\/AR_O_VOO_DA_AGUIA_II_ANTONIO_CARNEIRO_E_A_LITERATURA_52-2-300x300.jpg","ufg_300_300-width":300,"ufg_300_300-height":300,"ufg_400_400":"https:\/\/museudoporto.pt\/wp-content\/uploads\/2026\/02\/AR_O_VOO_DA_AGUIA_II_ANTONIO_CARNEIRO_E_A_LITERATURA_52-2-400x400.jpg","ufg_400_400-width":400,"ufg_400_400-height":400,"1536x1536":"https:\/\/museudoporto.pt\/wp-content\/uploads\/2026\/02\/AR_O_VOO_DA_AGUIA_II_ANTONIO_CARNEIRO_E_A_LITERATURA_52-2-1536x1022.jpg","1536x1536-width":1536,"1536x1536-height":1022,"2048x2048":"https:\/\/museudoporto.pt\/wp-content\/uploads\/2026\/02\/AR_O_VOO_DA_AGUIA_II_ANTONIO_CARNEIRO_E_A_LITERATURA_52-2.jpg","2048x2048-width":2025,"2048x2048-height":1347}},"gallery":false},"excerpt":"<p>Uma visita pelas interpreta\u00e7\u00f5es de Ant\u00f3nio Carneiro ao Inferno de Dante, onde desenho e literatura se encontram em atmosferas de luz, sombra e transcend\u00eancia.<\/p>\n","content":"<p>Uma visita pelas interpreta\u00e7\u00f5es de Ant\u00f3nio Carneiro ao Inferno de Dante, onde desenho e literatura se encontram em atmosferas de luz, sombra e transcend\u00eancia.<\/p>\n<p>&nbsp;<\/p>\n<h2>DESTINAT\u00c1RIOS<\/h2>\n<p>P\u00fablico em geral<\/p>\n<h2>INSCRI\u00c7\u00d5ES<\/h2>\n<p>Entrada gratuita, mediante inscri\u00e7\u00e3o atrav\u00e9s do <a href=\"https:\/\/questionarios.cm-porto.pt\/index.php\/127896?lang=pt\">formul\u00e1rio<\/a> \/ 20 participantes<\/p>\n<h2>Endere\u00e7o<\/h2>\n<p>Rua de Ant\u00f3nio Carneiro, 363<\/p>\n<p>4300-027 Porto<\/p>\n<p><a href=\"https:\/\/www.google.com\/maps\/dir\/41.1479944,-8.6270636\/ATELIE+ANTONIO+CARNEIRO+MAPS\/@41.1489854,-8.6319793,14z\/data=!3m1!4b1!4m9!4m8!1m1!4e1!1m5!1m1!1s0xd2464ed16f0708f:0x8c2461cf8002c8c7!2m2!1d-8.5938667!2d41.1496168?entry=ttu\">Dire\u00e7\u00f5es<\/a><\/p>\n<h2>Autocarro<\/h2>\n<p>22, 207, 303, 400, 904, 905, ZH, 202, 207, 303, 400, 500, 900, 901, 904, 905, 906, ZH<\/p>\n<h2>Metro<\/h2>\n<p>Hero\u00edsmo<\/p>\n<h2>Jardins<\/h2>\n<p><a href=\"https:\/\/museudoporto.pt\/en\/garden\/jardim-e-casa-atelie-antonio-carneiro\/\">ANT\u00d3NIO CARNEIRO<\/a><\/p>\n"}],"previous_link":{"label":"","link":""},"next_link":{"label":"","link":""},"ambient_sound":false},"_links":{"self":[{"href":"https:\/\/museudoporto.pt\/en\/wp-json\/wp\/v2\/resource\/20671","targetHints":{"allow":["GET"]}}],"collection":[{"href":"https:\/\/museudoporto.pt\/en\/wp-json\/wp\/v2\/resource"}],"about":[{"href":"https:\/\/museudoporto.pt\/en\/wp-json\/wp\/v2\/types\/resource"}],"wp:featuredmedia":[{"embeddable":true,"href":"https:\/\/museudoporto.pt\/en\/wp-json\/wp\/v2\/media\/20672"}],"wp:attachment":[{"href":"https:\/\/museudoporto.pt\/en\/wp-json\/wp\/v2\/media?parent=20671"}],"wp:term":[{"taxonomy":"resource_category","embeddable":true,"href":"https:\/\/museudoporto.pt\/en\/wp-json\/wp\/v2\/resource_category?post=20671"}],"curies":[{"name":"wp","href":"https:\/\/api.w.org\/{rel}","templated":true}]}}

VISITA — AS ILUSTRAÇÕES DO INFERNO DE DANTE, DE ANTÓNIO CARNEIRO

ATELIÊ ANTÓNIO CARNEIRO

AR_O_VOO_DA_ÁGUIA_II_ANTÓNIO_CARNEIRO_E_A_LITERATURA_52 (2)

<p>Uma visita pelas interpretações de António Carneiro ao Inferno de Dante, onde desenho e literatura se encontram em atmosferas de luz, sombra e transcendência.</p>

<p>Uma visita pelas interpretações de António Carneiro ao Inferno de Dante, onde desenho e literatura se encontram em atmosferas de luz, sombra e transcendência.</p>
<p>&nbsp;</p>
<h2>DESTINATÁRIOS</h2>
<p>Público em geral</p>
<h2>INSCRIÇÕES</h2>
<p>Entrada gratuita, mediante inscrição através do <a href="https://questionarios.cm-porto.pt/index.php/127896?lang=pt">formulário</a> / 20 participantes</p>
<h2>Endereço</h2>
<p>Rua de António Carneiro, 363</p>
<p>4300-027 Porto</p>
<p><a href="https://www.google.com/maps/dir/41.1479944,-8.6270636/ATELIE+ANTONIO+CARNEIRO+MAPS/@41.1489854,-8.6319793,14z/data=!3m1!4b1!4m9!4m8!1m1!4e1!1m5!1m1!1s0xd2464ed16f0708f:0x8c2461cf8002c8c7!2m2!1d-8.5938667!2d41.1496168?entry=ttu">Direções</a></p>
<h2>Autocarro</h2>
<p>22, 207, 303, 400, 904, 905, ZH, 202, 207, 303, 400, 500, 900, 901, 904, 905, 906, ZH</p>
<h2>Metro</h2>
<p>Heroísmo</p>
<h2>Jardins</h2>
<p><a href="https://museudoporto.pt/en/garden/jardim-e-casa-atelie-antonio-carneiro/">ANTÓNIO CARNEIRO</a></p>
