{"id":20733,"date":"2026-02-23T11:08:37","date_gmt":"2026-02-23T11:08:37","guid":{"rendered":"https:\/\/museudoporto.pt\/?post_type=resource&#038;p=20733"},"modified":"2026-02-24T10:41:29","modified_gmt":"2026-02-24T10:41:29","slug":"oficinas-de-caligrafia-caligrafia-em-letra-redonda-ou-letra-francesa","status":"publish","type":"resource","link":"https:\/\/museudoporto.pt\/en\/recurso\/oficinas-de-caligrafia-caligrafia-em-letra-redonda-ou-letra-francesa\/","title":{"rendered":"OFICINAS DE CALIGRAFIA \u2014 CALIGRAFIA EM LETRA REDONDA (OU LETRA FRANCESA)"},"content":{"rendered":"","protected":false},"featured_media":20734,"template":"","resource_category":[20],"class_list":["post-20733","resource","type-resource","status-publish","has-post-thumbnail","hentry","resource_category-atividades"],"acf":{"ambient_sound":false,"file":false,"content":[{"acf_fc_layout":"event","display_title":"OFICINAS DE CALIGRAFIA \u2014 CALIGRAFIA EM LETRA REDONDA (OU LETRA FRANCESA)","subtitle":"<p>TER 3, 10, 17, 24 E 31 MAR, 14H30\u201416H30 (5 SESS\u00d5ES)<\/p>\n<p>Com Jo\u00e3o Fonseca<\/p>\n","date":{"show_time":false,"type":"range","date":null,"start_date":"03\/03\/2026 14:30","end_date":"31\/03\/2026 16:30"},"sessions":null,"location":{"type":"other","station":false,"location":"CASA DO INFANTE \/ BIBLIOTECA DE ASSUNTOS PORTUENSES"},"media":{"type":false,"image":{"ID":20735,"id":20735,"title":"Design sem nome(36)","filename":"Design-sem-nome36.png","filesize":3678645,"url":"https:\/\/museudoporto.pt\/wp-content\/uploads\/2026\/02\/Design-sem-nome36.png","link":"https:\/\/museudoporto.pt\/en\/design-sem-nome36-2\/","alt":"","author":"15","description":"","caption":"","name":"design-sem-nome36-2","status":"inherit","uploaded_to":0,"date":"2026-02-23 11:03:58","modified":"2026-02-24 10:40:01","menu_order":0,"mime_type":"image\/png","type":"image","subtype":"png","icon":"https:\/\/museudoporto.pt\/wp-includes\/images\/media\/default.png","width":2048,"height":1365,"sizes":{"thumbnail":"https:\/\/museudoporto.pt\/wp-content\/uploads\/2026\/02\/Design-sem-nome36-150x150.png","thumbnail-width":150,"thumbnail-height":150,"medium":"https:\/\/museudoporto.pt\/wp-content\/uploads\/2026\/02\/Design-sem-nome36-300x200.png","medium-width":300,"medium-height":200,"medium_large":"https:\/\/museudoporto.pt\/wp-content\/uploads\/2026\/02\/Design-sem-nome36-768x512.png","medium_large-width":640,"medium_large-height":427,"large":"https:\/\/museudoporto.pt\/wp-content\/uploads\/2026\/02\/Design-sem-nome36-1024x683.png","large-width":640,"large-height":427,"ufg_200_200":"https:\/\/museudoporto.pt\/wp-content\/uploads\/2026\/02\/Design-sem-nome36-200x200.png","ufg_200_200-width":200,"ufg_200_200-height":200,"ufg_300_300":"https:\/\/museudoporto.pt\/wp-content\/uploads\/2026\/02\/Design-sem-nome36-300x300.png","ufg_300_300-width":300,"ufg_300_300-height":300,"ufg_400_400":"https:\/\/museudoporto.pt\/wp-content\/uploads\/2026\/02\/Design-sem-nome36-400x400.png","ufg_400_400-width":400,"ufg_400_400-height":400,"1536x1536":"https:\/\/museudoporto.pt\/wp-content\/uploads\/2026\/02\/Design-sem-nome36-1536x1024.png","1536x1536-width":1536,"1536x1536-height":1024,"2048x2048":"https:\/\/museudoporto.pt\/wp-content\/uploads\/2026\/02\/Design-sem-nome36.png","2048x2048-width":2048,"2048x2048-height":1365}},"gallery":false},"excerpt":"<p>Nestas oficinas de inicia\u00e7\u00e3o \u00e0 caligrafia, propomos uma viagem pr\u00e1tica e acess\u00edvel ao universo da escrita manual art\u00edstica, despertando o olhar para a beleza da letra feita \u00e0 m\u00e3o, com aparo e tinta, como manda a tradi\u00e7\u00e3o.<\/p>\n","content":"<p>Nestas oficinas de inicia\u00e7\u00e3o \u00e0 caligrafia, propomos uma viagem pr\u00e1tica e acess\u00edvel ao universo da escrita manual art\u00edstica, despertando o olhar para a beleza da letra feita \u00e0 m\u00e3o, com aparo e tinta, como manda a tradi\u00e7\u00e3o. Os participantes ter\u00e3o contacto direto com instrumentos tradicionais, t\u00e9cnicas fundamentais e exerc\u00edcios pr\u00e1ticos que lhes permitir\u00e3o adquirir no\u00e7\u00f5es b\u00e1sicas da arte caligr\u00e1fica, com foco na letra redonda, tamb\u00e9m conhecida como letra francesa, estilo com ra\u00edzes profundas no ensino em Portugal. Num espa\u00e7o emblem\u00e1tico da cidade onde se arquivam raros e belos documentos manuscritos, esta atividade com o cal\u00edgrafo Jo\u00e3o Fonseca convida \u00e0 aten\u00e7\u00e3o plena e valoriza o patrim\u00f3nio gr\u00e1fico e escrito, promovendo a express\u00e3o individual atrav\u00e9s de gestos enquanto forma de arte e comunica\u00e7\u00e3o.<\/p>\n<p>&nbsp;<\/p>\n<h2>ENTRADA<\/h2>\n<p>Entrada 4 euros \/ 2 euros com cart\u00e3o da biblioteca ou cart\u00e3o Porto.<br \/>\n<a href=\"https:\/\/www.bol.pt\/Comprar\/Bilhetes\/173224-oficinas_de_caligrafia-museu_do_porto\/\">Bilheteira online<\/a> ou espa\u00e7os com bilheteira do Museu e Bibliotecas do Porto<br \/>\nMaiores de 16 anos<\/p>\n<p>Limitado a 14 participantes.<\/p>\n<div class=\"row block-text text-no-indent\">\n<div class=\"col-xs-8 col-sm-7 col-md-5 col-md-offset-3 col-xl-4 col-xl-offset-4\">\n<h2>ENDERE\u00c7O<\/h2>\n<p>Rua da Alf\u00e2ndega, 10<br \/>\n4050-029 Porto<br \/>\n<span data-ccp-props=\"{\"><a href=\"https:\/\/www.google.com\/maps\/dir\/\/casa+do+infante\/data=!4m6!4m5!1m1!4e2!1m2!1m1!1s0xd2464e048a7dd5f:0xa4c812eb37711092?sa=X&amp;ved=2ahUKEwjXsruLjbDuAhXEZxUIHSP1APAQ9RcwFHoECCYQBA\" target=\"_blank\" rel=\"noopener\" data-cursor-hover=\"ready\">Dire\u00e7\u00f5es<\/a><\/span><\/p>\n<h2>AUTOCARRO<\/h2>\n<p>500, 900, 901, 906, ZM, ZR, 1<\/p>\n<h2>METRO<\/h2>\n<p>S. Bento<\/p>\n<h2>ESTACIONAMENTO<\/h2>\n<p>Pra\u00e7a do Infante D. Henrique<\/p>\n<\/div>\n<\/div>\n"}],"previous_link":{"label":"","link":""},"next_link":{"label":"","link":""},"breadcrumb":false},"_links":{"self":[{"href":"https:\/\/museudoporto.pt\/en\/wp-json\/wp\/v2\/resource\/20733","targetHints":{"allow":["GET"]}}],"collection":[{"href":"https:\/\/museudoporto.pt\/en\/wp-json\/wp\/v2\/resource"}],"about":[{"href":"https:\/\/museudoporto.pt\/en\/wp-json\/wp\/v2\/types\/resource"}],"wp:featuredmedia":[{"embeddable":true,"href":"https:\/\/museudoporto.pt\/en\/wp-json\/wp\/v2\/media\/20734"}],"wp:attachment":[{"href":"https:\/\/museudoporto.pt\/en\/wp-json\/wp\/v2\/media?parent=20733"}],"wp:term":[{"taxonomy":"resource_category","embeddable":true,"href":"https:\/\/museudoporto.pt\/en\/wp-json\/wp\/v2\/resource_category?post=20733"}],"curies":[{"name":"wp","href":"https:\/\/api.w.org\/{rel}","templated":true}]}}

<p>TER 3, 10, 17, 24 E 31 MAR, 14H30—16H30 (5 SESSÕES)</p>
<p>Com João Fonseca</p>

<p>Nestas oficinas de iniciação à caligrafia, propomos uma viagem prática e acessível ao universo da escrita manual artística, despertando o olhar para a beleza da letra feita à mão, com aparo e tinta, como manda a tradição.</p>

<p>Nestas oficinas de iniciação à caligrafia, propomos uma viagem prática e acessível ao universo da escrita manual artística, despertando o olhar para a beleza da letra feita à mão, com aparo e tinta, como manda a tradição. Os participantes terão contacto direto com instrumentos tradicionais, técnicas fundamentais e exercícios práticos que lhes permitirão adquirir noções básicas da arte caligráfica, com foco na letra redonda, também conhecida como letra francesa, estilo com raízes profundas no ensino em Portugal. Num espaço emblemático da cidade onde se arquivam raros e belos documentos manuscritos, esta atividade com o calígrafo João Fonseca convida à atenção plena e valoriza o património gráfico e escrito, promovendo a expressão individual através de gestos enquanto forma de arte e comunicação.</p>
<p>&nbsp;</p>
<h2>ENTRADA</h2>
<p>Entrada 4 euros / 2 euros com cartão da biblioteca ou cartão Porto.<br />
<a href="https://www.bol.pt/Comprar/Bilhetes/173224-oficinas_de_caligrafia-museu_do_porto/">Bilheteira online</a> ou espaços com bilheteira do Museu e Bibliotecas do Porto<br />
Maiores de 16 anos</p>
<p>Limitado a 14 participantes.</p>
<div class="row block-text text-no-indent">
<div class="col-xs-8 col-sm-7 col-md-5 col-md-offset-3 col-xl-4 col-xl-offset-4">
<h2>ENDEREÇO</h2>
<p>Rua da Alfândega, 10<br />
4050-029 Porto<br />
<span data-ccp-props="{"><a href="https://www.google.com/maps/dir//casa+do+infante/data=!4m6!4m5!1m1!4e2!1m2!1m1!1s0xd2464e048a7dd5f:0xa4c812eb37711092?sa=X&amp;ved=2ahUKEwjXsruLjbDuAhXEZxUIHSP1APAQ9RcwFHoECCYQBA" target="_blank" rel="noopener" data-cursor-hover="ready">Direções</a></span></p>
<h2>AUTOCARRO</h2>
<p>500, 900, 901, 906, ZM, ZR, 1</p>
<h2>METRO</h2>
<p>S. Bento</p>
<h2>ESTACIONAMENTO</h2>
<p>Praça do Infante D. Henrique</p>
</div>
</div>
