{"id":20753,"date":"2026-02-24T10:38:56","date_gmt":"2026-02-24T10:38:56","guid":{"rendered":"https:\/\/museudoporto.pt\/?post_type=resource&#038;p=20753"},"modified":"2026-02-24T10:39:43","modified_gmt":"2026-02-24T10:39:43","slug":"festival-projetocancao-a-harpa-na-cancao","status":"publish","type":"resource","link":"https:\/\/museudoporto.pt\/en\/recurso\/festival-projetocancao-a-harpa-na-cancao\/","title":{"rendered":"FESTIVAL PROJETO:CAN\u00c7\u00c3O \u2014 A HARPA NA CAN\u00c7\u00c3O"},"content":{"rendered":"","protected":false},"featured_media":20754,"template":"","resource_category":[20],"class_list":["post-20753","resource","type-resource","status-publish","has-post-thumbnail","hentry","resource_category-atividades"],"acf":{"ambient_sound":false,"breadcrumb":false,"file":false,"content":[{"acf_fc_layout":"event","display_title":"FESTIVAL PROJETO:CAN\u00c7\u00c3O \u2014 A HARPA NA CAN\u00c7\u00c3O","subtitle":"<p>Programa\u00e7\u00e3o: Projeto:Can\u00e7\u00e3o<\/p>\n","date":{"show_time":true,"type":"range","date":null,"start_date":"14\/03\/2026 16:00","end_date":"14\/03\/2026 17:30"},"sessions":null,"location":{"type":"other","station":false,"location":"BIBLIOTECA MUNICIPAL ALMEIDA GARRETT \/ AUDIT\u00d3RIO"},"media":{"type":false,"image":{"ID":20755,"id":20755,"title":"default (1)","filename":"default-1-scaled.jpg","filesize":1466478,"url":"https:\/\/museudoporto.pt\/wp-content\/uploads\/2026\/02\/default-1-scaled.jpg","link":"https:\/\/museudoporto.pt\/en\/default-1-2\/","alt":"","author":"16","description":"","caption":"","name":"default-1-2","status":"inherit","uploaded_to":0,"date":"2026-02-24 10:38:09","modified":"2026-02-24 10:38:36","menu_order":0,"mime_type":"image\/jpeg","type":"image","subtype":"jpeg","icon":"https:\/\/museudoporto.pt\/wp-includes\/images\/media\/default.png","width":1963,"height":2560,"sizes":{"thumbnail":"https:\/\/museudoporto.pt\/wp-content\/uploads\/2026\/02\/default-1-150x150.jpg","thumbnail-width":150,"thumbnail-height":150,"medium":"https:\/\/museudoporto.pt\/wp-content\/uploads\/2026\/02\/default-1-230x300.jpg","medium-width":230,"medium-height":300,"medium_large":"https:\/\/museudoporto.pt\/wp-content\/uploads\/2026\/02\/default-1-768x1001.jpg","medium_large-width":640,"medium_large-height":834,"large":"https:\/\/museudoporto.pt\/wp-content\/uploads\/2026\/02\/default-1-785x1024.jpg","large-width":640,"large-height":835,"ufg_200_200":"https:\/\/museudoporto.pt\/wp-content\/uploads\/2026\/02\/default-1-200x200.jpg","ufg_200_200-width":200,"ufg_200_200-height":200,"ufg_300_300":"https:\/\/museudoporto.pt\/wp-content\/uploads\/2026\/02\/default-1-300x300.jpg","ufg_300_300-width":300,"ufg_300_300-height":300,"ufg_400_400":"https:\/\/museudoporto.pt\/wp-content\/uploads\/2026\/02\/default-1-400x400.jpg","ufg_400_400-width":400,"ufg_400_400-height":400,"1536x1536":"https:\/\/museudoporto.pt\/wp-content\/uploads\/2026\/02\/default-1-1178x1536.jpg","1536x1536-width":1178,"1536x1536-height":1536,"2048x2048":"https:\/\/museudoporto.pt\/wp-content\/uploads\/2026\/02\/default-1-1571x2048.jpg","2048x2048-width":1571,"2048x2048-height":2048}},"gallery":false},"excerpt":"<p>A Biblioteca Municipal Almeida Garrett apresenta, pela primeira vez no \u00e2mbito dos concertos do Projeto:Can\u00e7\u00e3o, um recital que combina voz e harpa, protagonizado por Ana Aroso (harpa) e Marina Pacheco (soprano).<\/p>\n<p>Centrado em can\u00e7\u00f5es especificamente compostas para esta forma\u00e7\u00e3o, o programa evoca a figura de Isabella Colbran, soprano espanhola e musa de Gioachino Rossini, autora de v\u00e1rios conjuntos de can\u00e7\u00f5es para voz e harpa, passando por diferentes gera\u00e7\u00f5es da escola francesa que elegeu a harpa como instrumento de refer\u00eancia, com compositores como Marcel Tournier, Jean-Michel Damase e Bernard Andr\u00e8s. O concerto inclui ainda adapta\u00e7\u00f5es de can\u00e7\u00f5es de W. A. Mozart e Robert Schumann, culminando na celebra\u00e7\u00e3o dos 200 anos da morte de Carl Maria von Weber.<\/p>\n","content":"<p>A Biblioteca Municipal Almeida Garrett apresenta, pela primeira vez no \u00e2mbito dos concertos do Projeto:Can\u00e7\u00e3o, um recital que combina voz e harpa, protagonizado por Ana Aroso (harpa) e Marina Pacheco (soprano).<\/p>\n<p>Centrado em can\u00e7\u00f5es especificamente compostas para esta forma\u00e7\u00e3o, o programa evoca a figura de Isabella Colbran, soprano espanhola e musa de Gioachino Rossini, autora de v\u00e1rios conjuntos de can\u00e7\u00f5es para voz e harpa, passando por diferentes gera\u00e7\u00f5es da escola francesa que elegeu a harpa como instrumento de refer\u00eancia, com compositores como Marcel Tournier, Jean-Michel Damase e Bernard Andr\u00e8s. O concerto inclui ainda adapta\u00e7\u00f5es de can\u00e7\u00f5es de W. A. Mozart e Robert Schumann, culminando na celebra\u00e7\u00e3o dos 200 anos da morte de Carl Maria von Weber.<\/p>\n<p>&nbsp;<\/p>\n<h2>ENTRADAS<\/h2>\n<p>Entrada livre, sujeita \u00e0 lota\u00e7\u00e3o do espa\u00e7o<\/p>\n<h2>Endere\u00e7o<\/h2>\n<p>Parque da Pasteleira (Entrada Poente)<br \/>\nRua de Gomes Eanes de Azurara, s\/n<br \/>\n4150-362 Porto<br \/>\nGPS: 41.151579, -8.662588<br \/>\n<a href=\"https:\/\/www.google.com\/maps\/place\/MUSEU+DA+CIDADE%E2%80%94Reservat%C3%B3rio\/@41.1516095,-8.6647695,17z\/data=!3m1!4b1!4m5!3m4!1s0xd246f0639d3f147:0xd6c8046be9a04e58!8m2!3d41.1516095!4d-8.6625808\">Localiza\u00e7\u00e3o<\/a><\/p>\n<h2>Autocarro<\/h2>\n<p>200, 204, 207, 504<\/p>\n<h2>Estacionamento<\/h2>\n<p>Lugares de estacionamento gratuitos.<\/p>\n<h2>Jardins<\/h2>\n<p><a href=\"https:\/\/museudoporto.pt\/en\/garden\/parque-da-pasteleira\/\">PARQUE URBANO DA PASTELEIRA<\/a><\/p>\n"}],"previous_link":{"label":"","link":""},"next_link":{"label":"","link":""}},"_links":{"self":[{"href":"https:\/\/museudoporto.pt\/en\/wp-json\/wp\/v2\/resource\/20753","targetHints":{"allow":["GET"]}}],"collection":[{"href":"https:\/\/museudoporto.pt\/en\/wp-json\/wp\/v2\/resource"}],"about":[{"href":"https:\/\/museudoporto.pt\/en\/wp-json\/wp\/v2\/types\/resource"}],"wp:featuredmedia":[{"embeddable":true,"href":"https:\/\/museudoporto.pt\/en\/wp-json\/wp\/v2\/media\/20754"}],"wp:attachment":[{"href":"https:\/\/museudoporto.pt\/en\/wp-json\/wp\/v2\/media?parent=20753"}],"wp:term":[{"taxonomy":"resource_category","embeddable":true,"href":"https:\/\/museudoporto.pt\/en\/wp-json\/wp\/v2\/resource_category?post=20753"}],"curies":[{"name":"wp","href":"https:\/\/api.w.org\/{rel}","templated":true}]}}

FESTIVAL PROJETO:CANÇÃO — A HARPA NA CANÇÃO

<p>Programação: Projeto:Canção</p>

BIBLIOTECA MUNICIPAL ALMEIDA GARRETT / AUDITÓRIO

<p>A Biblioteca Municipal Almeida Garrett apresenta, pela primeira vez no âmbito dos concertos do Projeto:Canção, um recital que combina voz e harpa, protagonizado por Ana Aroso (harpa) e Marina Pacheco (soprano).</p>
<p>Centrado em canções especificamente compostas para esta formação, o programa evoca a figura de Isabella Colbran, soprano espanhola e musa de Gioachino Rossini, autora de vários conjuntos de canções para voz e harpa, passando por diferentes gerações da escola francesa que elegeu a harpa como instrumento de referência, com compositores como Marcel Tournier, Jean-Michel Damase e Bernard Andrès. O concerto inclui ainda adaptações de canções de W. A. Mozart e Robert Schumann, culminando na celebração dos 200 anos da morte de Carl Maria von Weber.</p>

<p>A Biblioteca Municipal Almeida Garrett apresenta, pela primeira vez no âmbito dos concertos do Projeto:Canção, um recital que combina voz e harpa, protagonizado por Ana Aroso (harpa) e Marina Pacheco (soprano).</p>
<p>Centrado em canções especificamente compostas para esta formação, o programa evoca a figura de Isabella Colbran, soprano espanhola e musa de Gioachino Rossini, autora de vários conjuntos de canções para voz e harpa, passando por diferentes gerações da escola francesa que elegeu a harpa como instrumento de referência, com compositores como Marcel Tournier, Jean-Michel Damase e Bernard Andrès. O concerto inclui ainda adaptações de canções de W. A. Mozart e Robert Schumann, culminando na celebração dos 200 anos da morte de Carl Maria von Weber.</p>
<p>&nbsp;</p>
<h2>ENTRADAS</h2>
<p>Entrada livre, sujeita à lotação do espaço</p>
<h2>Endereço</h2>
<p>Parque da Pasteleira (Entrada Poente)<br />
Rua de Gomes Eanes de Azurara, s/n<br />
4150-362 Porto<br />
GPS: 41.151579, -8.662588<br />
<a href="https://www.google.com/maps/place/MUSEU+DA+CIDADE%E2%80%94Reservat%C3%B3rio/@41.1516095,-8.6647695,17z/data=!3m1!4b1!4m5!3m4!1s0xd246f0639d3f147:0xd6c8046be9a04e58!8m2!3d41.1516095!4d-8.6625808">Localização</a></p>
<h2>Autocarro</h2>
<p>200, 204, 207, 504</p>
<h2>Estacionamento</h2>
<p>Lugares de estacionamento gratuitos.</p>
<h2>Jardins</h2>
<p><a href="https://museudoporto.pt/en/garden/parque-da-pasteleira/">PARQUE URBANO DA PASTELEIRA</a></p>
