{"id":20760,"date":"2026-02-24T10:54:10","date_gmt":"2026-02-24T10:54:10","guid":{"rendered":"https:\/\/museudoporto.pt\/?post_type=resource&#038;p=20760"},"modified":"2026-02-24T10:54:10","modified_gmt":"2026-02-24T10:54:10","slug":"oficina-literatura-infantojuvenil-e-sociedade-como-os-livros-para-os-mais-novos-acompanham-os-momentos-de-viragem-historica","status":"publish","type":"resource","link":"https:\/\/museudoporto.pt\/en\/recurso\/oficina-literatura-infantojuvenil-e-sociedade-como-os-livros-para-os-mais-novos-acompanham-os-momentos-de-viragem-historica\/","title":{"rendered":"OFICINA \u2014 LITERATURA INFANTOJUVENIL E SOCIEDADE \u2014 COMO OS LIVROS PARA OS MAIS NOVOS ACOMPANHAM OS MOMENTOS DE VIRAGEM HIST\u00d3RICA"},"content":{"rendered":"","protected":false},"featured_media":20763,"template":"","resource_category":[20],"class_list":["post-20760","resource","type-resource","status-publish","has-post-thumbnail","hentry","resource_category-atividades"],"acf":{"breadcrumb":false,"file":false,"content":[{"acf_fc_layout":"event","display_title":"OFICINA \u2014 LITERATURA INFANTOJUVENIL E SOCIEDADE \u2014 COMO OS LIVROS PARA OS MAIS NOVOS ACOMPANHAM OS MOMENTOS DE VIRAGEM HIST\u00d3RICA","subtitle":"<p>Com Carla Maia de Almeida<\/p>\n","date":{"show_time":true,"type":"range","date":null,"start_date":"07\/03\/2026 10:00","end_date":"07\/03\/2026 17:30"},"sessions":null,"location":{"type":"other","station":false,"location":"BIBLIOTECA MUNICIPAL ALMEIDA GARRETT \/ SALA UNICER"},"media":{"type":false,"image":{"ID":20764,"id":20764,"title":"Oficina_copyright Gil \u00c1lvaro de Lemos","filename":"Oficina_copyright-Gil-Alvaro-de-Lemos-scaled.jpg","filesize":813012,"url":"https:\/\/museudoporto.pt\/wp-content\/uploads\/2026\/02\/Oficina_copyright-Gil-Alvaro-de-Lemos-scaled.jpg","link":"https:\/\/museudoporto.pt\/en\/oficina_copyright-gil-alvaro-de-lemos-2\/","alt":"","author":"17","description":"","caption":"","name":"oficina_copyright-gil-alvaro-de-lemos-2","status":"inherit","uploaded_to":0,"date":"2026-02-24 10:51:44","modified":"2026-02-24 10:51:57","menu_order":0,"mime_type":"image\/jpeg","type":"image","subtype":"jpeg","icon":"https:\/\/museudoporto.pt\/wp-includes\/images\/media\/default.png","width":2560,"height":2548,"sizes":{"thumbnail":"https:\/\/museudoporto.pt\/wp-content\/uploads\/2026\/02\/Oficina_copyright-Gil-Alvaro-de-Lemos-150x150.jpg","thumbnail-width":150,"thumbnail-height":150,"medium":"https:\/\/museudoporto.pt\/wp-content\/uploads\/2026\/02\/Oficina_copyright-Gil-Alvaro-de-Lemos-300x300.jpg","medium-width":300,"medium-height":300,"medium_large":"https:\/\/museudoporto.pt\/wp-content\/uploads\/2026\/02\/Oficina_copyright-Gil-Alvaro-de-Lemos-768x764.jpg","medium_large-width":640,"medium_large-height":637,"large":"https:\/\/museudoporto.pt\/wp-content\/uploads\/2026\/02\/Oficina_copyright-Gil-Alvaro-de-Lemos-1024x1019.jpg","large-width":640,"large-height":637,"ufg_200_200":"https:\/\/museudoporto.pt\/wp-content\/uploads\/2026\/02\/Oficina_copyright-Gil-Alvaro-de-Lemos-200x200.jpg","ufg_200_200-width":200,"ufg_200_200-height":200,"ufg_300_300":"https:\/\/museudoporto.pt\/wp-content\/uploads\/2026\/02\/Oficina_copyright-Gil-Alvaro-de-Lemos-300x300.jpg","ufg_300_300-width":300,"ufg_300_300-height":300,"ufg_400_400":"https:\/\/museudoporto.pt\/wp-content\/uploads\/2026\/02\/Oficina_copyright-Gil-Alvaro-de-Lemos-400x400.jpg","ufg_400_400-width":400,"ufg_400_400-height":400,"1536x1536":"https:\/\/museudoporto.pt\/wp-content\/uploads\/2026\/02\/Oficina_copyright-Gil-Alvaro-de-Lemos-1536x1529.jpg","1536x1536-width":1536,"1536x1536-height":1529,"2048x2048":"https:\/\/museudoporto.pt\/wp-content\/uploads\/2026\/02\/Oficina_copyright-Gil-Alvaro-de-Lemos-2048x2039.jpg","2048x2048-width":2048,"2048x2048-height":2039}},"gallery":false},"excerpt":"<p>Carla Maia de Almeida, escritora, tradutora e jornalista prop\u00f5e aos participantes um percurso pela Literatura para a Inf\u00e2ncia e Juventude (LIJ) a par da Hist\u00f3ria da sociedade e da civiliza\u00e7\u00e3o. Nesta oficina pretende-se explorar a evolu\u00e7\u00e3o da LIJ e refletir sobre tend\u00eancias contempor\u00e2neas, numa altura em que o mundo se tornou imprevis\u00edvel. V\u00e3o-se identificar valores culturais enunciados num conjunto previamente selecionado de livros de fic\u00e7\u00e3o e n\u00e3o-fic\u00e7\u00e3o, refletir sobre algumas tend\u00eancias atuais da escrita para os mais novos, comparar registos discursivos de diferentes \u00e9pocas e sistematizar crit\u00e9rios de aferi\u00e7\u00e3o de qualidade na literatura infantojuvenil.<\/p>\n","content":"<p>Carla Maia de Almeida, escritora, tradutora e jornalista prop\u00f5e aos participantes um percurso pela Literatura para a Inf\u00e2ncia e Juventude (LIJ) a par da Hist\u00f3ria da sociedade e da civiliza\u00e7\u00e3o. Nesta oficina pretende-se explorar a evolu\u00e7\u00e3o da LIJ e refletir sobre tend\u00eancias contempor\u00e2neas, numa altura em que o mundo se tornou imprevis\u00edvel. V\u00e3o-se identificar valores culturais enunciados num conjunto previamente selecionado de livros de fic\u00e7\u00e3o e n\u00e3o-fic\u00e7\u00e3o, refletir sobre algumas tend\u00eancias atuais da escrita para os mais novos, comparar registos discursivos de diferentes \u00e9pocas e sistematizar crit\u00e9rios de aferi\u00e7\u00e3o de qualidade na literatura infantojuvenil.<\/p>\n<p>&nbsp;<\/p>\n<p>&nbsp;<\/p>\n<p>&nbsp;<\/p>\n<h2>INSCRI\u00c7\u00d5ES<\/h2>\n<p>Entrada 7 euros \/ 3,50 euros com cart\u00e3o da biblioteca ou cart\u00e3o Porto.<br \/>\n<a href=\"https:\/\/porto.bol.pt\/Comprar\/Bilhetes\/173266-oficina_literatura_infantojuvenil_e_sociedade-bib_m_almeida_garrett\/\">Bilheteira online<\/a> ou espa\u00e7os com bilheteira do Museu e Bibliotecas do Porto<\/p>\n<p>&nbsp;<\/p>\n<p>&nbsp;<\/p>\n<h2>ENDERE\u00c7O<\/h2>\n<p>Jardins do Pal\u00e1cio de Cristal,<br \/>\nRua de D. Manuel II, 4050-239 Porto<\/p>\n"}],"previous_link":{"label":"","link":""},"next_link":{"label":"","link":""},"ambient_sound":false},"_links":{"self":[{"href":"https:\/\/museudoporto.pt\/en\/wp-json\/wp\/v2\/resource\/20760","targetHints":{"allow":["GET"]}}],"collection":[{"href":"https:\/\/museudoporto.pt\/en\/wp-json\/wp\/v2\/resource"}],"about":[{"href":"https:\/\/museudoporto.pt\/en\/wp-json\/wp\/v2\/types\/resource"}],"wp:featuredmedia":[{"embeddable":true,"href":"https:\/\/museudoporto.pt\/en\/wp-json\/wp\/v2\/media\/20763"}],"wp:attachment":[{"href":"https:\/\/museudoporto.pt\/en\/wp-json\/wp\/v2\/media?parent=20760"}],"wp:term":[{"taxonomy":"resource_category","embeddable":true,"href":"https:\/\/museudoporto.pt\/en\/wp-json\/wp\/v2\/resource_category?post=20760"}],"curies":[{"name":"wp","href":"https:\/\/api.w.org\/{rel}","templated":true}]}}

OFICINA — LITERATURA INFANTOJUVENIL E SOCIEDADE — COMO OS LIVROS PARA OS MAIS NOVOS ACOMPANHAM OS MOMENTOS DE VIRAGEM HISTÓRICA

Oficina_copyright Gil Álvaro de Lemos

<p>Carla Maia de Almeida, escritora, tradutora e jornalista propõe aos participantes um percurso pela Literatura para a Infância e Juventude (LIJ) a par da História da sociedade e da civilização. Nesta oficina pretende-se explorar a evolução da LIJ e refletir sobre tendências contemporâneas, numa altura em que o mundo se tornou imprevisível. Vão-se identificar valores culturais enunciados num conjunto previamente selecionado de livros de ficção e não-ficção, refletir sobre algumas tendências atuais da escrita para os mais novos, comparar registos discursivos de diferentes épocas e sistematizar critérios de aferição de qualidade na literatura infantojuvenil.</p>

<p>Carla Maia de Almeida, escritora, tradutora e jornalista propõe aos participantes um percurso pela Literatura para a Infância e Juventude (LIJ) a par da História da sociedade e da civilização. Nesta oficina pretende-se explorar a evolução da LIJ e refletir sobre tendências contemporâneas, numa altura em que o mundo se tornou imprevisível. Vão-se identificar valores culturais enunciados num conjunto previamente selecionado de livros de ficção e não-ficção, refletir sobre algumas tendências atuais da escrita para os mais novos, comparar registos discursivos de diferentes épocas e sistematizar critérios de aferição de qualidade na literatura infantojuvenil.</p>
<p>&nbsp;</p>
<p>&nbsp;</p>
<p>&nbsp;</p>
<h2>INSCRIÇÕES</h2>
<p>Entrada 7 euros / 3,50 euros com cartão da biblioteca ou cartão Porto.<br />
<a href="https://porto.bol.pt/Comprar/Bilhetes/173266-oficina_literatura_infantojuvenil_e_sociedade-bib_m_almeida_garrett/">Bilheteira online</a> ou espaços com bilheteira do Museu e Bibliotecas do Porto</p>
<p>&nbsp;</p>
<p>&nbsp;</p>
<h2>ENDEREÇO</h2>
<p>Jardins do Palácio de Cristal,<br />
Rua de D. Manuel II, 4050-239 Porto</p>
