{"id":20785,"date":"2026-02-24T12:06:08","date_gmt":"2026-02-24T12:06:08","guid":{"rendered":"https:\/\/museudoporto.pt\/?post_type=resource&#038;p=20785"},"modified":"2026-02-24T12:06:42","modified_gmt":"2026-02-24T12:06:42","slug":"dia-mundial-da-poesia-maquina-de-embrulhar-poemas","status":"publish","type":"resource","link":"https:\/\/museudoporto.pt\/en\/recurso\/dia-mundial-da-poesia-maquina-de-embrulhar-poemas\/","title":{"rendered":"DIA MUNDIAL DA POESIA \u2014 M\u00c1QUINA DE EMBRULHAR POEMAS"},"content":{"rendered":"","protected":false},"featured_media":20786,"template":"","resource_category":[20],"class_list":["post-20785","resource","type-resource","status-publish","has-post-thumbnail","hentry","resource_category-atividades"],"acf":{"breadcrumb":false,"file":false,"content":[{"acf_fc_layout":"event","display_title":"DIA MUNDIAL DA POESIA \u2014 M\u00c1QUINA DE EMBRULHAR POEMAS","subtitle":"<p>Com O Som do Algod\u00e3o<\/p>\n","date":{"show_time":true,"type":"range","date":null,"start_date":"20\/03\/2026 14:00","end_date":"20\/03\/2026 15:00"},"sessions":null,"location":{"type":"other","station":false,"location":"BIBLIOTECA MUNICIPAL ALMEIDA GARRETT \/ AUDIT\u00d3RIO"},"media":{"type":false,"image":{"ID":20787,"id":20787,"title":"poemas @nelson d'aires","filename":"poemas-@nelson-daires.jpg","filesize":380966,"url":"https:\/\/museudoporto.pt\/wp-content\/uploads\/2026\/02\/poemas-@nelson-daires.jpg","link":"https:\/\/museudoporto.pt\/en\/poemas-nelson-daires-2\/","alt":"","author":"17","description":"","caption":"O Som do Algod\u00e3o","name":"poemas-nelson-daires-2","status":"inherit","uploaded_to":0,"date":"2026-02-24 12:05:31","modified":"2026-02-24 12:05:41","menu_order":0,"mime_type":"image\/jpeg","type":"image","subtype":"jpeg","icon":"https:\/\/museudoporto.pt\/wp-includes\/images\/media\/default.png","width":2039,"height":1373,"sizes":{"thumbnail":"https:\/\/museudoporto.pt\/wp-content\/uploads\/2026\/02\/poemas-@nelson-daires-150x150.jpg","thumbnail-width":150,"thumbnail-height":150,"medium":"https:\/\/museudoporto.pt\/wp-content\/uploads\/2026\/02\/poemas-@nelson-daires-300x202.jpg","medium-width":300,"medium-height":202,"medium_large":"https:\/\/museudoporto.pt\/wp-content\/uploads\/2026\/02\/poemas-@nelson-daires-768x517.jpg","medium_large-width":640,"medium_large-height":431,"large":"https:\/\/museudoporto.pt\/wp-content\/uploads\/2026\/02\/poemas-@nelson-daires-1024x690.jpg","large-width":640,"large-height":431,"ufg_200_200":"https:\/\/museudoporto.pt\/wp-content\/uploads\/2026\/02\/poemas-@nelson-daires-200x200.jpg","ufg_200_200-width":200,"ufg_200_200-height":200,"ufg_300_300":"https:\/\/museudoporto.pt\/wp-content\/uploads\/2026\/02\/poemas-@nelson-daires-300x300.jpg","ufg_300_300-width":300,"ufg_300_300-height":300,"ufg_400_400":"https:\/\/museudoporto.pt\/wp-content\/uploads\/2026\/02\/poemas-@nelson-daires-400x400.jpg","ufg_400_400-width":400,"ufg_400_400-height":400,"1536x1536":"https:\/\/museudoporto.pt\/wp-content\/uploads\/2026\/02\/poemas-@nelson-daires-1536x1034.jpg","1536x1536-width":1536,"1536x1536-height":1034,"2048x2048":"https:\/\/museudoporto.pt\/wp-content\/uploads\/2026\/02\/poemas-@nelson-daires.jpg","2048x2048-width":2039,"2048x2048-height":1373}},"gallery":false},"excerpt":"<p>E se uma m\u00e1quina embrulhasse poemas, versos, cantigas e lengalengas? E se das m\u00e1quinas brotassem poesia, gritos, can\u00e7\u00f5es? Nesta sess\u00e3o, cada poema \u00e9 uma paragem, uma hist\u00f3ria e uma viagem, um enredo onde se embrulham poemas e coisas que rebentam da terra, que saltam das nuvens e dos locais mais inesperados. Afinal, a poesia \u00e9 isso mesmo, a beleza desenfreada do inesperado.<\/p>\n","content":"<p>E se uma m\u00e1quina embrulhasse poemas, versos, cantigas e lengalengas? E se das m\u00e1quinas brotassem poesia, gritos, can\u00e7\u00f5es? Nesta sess\u00e3o, cada poema \u00e9 uma paragem, uma hist\u00f3ria e uma viagem, um enredo onde se embrulham poemas e coisas que rebentam da terra, que saltam das nuvens e dos locais mais inesperados. Afinal, a poesia \u00e9 isso mesmo, a beleza desenfreada do inesperado.<\/p>\n<p>&nbsp;<\/p>\n<p>&nbsp;<\/p>\n<p>&nbsp;<\/p>\n<h2>Entradas<\/h2>\n<p>Entrada gratuita, sujeita \u00e0 lota\u00e7\u00e3o do espa\u00e7o \/ 186 participantes<br \/>\nInscri\u00e7\u00e3o atrav\u00e9s de <a href=\"https:\/\/bmp.cm-porto.pt\/espetaculos_familias\">formul\u00e1rio<\/a> em\u00a0<a href=\"http:\/\/museudoporto.pt\/\" target=\"_blank\" rel=\"noopener\">museudoporto.pt<\/a>\u00a0ou\u00a0<a href=\"http:\/\/bmp.cm-porto.pt\/\" target=\"_blank\" rel=\"noopener\">bmp.cm-porto.pt<\/a><br \/>\nMaiores de 5 anos \/ Grupos do pr\u00e9-escolar, 1.\u00ba e 2.\u00ba ciclos<\/p>\n<h2>Endere\u00e7o<\/h2>\n<p>Jardins do Pal\u00e1cio de Cristal,<\/p>\n<p>Rua de D. Manuel II, 4050-239 Porto<\/p>\n"}],"previous_link":{"label":"","link":""},"next_link":{"label":"","link":""},"ambient_sound":false},"_links":{"self":[{"href":"https:\/\/museudoporto.pt\/en\/wp-json\/wp\/v2\/resource\/20785","targetHints":{"allow":["GET"]}}],"collection":[{"href":"https:\/\/museudoporto.pt\/en\/wp-json\/wp\/v2\/resource"}],"about":[{"href":"https:\/\/museudoporto.pt\/en\/wp-json\/wp\/v2\/types\/resource"}],"wp:featuredmedia":[{"embeddable":true,"href":"https:\/\/museudoporto.pt\/en\/wp-json\/wp\/v2\/media\/20786"}],"wp:attachment":[{"href":"https:\/\/museudoporto.pt\/en\/wp-json\/wp\/v2\/media?parent=20785"}],"wp:term":[{"taxonomy":"resource_category","embeddable":true,"href":"https:\/\/museudoporto.pt\/en\/wp-json\/wp\/v2\/resource_category?post=20785"}],"curies":[{"name":"wp","href":"https:\/\/api.w.org\/{rel}","templated":true}]}}

DIA MUNDIAL DA POESIA — MÁQUINA DE EMBRULHAR POEMAS

<p>Com O Som do Algodão</p>

BIBLIOTECA MUNICIPAL ALMEIDA GARRETT / AUDITÓRIO

O Som do Algodão

<p>E se uma máquina embrulhasse poemas, versos, cantigas e lengalengas? E se das máquinas brotassem poesia, gritos, canções? Nesta sessão, cada poema é uma paragem, uma história e uma viagem, um enredo onde se embrulham poemas e coisas que rebentam da terra, que saltam das nuvens e dos locais mais inesperados. Afinal, a poesia é isso mesmo, a beleza desenfreada do inesperado.</p>

<p>E se uma máquina embrulhasse poemas, versos, cantigas e lengalengas? E se das máquinas brotassem poesia, gritos, canções? Nesta sessão, cada poema é uma paragem, uma história e uma viagem, um enredo onde se embrulham poemas e coisas que rebentam da terra, que saltam das nuvens e dos locais mais inesperados. Afinal, a poesia é isso mesmo, a beleza desenfreada do inesperado.</p>
<p>&nbsp;</p>
<p>&nbsp;</p>
<p>&nbsp;</p>
<h2>Entradas</h2>
<p>Entrada gratuita, sujeita à lotação do espaço / 186 participantes<br />
Inscrição através de <a href="https://bmp.cm-porto.pt/espetaculos_familias">formulário</a> em <a href="http://museudoporto.pt/" target="_blank" rel="noopener">museudoporto.pt</a> ou <a href="http://bmp.cm-porto.pt/" target="_blank" rel="noopener">bmp.cm-porto.pt</a><br />
Maiores de 5 anos / Grupos do pré-escolar, 1.º e 2.º ciclos</p>
<h2>Endereço</h2>
<p>Jardins do Palácio de Cristal,</p>
<p>Rua de D. Manuel II, 4050-239 Porto</p>
