{"id":20815,"date":"2026-02-24T14:25:11","date_gmt":"2026-02-24T14:25:11","guid":{"rendered":"https:\/\/museudoporto.pt\/?post_type=resource&#038;p=20815"},"modified":"2026-03-12T15:52:34","modified_gmt":"2026-03-12T15:52:34","slug":"dia-mundial-da-poesia-sobre-a-poesia-a-prosa-e-a-narrativa-o-fim-dos-estados-unidos-da-america","status":"publish","type":"resource","link":"https:\/\/museudoporto.pt\/en\/recurso\/dia-mundial-da-poesia-sobre-a-poesia-a-prosa-e-a-narrativa-o-fim-dos-estados-unidos-da-america\/","title":{"rendered":"DIA MUNDIAL DA POESIA \u2014 SOBRE A POESIA, A PROSA E A NARRATIVA \u2014 \u00abO FIM DOS ESTADOS UNIDOS DA AM\u00c9RICA\u00bb"},"content":{"rendered":"","protected":false},"featured_media":20816,"template":"","resource_category":[20],"class_list":["post-20815","resource","type-resource","status-publish","has-post-thumbnail","hentry","resource_category-atividades"],"acf":{"breadcrumb":false,"file":false,"content":[{"acf_fc_layout":"event","display_title":"DIA MUNDIAL DA POESIA \u2014 SOBRE A POESIA, A PROSA E A NARRATIVA \u2014 \u00abO FIM DOS ESTADOS UNIDOS DA AM\u00c9RICA\u00bb","subtitle":"<div class=\"bl-text bl-base-paragraph\" data-bl-name=\"Text\" data-bl-id=\"c1HYQatEpKBxCdxb\" data-bl-index=\"0\" data-content-id=\"s2TDOOdmPEChxgVf\">\n<p>Com Gon\u00e7alo M. Tavares<\/p>\n<\/div>\n","date":{"show_time":true,"type":"range","date":null,"start_date":"28\/03\/2026 15:00","end_date":"28\/03\/2026 16:30"},"sessions":null,"location":{"type":"other","station":false,"location":"BIBLIOTECA MUNICIPAL ALMEIDA GARRETT \/ AUDIT\u00d3RIO"},"media":{"type":false,"image":{"ID":20817,"id":20817,"title":"Gon\u00e7alo M. Tavares_cr\u00e9ditos Joana Caiano","filename":"Goncalo-M.-Tavares_creditos-Joana-Caiano.jpeg","filesize":148899,"url":"https:\/\/museudoporto.pt\/wp-content\/uploads\/2026\/02\/Goncalo-M.-Tavares_creditos-Joana-Caiano.jpeg","link":"https:\/\/museudoporto.pt\/en\/goncalo-m-tavares_creditos-joana-caiano-2\/","alt":"","author":"17","description":"","caption":"Gon\u00e7alo M. Tavares","name":"goncalo-m-tavares_creditos-joana-caiano-2","status":"inherit","uploaded_to":0,"date":"2026-02-24 14:24:16","modified":"2026-02-24 14:24:30","menu_order":0,"mime_type":"image\/jpeg","type":"image","subtype":"jpeg","icon":"https:\/\/museudoporto.pt\/wp-includes\/images\/media\/default.png","width":1600,"height":1066,"sizes":{"thumbnail":"https:\/\/museudoporto.pt\/wp-content\/uploads\/2026\/02\/Goncalo-M.-Tavares_creditos-Joana-Caiano-150x150.jpeg","thumbnail-width":150,"thumbnail-height":150,"medium":"https:\/\/museudoporto.pt\/wp-content\/uploads\/2026\/02\/Goncalo-M.-Tavares_creditos-Joana-Caiano-300x200.jpeg","medium-width":300,"medium-height":200,"medium_large":"https:\/\/museudoporto.pt\/wp-content\/uploads\/2026\/02\/Goncalo-M.-Tavares_creditos-Joana-Caiano-768x512.jpeg","medium_large-width":640,"medium_large-height":427,"large":"https:\/\/museudoporto.pt\/wp-content\/uploads\/2026\/02\/Goncalo-M.-Tavares_creditos-Joana-Caiano-1024x682.jpeg","large-width":640,"large-height":426,"ufg_200_200":"https:\/\/museudoporto.pt\/wp-content\/uploads\/2026\/02\/Goncalo-M.-Tavares_creditos-Joana-Caiano-200x200.jpeg","ufg_200_200-width":200,"ufg_200_200-height":200,"ufg_300_300":"https:\/\/museudoporto.pt\/wp-content\/uploads\/2026\/02\/Goncalo-M.-Tavares_creditos-Joana-Caiano-300x300.jpeg","ufg_300_300-width":300,"ufg_300_300-height":300,"ufg_400_400":"https:\/\/museudoporto.pt\/wp-content\/uploads\/2026\/02\/Goncalo-M.-Tavares_creditos-Joana-Caiano-400x400.jpeg","ufg_400_400-width":400,"ufg_400_400-height":400,"1536x1536":"https:\/\/museudoporto.pt\/wp-content\/uploads\/2026\/02\/Goncalo-M.-Tavares_creditos-Joana-Caiano-1536x1023.jpeg","1536x1536-width":1536,"1536x1536-height":1023,"2048x2048":"https:\/\/museudoporto.pt\/wp-content\/uploads\/2026\/02\/Goncalo-M.-Tavares_creditos-Joana-Caiano.jpeg","2048x2048-width":1600,"2048x2048-height":1066}},"gallery":false},"excerpt":"<p>Uma \u00abaula aberta\u00bb com Gon\u00e7alo M. Tavares sobre poesia e prosa e sobre o conceito de epopeia, com refer\u00eancias \u00e0 poesia cl\u00e1ssica grega e \u00e0 poesia americana contempor\u00e2nea, como exemplos.<\/p>\n<p>&nbsp;<\/p>\n<p>Nesta sess\u00e3o ser\u00e3o feitas leituras do \u00faltimo livro do autor, \u00abO Fim dos Estados Unidos da Am\u00e9rica\u00bb, a epopeia, procurando ilustrar esse ritmo de escrita que mistura diferentes tipos de linguagem \u2013 uma linguagem mais densa e o cal\u00e3o, por exemplo \u2013 e que cruza o percurso narrativo de uma peste nos Estados Unidos da Am\u00e9rica, que divide pobres e ricos, com o pr\u00f3prio ritmo da l\u00edngua.<\/p>\n","content":"<p>Uma \u00abaula aberta\u00bb com Gon\u00e7alo M. Tavares sobre poesia e prosa e sobre o conceito de epopeia, com refer\u00eancias \u00e0 poesia cl\u00e1ssica grega e \u00e0 poesia americana contempor\u00e2nea, como exemplos.<\/p>\n<p>&nbsp;<\/p>\n<p>Nesta sess\u00e3o ser\u00e3o feitas leituras do \u00faltimo livro do autor, \u00abO Fim dos Estados Unidos da Am\u00e9rica\u00bb, a epopeia, procurando ilustrar esse ritmo de escrita que mistura diferentes tipos de linguagem \u2013 uma linguagem mais densa e o cal\u00e3o, por exemplo \u2013 e que cruza o percurso narrativo de uma peste nos Estados Unidos da Am\u00e9rica, que divide pobres e ricos, com o pr\u00f3prio ritmo da l\u00edngua.<\/p>\n<p>&nbsp;<\/p>\n<p>&nbsp;<\/p>\n<p>&nbsp;<\/p>\n<p>&nbsp;<\/p>\n<h2>Entradas<\/h2>\n<p data-pm-slice=\"1 1 []\">Entrada gratuita sujeita ao levantamento de bilhete no balc\u00e3o de informa\u00e7\u00e3o da BMAG<\/p>\n<h2>Endere\u00e7o<\/h2>\n<p>Jardins do Pal\u00e1cio de Cristal,<\/p>\n<p>Rua de D. Manuel II, 4050-239 Porto<\/p>\n"}],"previous_link":{"label":"","link":""},"next_link":{"label":"","link":""},"ambient_sound":false},"_links":{"self":[{"href":"https:\/\/museudoporto.pt\/en\/wp-json\/wp\/v2\/resource\/20815","targetHints":{"allow":["GET"]}}],"collection":[{"href":"https:\/\/museudoporto.pt\/en\/wp-json\/wp\/v2\/resource"}],"about":[{"href":"https:\/\/museudoporto.pt\/en\/wp-json\/wp\/v2\/types\/resource"}],"wp:featuredmedia":[{"embeddable":true,"href":"https:\/\/museudoporto.pt\/en\/wp-json\/wp\/v2\/media\/20816"}],"wp:attachment":[{"href":"https:\/\/museudoporto.pt\/en\/wp-json\/wp\/v2\/media?parent=20815"}],"wp:term":[{"taxonomy":"resource_category","embeddable":true,"href":"https:\/\/museudoporto.pt\/en\/wp-json\/wp\/v2\/resource_category?post=20815"}],"curies":[{"name":"wp","href":"https:\/\/api.w.org\/{rel}","templated":true}]}}

DIA MUNDIAL DA POESIA — SOBRE A POESIA, A PROSA E A NARRATIVA — «O FIM DOS ESTADOS UNIDOS DA AMÉRICA»

<div class="bl-text bl-base-paragraph" data-bl-name="Text" data-bl-id="c1HYQatEpKBxCdxb" data-bl-index="0" data-content-id="s2TDOOdmPEChxgVf">
<p>Com Gonçalo M. Tavares</p>
</div>

BIBLIOTECA MUNICIPAL ALMEIDA GARRETT / AUDITÓRIO

Gonçalo M. Tavares_créditos Joana Caiano

Gonçalo M. Tavares

<p>Uma «aula aberta» com Gonçalo M. Tavares sobre poesia e prosa e sobre o conceito de epopeia, com referências à poesia clássica grega e à poesia americana contemporânea, como exemplos.</p>
<p>&nbsp;</p>
<p>Nesta sessão serão feitas leituras do último livro do autor, «O Fim dos Estados Unidos da América», a epopeia, procurando ilustrar esse ritmo de escrita que mistura diferentes tipos de linguagem – uma linguagem mais densa e o calão, por exemplo – e que cruza o percurso narrativo de uma peste nos Estados Unidos da América, que divide pobres e ricos, com o próprio ritmo da língua.</p>

<p>Uma «aula aberta» com Gonçalo M. Tavares sobre poesia e prosa e sobre o conceito de epopeia, com referências à poesia clássica grega e à poesia americana contemporânea, como exemplos.</p>
<p>&nbsp;</p>
<p>Nesta sessão serão feitas leituras do último livro do autor, «O Fim dos Estados Unidos da América», a epopeia, procurando ilustrar esse ritmo de escrita que mistura diferentes tipos de linguagem – uma linguagem mais densa e o calão, por exemplo – e que cruza o percurso narrativo de uma peste nos Estados Unidos da América, que divide pobres e ricos, com o próprio ritmo da língua.</p>
<p>&nbsp;</p>
<p>&nbsp;</p>
<p>&nbsp;</p>
<p>&nbsp;</p>
<h2>Entradas</h2>
<p data-pm-slice="1 1 []">Entrada gratuita sujeita ao levantamento de bilhete no balcão de informação da BMAG</p>
<h2>Endereço</h2>
<p>Jardins do Palácio de Cristal,</p>
<p>Rua de D. Manuel II, 4050-239 Porto</p>
