{"id":21106,"date":"2026-04-07T11:26:05","date_gmt":"2026-04-07T10:26:05","guid":{"rendered":"https:\/\/museudoporto.pt\/?post_type=resource&#038;p=21106"},"modified":"2026-04-24T14:39:46","modified_gmt":"2026-04-24T13:39:46","slug":"banco-de-materiais-fragmentos-da-cidade-em-conta-corrente-2","status":"publish","type":"resource","link":"https:\/\/museudoporto.pt\/en\/recurso\/banco-de-materiais-fragmentos-da-cidade-em-conta-corrente-2\/","title":{"rendered":"BANCO DE MATERIAIS \u2014 FRAGMENTOS DA CIDADE EM CONTA CORRENTE"},"content":{"rendered":"","protected":false},"featured_media":21176,"template":"","resource_category":[20,80,24],"class_list":["post-21106","resource","type-resource","status-publish","has-post-thumbnail","hentry","resource_category-atividades","resource_category-longa-duracao","resource_category-plataformas-publicas"],"acf":{"ambient_sound":false,"breadcrumb":false,"file":false,"content":[{"acf_fc_layout":"event","display_title":"BANCO DE MATERIAIS \u2014 FRAGMENTOS DA CIDADE EM CONTA CORRENTE","subtitle":"<p>Curadoria: Maria Augusta Martins e Rita Roque<\/p>\n","date":{"show_time":false,"type":"date","date":"17\/04\/2026 17:30","start_date":"17\/04\/2026 17:30","end_date":"17\/04\/2026 19:00"},"sessions":null,"location":{"type":"other","station":false,"location":"PALACETE DOS VISCONDES DE BALSEM\u00c3O \/ BANCO DE MATERIAIS"},"media":{"type":false,"image":{"ID":21177,"id":21177,"title":"MP_Banco_Materiais_LED_constituicao_1066x660","filename":"MP_Banco_Materiais_LED_constituicao_1066x660.jpg","filesize":638481,"url":"https:\/\/museudoporto.pt\/wp-content\/uploads\/2026\/04\/MP_Banco_Materiais_LED_constituicao_1066x660.jpg","link":"https:\/\/museudoporto.pt\/en\/mp_banco_materiais_led_constituicao_1066x660-2\/","alt":"","author":"16","description":"","caption":"","name":"mp_banco_materiais_led_constituicao_1066x660-2","status":"inherit","uploaded_to":0,"date":"2026-04-13 14:47:18","modified":"2026-04-13 14:47:22","menu_order":0,"mime_type":"image\/jpeg","type":"image","subtype":"jpeg","icon":"https:\/\/museudoporto.pt\/wp-includes\/images\/media\/default.png","width":1066,"height":660,"sizes":{"thumbnail":"https:\/\/museudoporto.pt\/wp-content\/uploads\/2026\/04\/MP_Banco_Materiais_LED_constituicao_1066x660-150x150.jpg","thumbnail-width":150,"thumbnail-height":150,"medium":"https:\/\/museudoporto.pt\/wp-content\/uploads\/2026\/04\/MP_Banco_Materiais_LED_constituicao_1066x660-300x186.jpg","medium-width":300,"medium-height":186,"medium_large":"https:\/\/museudoporto.pt\/wp-content\/uploads\/2026\/04\/MP_Banco_Materiais_LED_constituicao_1066x660-768x475.jpg","medium_large-width":640,"medium_large-height":396,"large":"https:\/\/museudoporto.pt\/wp-content\/uploads\/2026\/04\/MP_Banco_Materiais_LED_constituicao_1066x660-1024x634.jpg","large-width":640,"large-height":396,"ufg_200_200":"https:\/\/museudoporto.pt\/wp-content\/uploads\/2026\/04\/MP_Banco_Materiais_LED_constituicao_1066x660-200x200.jpg","ufg_200_200-width":200,"ufg_200_200-height":200,"ufg_300_300":"https:\/\/museudoporto.pt\/wp-content\/uploads\/2026\/04\/MP_Banco_Materiais_LED_constituicao_1066x660-300x300.jpg","ufg_300_300-width":300,"ufg_300_300-height":300,"ufg_400_400":"https:\/\/museudoporto.pt\/wp-content\/uploads\/2026\/04\/MP_Banco_Materiais_LED_constituicao_1066x660-400x400.jpg","ufg_400_400-width":400,"ufg_400_400-height":400,"1536x1536":"https:\/\/museudoporto.pt\/wp-content\/uploads\/2026\/04\/MP_Banco_Materiais_LED_constituicao_1066x660.jpg","1536x1536-width":1066,"1536x1536-height":660,"2048x2048":"https:\/\/museudoporto.pt\/wp-content\/uploads\/2026\/04\/MP_Banco_Materiais_LED_constituicao_1066x660.jpg","2048x2048-width":1066,"2048x2048-height":660}},"gallery":false},"excerpt":"<p>\u00abFragmentos da Cidade em Conta Corrente\u00bb \u00e9 o t\u00edtulo da exposi\u00e7\u00e3o que recorre, de forma metaf\u00f3rica, a uma express\u00e3o do universo banc\u00e1rio para apresentar uma sele\u00e7\u00e3o de pe\u00e7as deste projeto pioneiro da C\u00e2mara Municipal do Porto, criado com o objetivo de salvaguardar o patrim\u00f3nio arquitet\u00f3nico e art\u00edstico integrado na arquitetura da cidade.<\/p>\n","content":"<p>Com mais de trinta anos de atividade, o Banco de Materiais assume um papel estruturante na preserva\u00e7\u00e3o do patrim\u00f3nio edificado do Porto, promovendo, em simult\u00e2neo, pr\u00e1ticas de economia circular atrav\u00e9s da recupera\u00e7\u00e3o e reutiliza\u00e7\u00e3o de materiais, e contribuindo de forma decisiva para a sustentabilidade ambiental, cultural e urbana da cidade.<\/p>\n<p>&nbsp;<\/p>\n<p>\u00abFragmentos da Cidade em Conta Corrente\u00bb \u00e9 o t\u00edtulo da exposi\u00e7\u00e3o que recorre, de forma metaf\u00f3rica, a uma express\u00e3o do universo banc\u00e1rio para apresentar uma sele\u00e7\u00e3o de pe\u00e7as deste projeto pioneiro da C\u00e2mara Municipal do Porto, criado com o objetivo de salvaguardar o patrim\u00f3nio arquitet\u00f3nico e art\u00edstico integrado na arquitetura da cidade. A exposi\u00e7\u00e3o prop\u00f5e uma leitura formal e cenogr\u00e1fica da cidade, onde as m\u00faltiplas linhagens de pe\u00e7as se organizam numa m\u00e9trica, por vezes fragmentada da mem\u00f3ria e hist\u00f3ria urbana, outras vezes em s\u00e9ries provenientes de diferentes per\u00edodos hist\u00f3ricos que marcaram a pele da cidade.<\/p>\n<p>&nbsp;<\/p>\n<p>&nbsp;<\/p>\n<div class=\"row block-text cabinet-block\">\n<div class=\"mdc-post\">\n<div class=\"row\">\n<div class=\"col-xs-8 col-md-5 col-md-offset-1 col-xl-4 block-text--marg\">\n<h2>ENTRADAS<\/h2>\n<p>Entrada livre<\/p>\n<h2>ENDERE\u00c7O<\/h2>\n<p><strong>Palacete dos Viscondes de Balsem\u00e3o<\/strong><br \/>\nPra\u00e7a de Carlos Alberto 71, 4050-157 Porto<br \/>\nGPS: 41.148946, -8.615291<br \/>\n<a href=\"https:\/\/www.google.com\/maps\/place\/Banco+de+Materiais\/@41.1490054,-8.6176654,17z\/data=!3m1!4b1!4m5!3m4!1s0xd2464fd4d348d21:0x54131be739d73b3e!8m2!3d41.1490054!4d-8.6154767\" target=\"_blank\" rel=\"noopener\" data-cursor-hover=\"ready\">Localiza\u00e7\u00e3o<\/a><\/p>\n<h2>AUTOCARRO<\/h2>\n<p>22, 304, 305, 507, 601, 602<\/p>\n<h2>METRO<\/h2>\n<p>Trindade<\/p>\n<h2>ESTACIONAMENTO<\/h2>\n<p>Carlos Alberto, Le\u00f5es;<br \/>\nPra\u00e7a de Lisboa<\/p>\n<\/div>\n<\/div>\n<\/div>\n<\/div>\n"}],"previous_link":{"label":"","link":""},"next_link":{"label":"","link":""}},"_links":{"self":[{"href":"https:\/\/museudoporto.pt\/en\/wp-json\/wp\/v2\/resource\/21106","targetHints":{"allow":["GET"]}}],"collection":[{"href":"https:\/\/museudoporto.pt\/en\/wp-json\/wp\/v2\/resource"}],"about":[{"href":"https:\/\/museudoporto.pt\/en\/wp-json\/wp\/v2\/types\/resource"}],"wp:featuredmedia":[{"embeddable":true,"href":"https:\/\/museudoporto.pt\/en\/wp-json\/wp\/v2\/media\/21176"}],"wp:attachment":[{"href":"https:\/\/museudoporto.pt\/en\/wp-json\/wp\/v2\/media?parent=21106"}],"wp:term":[{"taxonomy":"resource_category","embeddable":true,"href":"https:\/\/museudoporto.pt\/en\/wp-json\/wp\/v2\/resource_category?post=21106"}],"curies":[{"name":"wp","href":"https:\/\/api.w.org\/{rel}","templated":true}]}}

PALACETE DOS VISCONDES DE BALSEMÃO / BANCO DE MATERIAIS

<p>«Fragmentos da Cidade em Conta Corrente» é o título da exposição que recorre, de forma metafórica, a uma expressão do universo bancário para apresentar uma seleção de peças deste projeto pioneiro da Câmara Municipal do Porto, criado com o objetivo de salvaguardar o património arquitetónico e artístico integrado na arquitetura da cidade.</p>

<p>Com mais de trinta anos de atividade, o Banco de Materiais assume um papel estruturante na preservação do património edificado do Porto, promovendo, em simultâneo, práticas de economia circular através da recuperação e reutilização de materiais, e contribuindo de forma decisiva para a sustentabilidade ambiental, cultural e urbana da cidade.</p>
<p>&nbsp;</p>
<p>«Fragmentos da Cidade em Conta Corrente» é o título da exposição que recorre, de forma metafórica, a uma expressão do universo bancário para apresentar uma seleção de peças deste projeto pioneiro da Câmara Municipal do Porto, criado com o objetivo de salvaguardar o património arquitetónico e artístico integrado na arquitetura da cidade. A exposição propõe uma leitura formal e cenográfica da cidade, onde as múltiplas linhagens de peças se organizam numa métrica, por vezes fragmentada da memória e história urbana, outras vezes em séries provenientes de diferentes períodos históricos que marcaram a pele da cidade.</p>
<p>&nbsp;</p>
<p>&nbsp;</p>
<div class="row block-text cabinet-block">
<div class="mdc-post">
<div class="row">
<div class="col-xs-8 col-md-5 col-md-offset-1 col-xl-4 block-text--marg">
<h2>ENTRADAS</h2>
<p>Entrada livre</p>
<h2>ENDEREÇO</h2>
<p><strong>Palacete dos Viscondes de Balsemão</strong><br />
Praça de Carlos Alberto 71, 4050-157 Porto<br />
GPS: 41.148946, -8.615291<br />
<a href="https://www.google.com/maps/place/Banco+de+Materiais/@41.1490054,-8.6176654,17z/data=!3m1!4b1!4m5!3m4!1s0xd2464fd4d348d21:0x54131be739d73b3e!8m2!3d41.1490054!4d-8.6154767" target="_blank" rel="noopener" data-cursor-hover="ready">Localização</a></p>
<h2>AUTOCARRO</h2>
<p>22, 304, 305, 507, 601, 602</p>
<h2>METRO</h2>
<p>Trindade</p>
<h2>ESTACIONAMENTO</h2>
<p>Carlos Alberto, Leões;<br />
Praça de Lisboa</p>
</div>
</div>
</div>
</div>
