{"id":21320,"date":"2026-04-28T10:13:12","date_gmt":"2026-04-28T09:13:12","guid":{"rendered":"https:\/\/museudoporto.pt\/?post_type=resource&#038;p=21320"},"modified":"2026-04-28T10:13:46","modified_gmt":"2026-04-28T09:13:46","slug":"concerto-comemorativo-25-anos-porto-2001","status":"publish","type":"resource","link":"https:\/\/museudoporto.pt\/en\/recurso\/concerto-comemorativo-25-anos-porto-2001\/","title":{"rendered":"CONCERTO COMEMORATIVO 25 ANOS PORTO 2001"},"content":{"rendered":"","protected":false},"featured_media":21321,"template":"","resource_category":[20],"class_list":["post-21320","resource","type-resource","status-publish","has-post-thumbnail","hentry","resource_category-atividades"],"acf":{"ambient_sound":false,"breadcrumb":false,"file":false,"content":[{"acf_fc_layout":"event","display_title":"CONCERTO COMEMORATIVO 25 ANOS PORTO 2001","subtitle":"<p>Com Orquestra Sinf\u00f3nica do Porto Casa da M\u00fasica<\/p>\n","date":{"show_time":true,"type":"range","date":null,"start_date":"08\/05\/2026 21:00","end_date":"08\/05\/2026 22:30"},"sessions":null,"location":{"type":"other","station":false,"location":"CASA DA M\u00daSICA"},"media":{"type":false,"image":{"ID":21322,"id":21322,"title":"Fotothek_df_roe-neg_0002792_002_Portrait_Dmitri_Dmitrijewitsch_Schostakowitchs_im_Publikum_der_Bachfeier_(cropped)","filename":"Fotothek_df_roe-neg_0002792_002_Portrait_Dmitri_Dmitrijewitsch_Schostakowitchs_im_Publikum_der_Bachfeier_cropped.jpg","filesize":79032,"url":"https:\/\/museudoporto.pt\/wp-content\/uploads\/2026\/04\/Fotothek_df_roe-neg_0002792_002_Portrait_Dmitri_Dmitrijewitsch_Schostakowitchs_im_Publikum_der_Bachfeier_cropped.jpg","link":"https:\/\/museudoporto.pt\/en\/fotothek_df_roe-neg_0002792_002_portrait_dmitri_dmitrijewitsch_schostakowitchs_im_publikum_der_bachfeier_cropped-2\/","alt":"","author":"16","description":"","caption":"","name":"fotothek_df_roe-neg_0002792_002_portrait_dmitri_dmitrijewitsch_schostakowitchs_im_publikum_der_bachfeier_cropped-2","status":"inherit","uploaded_to":0,"date":"2026-04-28 09:11:27","modified":"2026-04-28 09:11:55","menu_order":0,"mime_type":"image\/jpeg","type":"image","subtype":"jpeg","icon":"https:\/\/museudoporto.pt\/wp-includes\/images\/media\/default.png","width":529,"height":529,"sizes":{"thumbnail":"https:\/\/museudoporto.pt\/wp-content\/uploads\/2026\/04\/Fotothek_df_roe-neg_0002792_002_Portrait_Dmitri_Dmitrijewitsch_Schostakowitchs_im_Publikum_der_Bachfeier_cropped-150x150.jpg","thumbnail-width":150,"thumbnail-height":150,"medium":"https:\/\/museudoporto.pt\/wp-content\/uploads\/2026\/04\/Fotothek_df_roe-neg_0002792_002_Portrait_Dmitri_Dmitrijewitsch_Schostakowitchs_im_Publikum_der_Bachfeier_cropped-300x300.jpg","medium-width":300,"medium-height":300,"medium_large":"https:\/\/museudoporto.pt\/wp-content\/uploads\/2026\/04\/Fotothek_df_roe-neg_0002792_002_Portrait_Dmitri_Dmitrijewitsch_Schostakowitchs_im_Publikum_der_Bachfeier_cropped.jpg","medium_large-width":529,"medium_large-height":529,"large":"https:\/\/museudoporto.pt\/wp-content\/uploads\/2026\/04\/Fotothek_df_roe-neg_0002792_002_Portrait_Dmitri_Dmitrijewitsch_Schostakowitchs_im_Publikum_der_Bachfeier_cropped.jpg","large-width":529,"large-height":529,"ufg_200_200":"https:\/\/museudoporto.pt\/wp-content\/uploads\/2026\/04\/Fotothek_df_roe-neg_0002792_002_Portrait_Dmitri_Dmitrijewitsch_Schostakowitchs_im_Publikum_der_Bachfeier_cropped-200x200.jpg","ufg_200_200-width":200,"ufg_200_200-height":200,"ufg_300_300":"https:\/\/museudoporto.pt\/wp-content\/uploads\/2026\/04\/Fotothek_df_roe-neg_0002792_002_Portrait_Dmitri_Dmitrijewitsch_Schostakowitchs_im_Publikum_der_Bachfeier_cropped-300x300.jpg","ufg_300_300-width":300,"ufg_300_300-height":300,"ufg_400_400":"https:\/\/museudoporto.pt\/wp-content\/uploads\/2026\/04\/Fotothek_df_roe-neg_0002792_002_Portrait_Dmitri_Dmitrijewitsch_Schostakowitchs_im_Publikum_der_Bachfeier_cropped-400x400.jpg","ufg_400_400-width":400,"ufg_400_400-height":400,"1536x1536":"https:\/\/museudoporto.pt\/wp-content\/uploads\/2026\/04\/Fotothek_df_roe-neg_0002792_002_Portrait_Dmitri_Dmitrijewitsch_Schostakowitchs_im_Publikum_der_Bachfeier_cropped.jpg","1536x1536-width":529,"1536x1536-height":529,"2048x2048":"https:\/\/museudoporto.pt\/wp-content\/uploads\/2026\/04\/Fotothek_df_roe-neg_0002792_002_Portrait_Dmitri_Dmitrijewitsch_Schostakowitchs_im_Publikum_der_Bachfeier_cropped.jpg","2048x2048-width":529,"2048x2048-height":529}},"gallery":false},"excerpt":"<p>O maestro brit\u00e2nico Alpesh Chauhan, diretor musical da Companhia de \u00d3pera de Birmingham, apresenta-se pela primeira vez na Casa da M\u00fasica, trazendo a \u00abSinfonia n.\u00ba 8\u00bb de Chostakovitch, uma das obras sinf\u00f3nicas mais controversas do compositor russo. Escrita no ver\u00e3o de 1943, em plena Segunda Guerra Mundial, o seu pendor sombrio e desesperado foi mal recebido na Uni\u00e3o Sovi\u00e9tica, tendo em conta os ent\u00e3o recentes sucessos do Ex\u00e9rcito Vermelho. Chostakovitch ter-se-\u00e1 defendido dizendo que a Oitava era \u00abuma obra otimista e um hino \u00e0 vida\u00bb, com base no conceito de que \u00abtudo o que \u00e9 escuro e tenebroso tende a desaparecer e o belo acaba por triunfar\u00bb. Nos 120 anos do nascimento do compositor, esta \u00e9 uma oportunidade para ouvir uma das suas obras mais sublimes e misteriosas, raramente apresentada em concerto.<\/p>\n","content":"<p>O maestro brit\u00e2nico Alpesh Chauhan, diretor musical da Companhia de \u00d3pera de Birmingham, apresenta-se pela primeira vez na Casa da M\u00fasica, trazendo a \u00abSinfonia n.\u00ba 8\u00bb de Chostakovitch, uma das obras sinf\u00f3nicas mais controversas do compositor russo. Escrita no ver\u00e3o de 1943, em plena Segunda Guerra Mundial, o seu pendor sombrio e desesperado foi mal recebido na Uni\u00e3o Sovi\u00e9tica, tendo em conta os ent\u00e3o recentes sucessos do Ex\u00e9rcito Vermelho. Chostakovitch ter-se-\u00e1 defendido dizendo que a Oitava era \u00abuma obra otimista e um hino \u00e0 vida\u00bb, com base no conceito de que \u00abtudo o que \u00e9 escuro e tenebroso tende a desaparecer e o belo acaba por triunfar\u00bb. Nos 120 anos do nascimento do compositor, esta \u00e9 uma oportunidade para ouvir uma das suas obras mais sublimes e misteriosas, raramente apresentada em concerto.<\/p>\n<p>&nbsp;<\/p>\n<h2>Bilhetes<\/h2>\n<p>Bilhetes dispon\u00edveis em casadamusica.pt ou no local<\/p>\n<p>&nbsp;<\/p>\n<p>&nbsp;<\/p>\n<p>&nbsp;<\/p>\n<p>&nbsp;<\/p>\n<p>&nbsp;<\/p>\n"}],"previous_link":{"label":"","link":""},"next_link":{"label":"","link":""}},"_links":{"self":[{"href":"https:\/\/museudoporto.pt\/en\/wp-json\/wp\/v2\/resource\/21320","targetHints":{"allow":["GET"]}}],"collection":[{"href":"https:\/\/museudoporto.pt\/en\/wp-json\/wp\/v2\/resource"}],"about":[{"href":"https:\/\/museudoporto.pt\/en\/wp-json\/wp\/v2\/types\/resource"}],"wp:featuredmedia":[{"embeddable":true,"href":"https:\/\/museudoporto.pt\/en\/wp-json\/wp\/v2\/media\/21321"}],"wp:attachment":[{"href":"https:\/\/museudoporto.pt\/en\/wp-json\/wp\/v2\/media?parent=21320"}],"wp:term":[{"taxonomy":"resource_category","embeddable":true,"href":"https:\/\/museudoporto.pt\/en\/wp-json\/wp\/v2\/resource_category?post=21320"}],"curies":[{"name":"wp","href":"https:\/\/api.w.org\/{rel}","templated":true}]}}

<p>Com Orquestra Sinfónica do Porto Casa da Música</p>

CASA DA MÚSICA

<p>O maestro britânico Alpesh Chauhan, diretor musical da Companhia de Ópera de Birmingham, apresenta-se pela primeira vez na Casa da Música, trazendo a «Sinfonia n.º 8» de Chostakovitch, uma das obras sinfónicas mais controversas do compositor russo. Escrita no verão de 1943, em plena Segunda Guerra Mundial, o seu pendor sombrio e desesperado foi mal recebido na União Soviética, tendo em conta os então recentes sucessos do Exército Vermelho. Chostakovitch ter-se-á defendido dizendo que a Oitava era «uma obra otimista e um hino à vida», com base no conceito de que «tudo o que é escuro e tenebroso tende a desaparecer e o belo acaba por triunfar». Nos 120 anos do nascimento do compositor, esta é uma oportunidade para ouvir uma das suas obras mais sublimes e misteriosas, raramente apresentada em concerto.</p>

<p>O maestro britânico Alpesh Chauhan, diretor musical da Companhia de Ópera de Birmingham, apresenta-se pela primeira vez na Casa da Música, trazendo a «Sinfonia n.º 8» de Chostakovitch, uma das obras sinfónicas mais controversas do compositor russo. Escrita no verão de 1943, em plena Segunda Guerra Mundial, o seu pendor sombrio e desesperado foi mal recebido na União Soviética, tendo em conta os então recentes sucessos do Exército Vermelho. Chostakovitch ter-se-á defendido dizendo que a Oitava era «uma obra otimista e um hino à vida», com base no conceito de que «tudo o que é escuro e tenebroso tende a desaparecer e o belo acaba por triunfar». Nos 120 anos do nascimento do compositor, esta é uma oportunidade para ouvir uma das suas obras mais sublimes e misteriosas, raramente apresentada em concerto.</p>
<p>&nbsp;</p>
<h2>Bilhetes</h2>
<p>Bilhetes disponíveis em casadamusica.pt ou no local</p>
<p>&nbsp;</p>
<p>&nbsp;</p>
<p>&nbsp;</p>
<p>&nbsp;</p>
<p>&nbsp;</p>
