{"id":21323,"date":"2026-04-28T10:20:11","date_gmt":"2026-04-28T09:20:11","guid":{"rendered":"https:\/\/museudoporto.pt\/?post_type=resource&#038;p=21323"},"modified":"2026-04-28T12:48:23","modified_gmt":"2026-04-28T11:48:23","slug":"curso-breve-o-incrivel-ruben-a","status":"publish","type":"resource","link":"https:\/\/museudoporto.pt\/en\/recurso\/curso-breve-o-incrivel-ruben-a\/","title":{"rendered":"CURSO BREVE \u2014 O INCR\u00cdVEL RUBEN A."},"content":{"rendered":"","protected":false},"featured_media":21324,"template":"","resource_category":[20,21],"class_list":["post-21323","resource","type-resource","status-publish","has-post-thumbnail","hentry","resource_category-atividades","resource_category-cursos-breves"],"acf":{"ambient_sound":false,"breadcrumb":false,"file":false,"content":[{"acf_fc_layout":"event","display_title":"CURSO BREVE \u2014 O INCR\u00cdVEL RUBEN A.","subtitle":"<p>S\u00c1B 11 e 18 MAI, 18H<br \/>\nS\u00c1B 23 MAI, 14H30<br \/>\nCom D\u00e1lia Dias e Fernando Pinto do Amaral<\/p>\n","date":{"show_time":true,"type":"range","date":null,"start_date":"11\/05\/2026 18:00","end_date":"23\/05\/2026 14:30"},"sessions":null,"location":{"type":"other","station":false,"location":"BIBLIOTECA MUNICIPAL ALMEIDA GARRETT \/ AUDIT\u00d3RIO"},"media":{"type":false,"image":{"ID":21325,"id":21325,"title":"Sophia com Ruben A. e Isabel da N\u00f3brega. Julho de 1958","filename":"sophia_com-Ruben-A_painel8.jpg","filesize":4532441,"url":"https:\/\/museudoporto.pt\/wp-content\/uploads\/2026\/04\/sophia_com-Ruben-A_painel8.jpg","link":"https:\/\/museudoporto.pt\/en\/sophia-com-ruben-a-e-isabel-da-nobrega-julho-de-1958-2\/","alt":"","author":"16","description":"","caption":"","name":"sophia-com-ruben-a-e-isabel-da-nobrega-julho-de-1958-2","status":"inherit","uploaded_to":0,"date":"2026-04-28 09:16:28","modified":"2026-04-28 09:16:54","menu_order":0,"mime_type":"image\/jpeg","type":"image","subtype":"jpeg","icon":"https:\/\/museudoporto.pt\/wp-includes\/images\/media\/default.png","width":2353,"height":2530,"sizes":{"thumbnail":"https:\/\/museudoporto.pt\/wp-content\/uploads\/2026\/04\/sophia_com-Ruben-A_painel8-150x150.jpg","thumbnail-width":150,"thumbnail-height":150,"medium":"https:\/\/museudoporto.pt\/wp-content\/uploads\/2026\/04\/sophia_com-Ruben-A_painel8-279x300.jpg","medium-width":279,"medium-height":300,"medium_large":"https:\/\/museudoporto.pt\/wp-content\/uploads\/2026\/04\/sophia_com-Ruben-A_painel8-768x826.jpg","medium_large-width":640,"medium_large-height":688,"large":"https:\/\/museudoporto.pt\/wp-content\/uploads\/2026\/04\/sophia_com-Ruben-A_painel8-952x1024.jpg","large-width":640,"large-height":688,"ufg_200_200":"https:\/\/museudoporto.pt\/wp-content\/uploads\/2026\/04\/sophia_com-Ruben-A_painel8-200x200.jpg","ufg_200_200-width":200,"ufg_200_200-height":200,"ufg_300_300":"https:\/\/museudoporto.pt\/wp-content\/uploads\/2026\/04\/sophia_com-Ruben-A_painel8-300x300.jpg","ufg_300_300-width":300,"ufg_300_300-height":300,"ufg_400_400":"https:\/\/museudoporto.pt\/wp-content\/uploads\/2026\/04\/sophia_com-Ruben-A_painel8-400x400.jpg","ufg_400_400-width":400,"ufg_400_400-height":400,"1536x1536":"https:\/\/museudoporto.pt\/wp-content\/uploads\/2026\/04\/sophia_com-Ruben-A_painel8-1429x1536.jpg","1536x1536-width":1429,"1536x1536-height":1536,"2048x2048":"https:\/\/museudoporto.pt\/wp-content\/uploads\/2026\/04\/sophia_com-Ruben-A_painel8-1905x2048.jpg","2048x2048-width":1905,"2048x2048-height":2048}},"gallery":false},"excerpt":"<p>Ruben A. (Ruben Alfredo Andresen Leit\u00e3o, 1920\u20141975) \u00e9 um dos mais singulares escritores portugueses da segunda metade do s\u00e9culo XX. Tendo-se distinguido no dom\u00ednio da fic\u00e7\u00e3o com diversas obras narrativas e dram\u00e1ticas, com destaque para o seu romance de refer\u00eancia, \u00abA Torre da Barbela\u00bb (1965). No sentido de manter vivo o interesse do p\u00fablico leitor pela obra de um autor cuja inf\u00e2ncia est\u00e1 intimamente ligada \u00e0 cidade do Porto \u2013 o que est\u00e1 refletido na sua original\u00edssima escrita autobiogr\u00e1fica \u2013 pedimos emprestado o t\u00edtulo do col\u00f3quio com que, no ano passado, a Funda\u00e7\u00e3o Calouste Gulbenkian homenageou o escritor, e convidamos dois estudiosos da sua obra, D\u00e1lia Dias e Fernando Pinto do Amaral para, a duas vozes, orientarem este curso breve.<\/p>\n","content":"<p>Ruben A. (Ruben Alfredo Andresen Leit\u00e3o, 1920\u20141975) \u00e9 um dos mais singulares escritores portugueses da segunda metade do s\u00e9culo XX. Tendo-se distinguido no dom\u00ednio da fic\u00e7\u00e3o com diversas obras narrativas e dram\u00e1ticas, com destaque para o seu romance de refer\u00eancia, \u00abA Torre da Barbela\u00bb (1965). No sentido de manter vivo o interesse do p\u00fablico leitor pela obra de um autor cuja inf\u00e2ncia est\u00e1 intimamente ligada \u00e0 cidade do Porto \u2013 o que est\u00e1 refletido na sua original\u00edssima escrita autobiogr\u00e1fica \u2013 pedimos emprestado o t\u00edtulo do col\u00f3quio com que, no ano passado, a Funda\u00e7\u00e3o Calouste Gulbenkian homenageou o escritor, e convidamos dois estudiosos da sua obra, D\u00e1lia Dias e Fernando Pinto do Amaral para, a duas vozes, orientarem este curso breve.<\/p>\n<p>A an\u00e1lise de D\u00e1lia Dias reflete sobre a afirma\u00e7\u00e3o do pr\u00f3prio autor \u00abEu sou profundamente cl\u00e1ssico porque nitidamente moderno\u00bb e visita o arquivo fr\u00e1gil contido em \u00abP\u00e1ginas de Ruben A.\u00bb. Fernando Pinto do Amaral parte de \u00abO Mundo \u00e0 Minha Procura\u00bb para tra\u00e7ar o percurso biogr\u00e1fico de Ruben A., incluindo a inf\u00e2ncia no Campo Alegre, o curso de Hist\u00f3ria, a paix\u00e3o pelo Minho ou o interesse pela figura do rei D. Pedro V. Num segundo momento prop\u00f5e uma leitura do romance \u00abSil\u00eancio para 4\u00bb, para abordar a vertigem da escrita do seu autor.<\/p>\n<p>&nbsp;<\/p>\n<p>PROGRAMA<\/p>\n<p>&nbsp;<\/p>\n<p>SEG 11 MAI, 18H<\/p>\n<p>\u00abO MUNDO \u00c0 MINHA PROCURA\u00bb: \u00abEU SOU PROFUNDAMENTE CL\u00c1SSICO PORQUE NITIDAMENTE MODERNO\u00bb<\/p>\n<p>Com D\u00e1lia Dias<\/p>\n<p>&nbsp;<\/p>\n<p>SEG 18 MAI, 18H<\/p>\n<p>P\u00c1GINAS DE RUBEN A.: O ARQUIVO FR\u00c1GIL<\/p>\n<p>Com D\u00e1lia Dias<\/p>\n<p>&nbsp;<\/p>\n<p>S\u00c1B 23 MAI, 14H30<\/p>\n<p>I. VIS\u00c3O GLOBAL SOBRE A PERSONALIDADE E A OBRA LITER\u00c1RIA DE RUBEN A.<\/p>\n<p>II. O ROMANCE \u00abSIL\u00caNCIO PARA 4\u00bb NO CONTEXTO DA OBRA DE RUBEN A.<\/p>\n<p>Com Fernando Pinto do Amaral<\/p>\n<p>&nbsp;<\/p>\n<p>&nbsp;<\/p>\n<h2>Bilhetes<\/h2>\n<p>Entrada 7 euros \/ 3,50 euros com cart\u00e3o da biblioteca ou cart\u00e3o Porto.<\/p>\n<p>Bilheteira online ou espa\u00e7os com bilheteira do Museu e Bibliotecas do Porto<\/p>\n<h2>Endere\u00e7o<\/h2>\n<p>Jardins do Pal\u00e1cio de Cristal,<\/p>\n<p>Rua de D. Manuel II, 4050-239 Porto<\/p>\n<p>&nbsp;<\/p>\n"}],"previous_link":{"label":"","link":""},"next_link":{"label":"","link":""}},"_links":{"self":[{"href":"https:\/\/museudoporto.pt\/en\/wp-json\/wp\/v2\/resource\/21323","targetHints":{"allow":["GET"]}}],"collection":[{"href":"https:\/\/museudoporto.pt\/en\/wp-json\/wp\/v2\/resource"}],"about":[{"href":"https:\/\/museudoporto.pt\/en\/wp-json\/wp\/v2\/types\/resource"}],"wp:featuredmedia":[{"embeddable":true,"href":"https:\/\/museudoporto.pt\/en\/wp-json\/wp\/v2\/media\/21324"}],"wp:attachment":[{"href":"https:\/\/museudoporto.pt\/en\/wp-json\/wp\/v2\/media?parent=21323"}],"wp:term":[{"taxonomy":"resource_category","embeddable":true,"href":"https:\/\/museudoporto.pt\/en\/wp-json\/wp\/v2\/resource_category?post=21323"}],"curies":[{"name":"wp","href":"https:\/\/api.w.org\/{rel}","templated":true}]}}

CURSO BREVE — O INCRÍVEL RUBEN A.

<p>SÁB 11 e 18 MAI, 18H<br />
SÁB 23 MAI, 14H30<br />
Com Dália Dias e Fernando Pinto do Amaral</p>

BIBLIOTECA MUNICIPAL ALMEIDA GARRETT / AUDITÓRIO

Sophia com Ruben A. e Isabel da Nóbrega. Julho de 1958

<p>Ruben A. (Ruben Alfredo Andresen Leitão, 1920—1975) é um dos mais singulares escritores portugueses da segunda metade do século XX. Tendo-se distinguido no domínio da ficção com diversas obras narrativas e dramáticas, com destaque para o seu romance de referência, «A Torre da Barbela» (1965). No sentido de manter vivo o interesse do público leitor pela obra de um autor cuja infância está intimamente ligada à cidade do Porto – o que está refletido na sua originalíssima escrita autobiográfica – pedimos emprestado o título do colóquio com que, no ano passado, a Fundação Calouste Gulbenkian homenageou o escritor, e convidamos dois estudiosos da sua obra, Dália Dias e Fernando Pinto do Amaral para, a duas vozes, orientarem este curso breve.</p>

<p>Ruben A. (Ruben Alfredo Andresen Leitão, 1920—1975) é um dos mais singulares escritores portugueses da segunda metade do século XX. Tendo-se distinguido no domínio da ficção com diversas obras narrativas e dramáticas, com destaque para o seu romance de referência, «A Torre da Barbela» (1965). No sentido de manter vivo o interesse do público leitor pela obra de um autor cuja infância está intimamente ligada à cidade do Porto – o que está refletido na sua originalíssima escrita autobiográfica – pedimos emprestado o título do colóquio com que, no ano passado, a Fundação Calouste Gulbenkian homenageou o escritor, e convidamos dois estudiosos da sua obra, Dália Dias e Fernando Pinto do Amaral para, a duas vozes, orientarem este curso breve.</p>
<p>A análise de Dália Dias reflete sobre a afirmação do próprio autor «Eu sou profundamente clássico porque nitidamente moderno» e visita o arquivo frágil contido em «Páginas de Ruben A.». Fernando Pinto do Amaral parte de «O Mundo à Minha Procura» para traçar o percurso biográfico de Ruben A., incluindo a infância no Campo Alegre, o curso de História, a paixão pelo Minho ou o interesse pela figura do rei D. Pedro V. Num segundo momento propõe uma leitura do romance «Silêncio para 4», para abordar a vertigem da escrita do seu autor.</p>
<p>&nbsp;</p>
<p>PROGRAMA</p>
<p>&nbsp;</p>
<p>SEG 11 MAI, 18H</p>
<p>«O MUNDO À MINHA PROCURA»: «EU SOU PROFUNDAMENTE CLÁSSICO PORQUE NITIDAMENTE MODERNO»</p>
<p>Com Dália Dias</p>
<p>&nbsp;</p>
<p>SEG 18 MAI, 18H</p>
<p>PÁGINAS DE RUBEN A.: O ARQUIVO FRÁGIL</p>
<p>Com Dália Dias</p>
<p>&nbsp;</p>
<p>SÁB 23 MAI, 14H30</p>
<p>I. VISÃO GLOBAL SOBRE A PERSONALIDADE E A OBRA LITERÁRIA DE RUBEN A.</p>
<p>II. O ROMANCE «SILÊNCIO PARA 4» NO CONTEXTO DA OBRA DE RUBEN A.</p>
<p>Com Fernando Pinto do Amaral</p>
<p>&nbsp;</p>
<p>&nbsp;</p>
<h2>Bilhetes</h2>
<p>Entrada 7 euros / 3,50 euros com cartão da biblioteca ou cartão Porto.</p>
<p>Bilheteira online ou espaços com bilheteira do Museu e Bibliotecas do Porto</p>
<h2>Endereço</h2>
<p>Jardins do Palácio de Cristal,</p>
<p>Rua de D. Manuel II, 4050-239 Porto</p>
<p>&nbsp;</p>
