{"id":21326,"date":"2026-04-28T13:09:04","date_gmt":"2026-04-28T12:09:04","guid":{"rendered":"https:\/\/museudoporto.pt\/?post_type=resource&#038;p=21326"},"modified":"2026-04-29T12:56:18","modified_gmt":"2026-04-29T11:56:18","slug":"oficina-de-azulejo-tradicao-com-criatividade","status":"publish","type":"resource","link":"https:\/\/museudoporto.pt\/en\/recurso\/oficina-de-azulejo-tradicao-com-criatividade\/","title":{"rendered":"OFICINA DE AZULEJO \u2014 TRADI\u00c7\u00c3O COM CRIATIVIDADE"},"content":{"rendered":"","protected":false},"featured_media":21327,"template":"","resource_category":[20],"class_list":["post-21326","resource","type-resource","status-publish","has-post-thumbnail","hentry","resource_category-atividades"],"acf":{"ambient_sound":false,"breadcrumb":false,"file":false,"content":[{"acf_fc_layout":"event","display_title":"OFICINA DE AZULEJO \u2014 TRADI\u00c7\u00c3O COM CRIATIVIDADE","subtitle":"<p>Com Cristina Camargo<\/p>\n","date":{"show_time":true,"type":"range","date":null,"start_date":"06\/05\/2026 10:30","end_date":"06\/05\/2026 12:00"},"sessions":null,"location":{"type":"other","station":false,"location":"PALACETE DOS VISCONDES DE BALSEM\u00c3O \/ BANCO DE MATERIAIS"},"media":{"type":false,"image":{"ID":21328,"id":21328,"title":"BANCO DE MATERIAIS","filename":"CMP06052025RUIOLIVEIRA00027-scaled.jpg","filesize":674371,"url":"https:\/\/museudoporto.pt\/wp-content\/uploads\/2026\/04\/CMP06052025RUIOLIVEIRA00027-scaled.jpg","link":"https:\/\/museudoporto.pt\/en\/banco-de-materiais-2\/","alt":"","author":"16","description":"","caption":"Porto, 06\/05\/2025 - BANCO DE MATERIAIS\r(Rui Oliveira\/CMP)","name":"banco-de-materiais-2","status":"inherit","uploaded_to":0,"date":"2026-04-28 11:59:16","modified":"2026-04-28 11:59:46","menu_order":0,"mime_type":"image\/jpeg","type":"image","subtype":"jpeg","icon":"https:\/\/museudoporto.pt\/wp-includes\/images\/media\/default.png","width":2560,"height":1706,"sizes":{"thumbnail":"https:\/\/museudoporto.pt\/wp-content\/uploads\/2026\/04\/CMP06052025RUIOLIVEIRA00027-150x150.jpg","thumbnail-width":150,"thumbnail-height":150,"medium":"https:\/\/museudoporto.pt\/wp-content\/uploads\/2026\/04\/CMP06052025RUIOLIVEIRA00027-300x200.jpg","medium-width":300,"medium-height":200,"medium_large":"https:\/\/museudoporto.pt\/wp-content\/uploads\/2026\/04\/CMP06052025RUIOLIVEIRA00027-768x512.jpg","medium_large-width":640,"medium_large-height":427,"large":"https:\/\/museudoporto.pt\/wp-content\/uploads\/2026\/04\/CMP06052025RUIOLIVEIRA00027-1024x683.jpg","large-width":640,"large-height":427,"ufg_200_200":"https:\/\/museudoporto.pt\/wp-content\/uploads\/2026\/04\/CMP06052025RUIOLIVEIRA00027-200x200.jpg","ufg_200_200-width":200,"ufg_200_200-height":200,"ufg_300_300":"https:\/\/museudoporto.pt\/wp-content\/uploads\/2026\/04\/CMP06052025RUIOLIVEIRA00027-300x300.jpg","ufg_300_300-width":300,"ufg_300_300-height":300,"ufg_400_400":"https:\/\/museudoporto.pt\/wp-content\/uploads\/2026\/04\/CMP06052025RUIOLIVEIRA00027-400x400.jpg","ufg_400_400-width":400,"ufg_400_400-height":400,"1536x1536":"https:\/\/museudoporto.pt\/wp-content\/uploads\/2026\/04\/CMP06052025RUIOLIVEIRA00027-1536x1024.jpg","1536x1536-width":1536,"1536x1536-height":1024,"2048x2048":"https:\/\/museudoporto.pt\/wp-content\/uploads\/2026\/04\/CMP06052025RUIOLIVEIRA00027-2048x1365.jpg","2048x2048-width":2048,"2048x2048-height":1365}},"gallery":false},"excerpt":"<p><span data-olk-copy-source=\"MessageBody\">No Dia Nacional do <span class=\"mark8hq3e4gwv\" data-markjs=\"true\" data-ogac=\"\" data-ogab=\"\" data-ogsc=\"\" data-ogsb=\"\">Azule<\/span>jo, 6 de maio, o Banco de Materiais do Museu do Porto prop\u00f5e uma oficina de pintura de <span class=\"mark8hq3e4gwv\" data-markjs=\"true\" data-ogac=\"\" data-ogab=\"\" data-ogsc=\"\" data-ogsb=\"\">azule<\/span>jos que celebra a riqueza desta\u00a0marca identit\u00e1ria do Porto e importante elemento do patrim\u00f3nio cultural portugu\u00eas. Explorando diferentes t\u00e9cnicas inspiradas na tradi\u00e7\u00e3o <span class=\"markfekdgh5et\" data-markjs=\"true\" data-ogac=\"\" data-ogab=\"\" data-ogsc=\"\" data-ogsb=\"\">azule<\/span>jar, cada participante ter\u00e1 a oportunidade de criar o seu pr\u00f3prio <span class=\"markfekdgh5et\" data-markjs=\"true\" data-ogac=\"\" data-ogab=\"\" data-ogsc=\"\" data-ogsb=\"\">azule<\/span>jo, numa experi\u00eancia criativa aberta a todas as idades. Participe e celebre connosco este s\u00edmbolo maior da cultura portuguesa.<\/span><\/p>\n","content":"<p><span data-olk-copy-source=\"MessageBody\">No Dia Nacional do <span class=\"mark8hq3e4gwv\" data-markjs=\"true\" data-ogac=\"\" data-ogab=\"\" data-ogsc=\"\" data-ogsb=\"\">Azule<\/span>jo, 6 de maio, o Banco de Materiais do Museu do Porto prop\u00f5e uma oficina de pintura de <span class=\"mark8hq3e4gwv\" data-markjs=\"true\" data-ogac=\"\" data-ogab=\"\" data-ogsc=\"\" data-ogsb=\"\">azule<\/span>jos que celebra a riqueza desta\u00a0marca identit\u00e1ria do Porto e importante elemento do patrim\u00f3nio cultural portugu\u00eas. Explorando diferentes t\u00e9cnicas inspiradas na tradi\u00e7\u00e3o <span class=\"markfekdgh5et\" data-markjs=\"true\" data-ogac=\"\" data-ogab=\"\" data-ogsc=\"\" data-ogsb=\"\">azule<\/span>jar, cada participante ter\u00e1 a oportunidade de criar o seu pr\u00f3prio <span class=\"markfekdgh5et\" data-markjs=\"true\" data-ogac=\"\" data-ogab=\"\" data-ogsc=\"\" data-ogsb=\"\">azule<\/span>jo, numa experi\u00eancia criativa aberta a todas as idades. Participe e celebre connosco este s\u00edmbolo maior da cultura portuguesa.<\/span><\/p>\n<p>&nbsp;<\/p>\n<p>Atividade financiada ao abrigo do Programa NORTE 2030 &#8211; <span dir=\"ltr\" role=\"presentation\">CULTURA <\/span><span dir=\"ltr\" role=\"presentation\">&#8211;<\/span> <span dir=\"ltr\" role=\"presentation\">INICIATIVAS \u00c2NCORA REGIONAIS (\u201cROTAS DO NORTE\u201d) &#8211; \u201cSalvaguarda e Valoriza\u00e7\u00e3o do Azulejo no Porto\u201d<\/span><\/p>\n<p>&nbsp;<\/p>\n<h2>Entradas<\/h2>\n<p>Participa\u00e7\u00e3o gratuita mediante inscri\u00e7\u00e3o atrav\u00e9s do <a href=\"https:\/\/questionarios.cm-porto.pt\/index.php\/494655?lang=pt\">formul\u00e1rio<\/a> \/ 25 participantes<\/p>\n<h2>Endere\u00e7o<\/h2>\n<p>Pra\u00e7a de Carlos Alberto 71, 4050-157 Porto<br \/>\nGPS: 41.148946, -8.615291<br \/>\n<a href=\"https:\/\/www.google.com\/maps\/place\/Banco+de+Materiais\/@41.1490054,-8.6176654,17z\/data=!3m1!4b1!4m5!3m4!1s0xd2464fd4d348d21:0x54131be739d73b3e!8m2!3d41.1490054!4d-8.6154767\">Localiza\u00e7\u00e3o<\/a><\/p>\n<h2>Autocarro<\/h2>\n<p>22, 304, 305, 507, 601, 602<\/p>\n<h2>Metro<\/h2>\n<p>Trindade<\/p>\n<h2>Estacionamento<\/h2>\n<p>Carlos Alberto, Le\u00f5es;<br \/>\nPra\u00e7a de Lisboa<\/p>\n<p>&nbsp;<\/p>\n<p>&nbsp;<\/p>\n"}],"previous_link":{"label":"","link":""},"next_link":{"label":"","link":""}},"_links":{"self":[{"href":"https:\/\/museudoporto.pt\/en\/wp-json\/wp\/v2\/resource\/21326","targetHints":{"allow":["GET"]}}],"collection":[{"href":"https:\/\/museudoporto.pt\/en\/wp-json\/wp\/v2\/resource"}],"about":[{"href":"https:\/\/museudoporto.pt\/en\/wp-json\/wp\/v2\/types\/resource"}],"wp:featuredmedia":[{"embeddable":true,"href":"https:\/\/museudoporto.pt\/en\/wp-json\/wp\/v2\/media\/21327"}],"wp:attachment":[{"href":"https:\/\/museudoporto.pt\/en\/wp-json\/wp\/v2\/media?parent=21326"}],"wp:term":[{"taxonomy":"resource_category","embeddable":true,"href":"https:\/\/museudoporto.pt\/en\/wp-json\/wp\/v2\/resource_category?post=21326"}],"curies":[{"name":"wp","href":"https:\/\/api.w.org\/{rel}","templated":true}]}}

OFICINA DE AZULEJO — TRADIÇÃO COM CRIATIVIDADE

PALACETE DOS VISCONDES DE BALSEMÃO / BANCO DE MATERIAIS

<p><span data-olk-copy-source="MessageBody">No Dia Nacional do <span class="mark8hq3e4gwv" data-markjs="true" data-ogac="" data-ogab="" data-ogsc="" data-ogsb="">Azule</span>jo, 6 de maio, o Banco de Materiais do Museu do Porto propõe uma oficina de pintura de <span class="mark8hq3e4gwv" data-markjs="true" data-ogac="" data-ogab="" data-ogsc="" data-ogsb="">azule</span>jos que celebra a riqueza desta marca identitária do Porto e importante elemento do património cultural português. Explorando diferentes técnicas inspiradas na tradição <span class="markfekdgh5et" data-markjs="true" data-ogac="" data-ogab="" data-ogsc="" data-ogsb="">azule</span>jar, cada participante terá a oportunidade de criar o seu próprio <span class="markfekdgh5et" data-markjs="true" data-ogac="" data-ogab="" data-ogsc="" data-ogsb="">azule</span>jo, numa experiência criativa aberta a todas as idades. Participe e celebre connosco este símbolo maior da cultura portuguesa.</span></p>

<p><span data-olk-copy-source="MessageBody">No Dia Nacional do <span class="mark8hq3e4gwv" data-markjs="true" data-ogac="" data-ogab="" data-ogsc="" data-ogsb="">Azule</span>jo, 6 de maio, o Banco de Materiais do Museu do Porto propõe uma oficina de pintura de <span class="mark8hq3e4gwv" data-markjs="true" data-ogac="" data-ogab="" data-ogsc="" data-ogsb="">azule</span>jos que celebra a riqueza desta marca identitária do Porto e importante elemento do património cultural português. Explorando diferentes técnicas inspiradas na tradição <span class="markfekdgh5et" data-markjs="true" data-ogac="" data-ogab="" data-ogsc="" data-ogsb="">azule</span>jar, cada participante terá a oportunidade de criar o seu próprio <span class="markfekdgh5et" data-markjs="true" data-ogac="" data-ogab="" data-ogsc="" data-ogsb="">azule</span>jo, numa experiência criativa aberta a todas as idades. Participe e celebre connosco este símbolo maior da cultura portuguesa.</span></p>
<p>&nbsp;</p>
<p>Atividade financiada ao abrigo do Programa NORTE 2030 &#8211; <span dir="ltr" role="presentation">CULTURA </span><span dir="ltr" role="presentation">&#8211;</span> <span dir="ltr" role="presentation">INICIATIVAS ÂNCORA REGIONAIS (“ROTAS DO NORTE”) &#8211; “Salvaguarda e Valorização do Azulejo no Porto”</span></p>
<p>&nbsp;</p>
<h2>Entradas</h2>
<p>Participação gratuita mediante inscrição através do <a href="https://questionarios.cm-porto.pt/index.php/494655?lang=pt">formulário</a> / 25 participantes</p>
<h2>Endereço</h2>
<p>Praça de Carlos Alberto 71, 4050-157 Porto<br />
GPS: 41.148946, -8.615291<br />
<a href="https://www.google.com/maps/place/Banco+de+Materiais/@41.1490054,-8.6176654,17z/data=!3m1!4b1!4m5!3m4!1s0xd2464fd4d348d21:0x54131be739d73b3e!8m2!3d41.1490054!4d-8.6154767">Localização</a></p>
<h2>Autocarro</h2>
<p>22, 304, 305, 507, 601, 602</p>
<h2>Metro</h2>
<p>Trindade</p>
<h2>Estacionamento</h2>
<p>Carlos Alberto, Leões;<br />
Praça de Lisboa</p>
<p>&nbsp;</p>
<p>&nbsp;</p>
