{"id":21330,"date":"2026-04-28T15:09:02","date_gmt":"2026-04-28T14:09:02","guid":{"rendered":"https:\/\/museudoporto.pt\/?post_type=resource&#038;p=21330"},"modified":"2026-04-28T15:09:02","modified_gmt":"2026-04-28T14:09:02","slug":"visita-botanica-a-natureza-como-imagem-e-materia","status":"publish","type":"resource","link":"https:\/\/museudoporto.pt\/en\/recurso\/visita-botanica-a-natureza-como-imagem-e-materia\/","title":{"rendered":"VISITA BOT\u00c2NICA \u2014 A NATUREZA COMO IMAGEM E MAT\u00c9RIA"},"content":{"rendered":"","protected":false},"featured_media":21331,"template":"","resource_category":[20],"class_list":["post-21330","resource","type-resource","status-publish","has-post-thumbnail","hentry","resource_category-atividades"],"acf":{"breadcrumb":false,"file":false,"content":[{"acf_fc_layout":"event","display_title":"VISITA BOT\u00c2NICA \u2014 A NATUREZA COMO IMAGEM E MAT\u00c9RIA","subtitle":"<p>Com Lu\u00eds Alves<\/p>\n","date":{"show_time":true,"type":"range","date":null,"start_date":"26\/04\/2026 11:00","end_date":"26\/04\/2026 12:00"},"sessions":null,"location":{"type":"other","station":false,"location":"ATELI\u00ca ANT\u00d3NIO CARNEIRO"},"media":{"type":false,"image":{"ID":21332,"id":21332,"title":"CMOS_2 (1)","filename":"CMOS_2-1.jpg","filesize":291781,"url":"https:\/\/museudoporto.pt\/wp-content\/uploads\/2026\/04\/CMOS_2-1.jpg","link":"https:\/\/museudoporto.pt\/en\/cmos_2-1-2\/","alt":"","author":"16","description":"","caption":"","name":"cmos_2-1-2","status":"inherit","uploaded_to":0,"date":"2026-04-28 14:07:18","modified":"2026-04-28 14:07:42","menu_order":0,"mime_type":"image\/jpeg","type":"image","subtype":"jpeg","icon":"https:\/\/museudoporto.pt\/wp-includes\/images\/media\/default.png","width":1000,"height":661,"sizes":{"thumbnail":"https:\/\/museudoporto.pt\/wp-content\/uploads\/2026\/04\/CMOS_2-1-150x150.jpg","thumbnail-width":150,"thumbnail-height":150,"medium":"https:\/\/museudoporto.pt\/wp-content\/uploads\/2026\/04\/CMOS_2-1-300x198.jpg","medium-width":300,"medium-height":198,"medium_large":"https:\/\/museudoporto.pt\/wp-content\/uploads\/2026\/04\/CMOS_2-1-768x508.jpg","medium_large-width":640,"medium_large-height":423,"large":"https:\/\/museudoporto.pt\/wp-content\/uploads\/2026\/04\/CMOS_2-1.jpg","large-width":640,"large-height":423,"ufg_200_200":"https:\/\/museudoporto.pt\/wp-content\/uploads\/2026\/04\/CMOS_2-1-200x200.jpg","ufg_200_200-width":200,"ufg_200_200-height":200,"ufg_300_300":"https:\/\/museudoporto.pt\/wp-content\/uploads\/2026\/04\/CMOS_2-1-300x300.jpg","ufg_300_300-width":300,"ufg_300_300-height":300,"ufg_400_400":"https:\/\/museudoporto.pt\/wp-content\/uploads\/2026\/04\/CMOS_2-1-400x400.jpg","ufg_400_400-width":400,"ufg_400_400-height":400,"1536x1536":"https:\/\/museudoporto.pt\/wp-content\/uploads\/2026\/04\/CMOS_2-1.jpg","1536x1536-width":1000,"1536x1536-height":661,"2048x2048":"https:\/\/museudoporto.pt\/wp-content\/uploads\/2026\/04\/CMOS_2-1.jpg","2048x2048-width":1000,"2048x2048-height":661}},"gallery":false},"excerpt":"<p>As Visitas Bot\u00e2nicas exploram, a partir das representa\u00e7\u00f5es de plantas presentes nas cole\u00e7\u00f5es do Museu do Porto, itiner\u00e1rios de rela\u00e7\u00e3o entre imagem, ci\u00eancia e cultura, revelando os modos como a natureza foi historicamente concebida, representada e apropriada em diferentes contextos e materializa\u00e7\u00f5es.<\/p>\n<p>No Museu Aur\u00e9lia e Sofia de Souza, a natureza revela-se na pintura, nos objetos e no jardim, ora observada com olhar quase cient\u00edfico, ora transformada em ornamento e s\u00edmbolo. Entre arte e quotidiano, o mundo vegetal surge como imagem, mat\u00e9ria e mem\u00f3ria cultural, revelando como a burguesia portuense dos s\u00e9culos XIX e XX olhou, representou e trouxe a natureza para dentro de casa.<\/p>\n","content":"<p>As Visitas Bot\u00e2nicas exploram, a partir das representa\u00e7\u00f5es de plantas presentes nas cole\u00e7\u00f5es do Museu do Porto, itiner\u00e1rios de rela\u00e7\u00e3o entre imagem, ci\u00eancia e cultura, revelando os modos como a natureza foi historicamente concebida, representada e apropriada em diferentes contextos e materializa\u00e7\u00f5es.<\/p>\n<p>No Museu Aur\u00e9lia e Sofia de Souza, a natureza revela-se na pintura, nos objetos e no jardim, ora observada com olhar quase cient\u00edfico, ora transformada em ornamento e s\u00edmbolo. Entre arte e quotidiano, o mundo vegetal surge como imagem, mat\u00e9ria e mem\u00f3ria cultural, revelando como a burguesia portuense dos s\u00e9culos XIX e XX olhou, representou e trouxe a natureza para dentro de casa.<\/p>\n<p>&nbsp;<\/p>\n<p>&nbsp;<\/p>\n<h2>Inscri\u00e7\u00f5es<\/h2>\n<p>Entrada gratuita, mediante inscri\u00e7\u00e3o atrav\u00e9s de <a href=\"https:\/\/questionarios.cm-porto.pt\/index.php\/436558?lang=pt\">formul\u00e1rio<\/a> \/ 20 participantes<\/p>\n<h2>Endere\u00e7o<\/h2>\n<p>Rua de Nossa Senhora de F\u00e1tima, 299<br \/>\n4050-428 Porto<br \/>\nGPS: 41.159457, -8.625454<br \/>\n<a href=\"https:\/\/www.google.com\/maps\/place\/MUSEU+DA+CIDADE%E2%80%94Casa+Marta+Ortig%C3%A3o+Sampaio\/@41.1593654,-8.6277251,17z\/data=!3m1!4b1!4m5!3m4!1s0xd2465a8407f48ad:0x570d5413b98c531a!8m2!3d41.1593654!4d-8.6255364\">Localiza\u00e7\u00e3o<\/a><\/p>\n<h2>Autocarro<\/h2>\n<p>203, 302, 203, 302, 508<\/p>\n<h2>Metro<\/h2>\n<p>Carolina Micha\u00eblis<\/p>\n<h2>Estacionamento<\/h2>\n<p>Casa da M\u00fasica<\/p>\n<h2>Jardins<\/h2>\n<p><a href=\"https:\/\/museudoporto.pt\/en\/garden\/jardim-e-casa-marta-ortigao-sampaio\/\">MARTA ORTIG\u00c3O SAMPAIO<\/a><\/p>\n<p>&nbsp;<\/p>\n<p>&nbsp;<\/p>\n"}],"previous_link":{"label":"","link":""},"next_link":{"label":"","link":""},"ambient_sound":false},"_links":{"self":[{"href":"https:\/\/museudoporto.pt\/en\/wp-json\/wp\/v2\/resource\/21330","targetHints":{"allow":["GET"]}}],"collection":[{"href":"https:\/\/museudoporto.pt\/en\/wp-json\/wp\/v2\/resource"}],"about":[{"href":"https:\/\/museudoporto.pt\/en\/wp-json\/wp\/v2\/types\/resource"}],"wp:featuredmedia":[{"embeddable":true,"href":"https:\/\/museudoporto.pt\/en\/wp-json\/wp\/v2\/media\/21331"}],"wp:attachment":[{"href":"https:\/\/museudoporto.pt\/en\/wp-json\/wp\/v2\/media?parent=21330"}],"wp:term":[{"taxonomy":"resource_category","embeddable":true,"href":"https:\/\/museudoporto.pt\/en\/wp-json\/wp\/v2\/resource_category?post=21330"}],"curies":[{"name":"wp","href":"https:\/\/api.w.org\/{rel}","templated":true}]}}

VISITA BOTÂNICA — A NATUREZA COMO IMAGEM E MATÉRIA

<p>Com Luís Alves</p>

ATELIÊ ANTÓNIO CARNEIRO

<p>As Visitas Botânicas exploram, a partir das representações de plantas presentes nas coleções do Museu do Porto, itinerários de relação entre imagem, ciência e cultura, revelando os modos como a natureza foi historicamente concebida, representada e apropriada em diferentes contextos e materializações.</p>
<p>No Museu Aurélia e Sofia de Souza, a natureza revela-se na pintura, nos objetos e no jardim, ora observada com olhar quase científico, ora transformada em ornamento e símbolo. Entre arte e quotidiano, o mundo vegetal surge como imagem, matéria e memória cultural, revelando como a burguesia portuense dos séculos XIX e XX olhou, representou e trouxe a natureza para dentro de casa.</p>

<p>As Visitas Botânicas exploram, a partir das representações de plantas presentes nas coleções do Museu do Porto, itinerários de relação entre imagem, ciência e cultura, revelando os modos como a natureza foi historicamente concebida, representada e apropriada em diferentes contextos e materializações.</p>
<p>No Museu Aurélia e Sofia de Souza, a natureza revela-se na pintura, nos objetos e no jardim, ora observada com olhar quase científico, ora transformada em ornamento e símbolo. Entre arte e quotidiano, o mundo vegetal surge como imagem, matéria e memória cultural, revelando como a burguesia portuense dos séculos XIX e XX olhou, representou e trouxe a natureza para dentro de casa.</p>
<p>&nbsp;</p>
<p>&nbsp;</p>
<h2>Inscrições</h2>
<p>Entrada gratuita, mediante inscrição através de <a href="https://questionarios.cm-porto.pt/index.php/436558?lang=pt">formulário</a> / 20 participantes</p>
<h2>Endereço</h2>
<p>Rua de Nossa Senhora de Fátima, 299<br />
4050-428 Porto<br />
GPS: 41.159457, -8.625454<br />
<a href="https://www.google.com/maps/place/MUSEU+DA+CIDADE%E2%80%94Casa+Marta+Ortig%C3%A3o+Sampaio/@41.1593654,-8.6277251,17z/data=!3m1!4b1!4m5!3m4!1s0xd2465a8407f48ad:0x570d5413b98c531a!8m2!3d41.1593654!4d-8.6255364">Localização</a></p>
<h2>Autocarro</h2>
<p>203, 302, 203, 302, 508</p>
<h2>Metro</h2>
<p>Carolina Michaëlis</p>
<h2>Estacionamento</h2>
<p>Casa da Música</p>
<h2>Jardins</h2>
<p><a href="https://museudoporto.pt/en/garden/jardim-e-casa-marta-ortigao-sampaio/">MARTA ORTIGÃO SAMPAIO</a></p>
<p>&nbsp;</p>
<p>&nbsp;</p>
