{"id":21340,"date":"2026-04-28T16:36:48","date_gmt":"2026-04-28T15:36:48","guid":{"rendered":"https:\/\/museudoporto.pt\/?post_type=resource&#038;p=21340"},"modified":"2026-04-28T16:36:48","modified_gmt":"2026-04-28T15:36:48","slug":"inventario-arquivo-do-objeto-invisivel","status":"publish","type":"resource","link":"https:\/\/museudoporto.pt\/en\/recurso\/inventario-arquivo-do-objeto-invisivel\/","title":{"rendered":"INVENT\u00c1RIO \u2014 ARQUIVO DO OBJETO INVIS\u00cdVEL"},"content":{"rendered":"","protected":false},"featured_media":21341,"template":"","resource_category":[20],"class_list":["post-21340","resource","type-resource","status-publish","has-post-thumbnail","hentry","resource_category-atividades"],"acf":{"ambient_sound":false,"breadcrumb":false,"file":false,"content":[{"acf_fc_layout":"event","display_title":"INVENT\u00c1RIO \u2014 ARQUIVO DO OBJETO INVIS\u00cdVEL","subtitle":"<p>Com Gon\u00e7alo Fonseca<\/p>\n","date":{"show_time":true,"type":"range","date":null,"start_date":"30\/05\/2026 14:30","end_date":"30\/05\/2026 16:00"},"sessions":null,"location":{"type":"other","station":false,"location":"MUSEU ROM\u00c2NTICO"},"media":{"type":false,"image":{"ID":21342,"id":21342,"title":"a72e9d64-24fc-4161-90ec-dee7f9811499 (1)","filename":"a72e9d64-24fc-4161-90ec-dee7f9811499-1.png","filesize":2041603,"url":"https:\/\/museudoporto.pt\/wp-content\/uploads\/2026\/04\/a72e9d64-24fc-4161-90ec-dee7f9811499-1.png","link":"https:\/\/museudoporto.pt\/en\/a72e9d64-24fc-4161-90ec-dee7f9811499-1-2\/","alt":"","author":"16","description":"","caption":"","name":"a72e9d64-24fc-4161-90ec-dee7f9811499-1-2","status":"inherit","uploaded_to":0,"date":"2026-04-28 15:34:21","modified":"2026-04-28 15:34:32","menu_order":0,"mime_type":"image\/png","type":"image","subtype":"png","icon":"https:\/\/museudoporto.pt\/wp-includes\/images\/media\/default.png","width":1024,"height":1536,"sizes":{"thumbnail":"https:\/\/museudoporto.pt\/wp-content\/uploads\/2026\/04\/a72e9d64-24fc-4161-90ec-dee7f9811499-1-150x150.png","thumbnail-width":150,"thumbnail-height":150,"medium":"https:\/\/museudoporto.pt\/wp-content\/uploads\/2026\/04\/a72e9d64-24fc-4161-90ec-dee7f9811499-1-200x300.png","medium-width":200,"medium-height":300,"medium_large":"https:\/\/museudoporto.pt\/wp-content\/uploads\/2026\/04\/a72e9d64-24fc-4161-90ec-dee7f9811499-1-768x1152.png","medium_large-width":640,"medium_large-height":960,"large":"https:\/\/museudoporto.pt\/wp-content\/uploads\/2026\/04\/a72e9d64-24fc-4161-90ec-dee7f9811499-1-683x1024.png","large-width":640,"large-height":960,"ufg_200_200":"https:\/\/museudoporto.pt\/wp-content\/uploads\/2026\/04\/a72e9d64-24fc-4161-90ec-dee7f9811499-1-200x200.png","ufg_200_200-width":200,"ufg_200_200-height":200,"ufg_300_300":"https:\/\/museudoporto.pt\/wp-content\/uploads\/2026\/04\/a72e9d64-24fc-4161-90ec-dee7f9811499-1-300x300.png","ufg_300_300-width":300,"ufg_300_300-height":300,"ufg_400_400":"https:\/\/museudoporto.pt\/wp-content\/uploads\/2026\/04\/a72e9d64-24fc-4161-90ec-dee7f9811499-1-400x400.png","ufg_400_400-width":400,"ufg_400_400-height":400,"1536x1536":"https:\/\/museudoporto.pt\/wp-content\/uploads\/2026\/04\/a72e9d64-24fc-4161-90ec-dee7f9811499-1.png","1536x1536-width":1024,"1536x1536-height":1536,"2048x2048":"https:\/\/museudoporto.pt\/wp-content\/uploads\/2026\/04\/a72e9d64-24fc-4161-90ec-dee7f9811499-1.png","2048x2048-width":1024,"2048x2048-height":1536}},"gallery":false},"excerpt":"<p>Nesta oficina, cada participante \u00e9 convidado a trazer um objeto pessoal e a descobrir a hist\u00f3ria \u00edntima que ele guarda. A partir de exerc\u00edcios de escrita sens\u00edvel e de composi\u00e7\u00e3o visual, constr\u00f3i-se uma pequena<br \/>\ncaixa ou vitrina para guardar a pe\u00e7a. Entre mem\u00f3rias e detalhes, o objeto transforma-se num \u00abpequeno tesouro\u00bb \u2013 um museu port\u00e1til onde se cruzam afetos, narrativa e imagina\u00e7\u00e3o. No final, cada pessoa<br \/>\nleva consigo uma pe\u00e7a \u00fanica, um espa\u00e7o po\u00e9tico de significado e presen\u00e7a.<\/p>\n","content":"<p>Nesta oficina, cada participante \u00e9 convidado a trazer um objeto pessoal e a descobrir a hist\u00f3ria \u00edntima que ele guarda. A partir de exerc\u00edcios de escrita sens\u00edvel e de composi\u00e7\u00e3o visual, constr\u00f3i-se uma pequena<br \/>\ncaixa ou vitrina para guardar a pe\u00e7a. Entre mem\u00f3rias e detalhes, o objeto transforma-se num \u00abpequeno tesouro\u00bb \u2013 um museu port\u00e1til onde se cruzam afetos, narrativa e imagina\u00e7\u00e3o. No final, cada pessoa<br \/>\nleva consigo uma pe\u00e7a \u00fanica, um espa\u00e7o po\u00e9tico de significado e presen\u00e7a.<\/p>\n<p>&nbsp;<\/p>\n<h2>ENTRADAS<\/h2>\n<p>Entrada gratuita, mediante inscri\u00e7\u00e3o atrav\u00e9s do <a href=\"https:\/\/questionarios.cm-porto.pt\/index.php\/559924?lang=pt\">formul\u00e1rio<\/a> \/ 10 participantes<\/p>\n<h2>Endere\u00e7o<\/h2>\n<p>Rua de Entre-Quintas, 220 4050-240 Porto<br \/>\nGPS: 41.147524, -8.627930<br \/>\n<a href=\"https:\/\/www.google.com\/maps\/place\/MUSEU+DA+CIDADE%E2%80%94Extens%C3%A3o+do+Romantismo\/@41.1475562,-8.6306449,17z\/data=!3m1!4b1!4m5!3m4!1s0xd2465101fc09f21:0xe05b033b7aceedc0!8m2!3d41.1475562!4d-8.6284562\">Localiza\u00e7\u00e3o<\/a><\/p>\n<h2>Autocarro<\/h2>\n<p>1M, 200, 201, 207, 208, 302, 303, 501, 507, 601, ZM, 12M, 13M<br \/>\nCircular Massarelos \u2013 Carmo<\/p>\n<h2>Estacionamento<\/h2>\n<p>Pal\u00e1cio de Cristal<\/p>\n<h2>Jardins<\/h2>\n<p><a href=\"https:\/\/museudoporto.pt\/en\/garden\/quinta-da-macieirinha-extensao-do-romantismo\/\">QUINTA DA MACIEIRINHA<\/a><\/p>\n<p>&nbsp;<\/p>\n<p>&nbsp;<\/p>\n"}],"previous_link":{"label":"","link":""},"next_link":{"label":"","link":""}},"_links":{"self":[{"href":"https:\/\/museudoporto.pt\/en\/wp-json\/wp\/v2\/resource\/21340","targetHints":{"allow":["GET"]}}],"collection":[{"href":"https:\/\/museudoporto.pt\/en\/wp-json\/wp\/v2\/resource"}],"about":[{"href":"https:\/\/museudoporto.pt\/en\/wp-json\/wp\/v2\/types\/resource"}],"wp:featuredmedia":[{"embeddable":true,"href":"https:\/\/museudoporto.pt\/en\/wp-json\/wp\/v2\/media\/21341"}],"wp:attachment":[{"href":"https:\/\/museudoporto.pt\/en\/wp-json\/wp\/v2\/media?parent=21340"}],"wp:term":[{"taxonomy":"resource_category","embeddable":true,"href":"https:\/\/museudoporto.pt\/en\/wp-json\/wp\/v2\/resource_category?post=21340"}],"curies":[{"name":"wp","href":"https:\/\/api.w.org\/{rel}","templated":true}]}}

INVENTÁRIO — ARQUIVO DO OBJETO INVISÍVEL

<p>Com Gonçalo Fonseca</p>

MUSEU ROMÂNTICO

<p>Nesta oficina, cada participante é convidado a trazer um objeto pessoal e a descobrir a história íntima que ele guarda. A partir de exercícios de escrita sensível e de composição visual, constrói-se uma pequena<br />
caixa ou vitrina para guardar a peça. Entre memórias e detalhes, o objeto transforma-se num «pequeno tesouro» – um museu portátil onde se cruzam afetos, narrativa e imaginação. No final, cada pessoa<br />
leva consigo uma peça única, um espaço poético de significado e presença.</p>

<p>Nesta oficina, cada participante é convidado a trazer um objeto pessoal e a descobrir a história íntima que ele guarda. A partir de exercícios de escrita sensível e de composição visual, constrói-se uma pequena<br />
caixa ou vitrina para guardar a peça. Entre memórias e detalhes, o objeto transforma-se num «pequeno tesouro» – um museu portátil onde se cruzam afetos, narrativa e imaginação. No final, cada pessoa<br />
leva consigo uma peça única, um espaço poético de significado e presença.</p>
<p>&nbsp;</p>
<h2>ENTRADAS</h2>
<p>Entrada gratuita, mediante inscrição através do <a href="https://questionarios.cm-porto.pt/index.php/559924?lang=pt">formulário</a> / 10 participantes</p>
<h2>Endereço</h2>
<p>Rua de Entre-Quintas, 220 4050-240 Porto<br />
GPS: 41.147524, -8.627930<br />
<a href="https://www.google.com/maps/place/MUSEU+DA+CIDADE%E2%80%94Extens%C3%A3o+do+Romantismo/@41.1475562,-8.6306449,17z/data=!3m1!4b1!4m5!3m4!1s0xd2465101fc09f21:0xe05b033b7aceedc0!8m2!3d41.1475562!4d-8.6284562">Localização</a></p>
<h2>Autocarro</h2>
<p>1M, 200, 201, 207, 208, 302, 303, 501, 507, 601, ZM, 12M, 13M<br />
Circular Massarelos – Carmo</p>
<h2>Estacionamento</h2>
<p>Palácio de Cristal</p>
<h2>Jardins</h2>
<p><a href="https://museudoporto.pt/en/garden/quinta-da-macieirinha-extensao-do-romantismo/">QUINTA DA MACIEIRINHA</a></p>
<p>&nbsp;</p>
<p>&nbsp;</p>
