{"id":21343,"date":"2026-04-28T16:52:57","date_gmt":"2026-04-28T15:52:57","guid":{"rendered":"https:\/\/museudoporto.pt\/?post_type=resource&#038;p=21343"},"modified":"2026-04-28T16:53:46","modified_gmt":"2026-04-28T15:53:46","slug":"clube-de-leitura-contos-em-dialogo-o-naufragio-do-deister-em-o-mundo-a-minha-procura-de-ruben-a-e-as-filhas-do-falecido-coronel-de-katherine-mansfield","status":"publish","type":"resource","link":"https:\/\/museudoporto.pt\/en\/recurso\/clube-de-leitura-contos-em-dialogo-o-naufragio-do-deister-em-o-mundo-a-minha-procura-de-ruben-a-e-as-filhas-do-falecido-coronel-de-katherine-mansfield\/","title":{"rendered":"CLUBE DE LEITURA \u2014 CONTOS EM DI\u00c1LOGO: \u00abO NAUFR\u00c1GIO DO DEISTER\u00bb EM \u00abO MUNDO \u00c0 MINHA PROCURA\u00bb, DE RUBEN A. + \u00abAS FILHAS DO FALECIDO CORONEL\u00bb, DE KATHERINE MANSFIELD"},"content":{"rendered":"","protected":false},"featured_media":21346,"template":"","resource_category":[20],"class_list":["post-21343","resource","type-resource","status-publish","has-post-thumbnail","hentry","resource_category-atividades"],"acf":{"ambient_sound":false,"breadcrumb":false,"file":false,"content":[{"acf_fc_layout":"event","display_title":"CLUBE DE LEITURA \u2014 CONTOS EM DI\u00c1LOGO: \u00abO NAUFR\u00c1GIO DO DEISTER\u00bb EM \u00abO MUNDO \u00c0 MINHA PROCURA\u00bb, DE RUBEN A. + \u00abAS FILHAS DO FALECIDO CORONEL\u00bb, DE KATHERINE MANSFIELD","subtitle":"<p>QUI 7 E 21 MAI, 18H30 (2 sess\u00f5es)<\/p>\n<p>Com Eva Carvalho e Maria Jo\u00e3o Sampaio<\/p>\n","date":{"show_time":true,"type":"range","date":null,"start_date":"07\/05\/2026 18:30","end_date":"21\/05\/2026 18:30"},"sessions":null,"location":{"type":"other","station":false,"location":"BIBLIOTECA MUNICIPAL ALMEIDA GARRETT \/ SALA DE FORMA\u00c7\u00c3O"},"media":{"type":false,"image":{"ID":21347,"id":21347,"title":"Katherinemansfield","filename":"Katherinemansfield.jpg","filesize":80219,"url":"https:\/\/museudoporto.pt\/wp-content\/uploads\/2026\/04\/Katherinemansfield.jpg","link":"https:\/\/museudoporto.pt\/en\/katherinemansfield-2\/","alt":"","author":"16","description":"","caption":"","name":"katherinemansfield-2","status":"inherit","uploaded_to":0,"date":"2026-04-28 15:45:02","modified":"2026-04-28 15:52:38","menu_order":0,"mime_type":"image\/jpeg","type":"image","subtype":"jpeg","icon":"https:\/\/museudoporto.pt\/wp-includes\/images\/media\/default.png","width":550,"height":880,"sizes":{"thumbnail":"https:\/\/museudoporto.pt\/wp-content\/uploads\/2026\/04\/Katherinemansfield-150x150.jpg","thumbnail-width":150,"thumbnail-height":150,"medium":"https:\/\/museudoporto.pt\/wp-content\/uploads\/2026\/04\/Katherinemansfield-188x300.jpg","medium-width":188,"medium-height":300,"medium_large":"https:\/\/museudoporto.pt\/wp-content\/uploads\/2026\/04\/Katherinemansfield.jpg","medium_large-width":550,"medium_large-height":880,"large":"https:\/\/museudoporto.pt\/wp-content\/uploads\/2026\/04\/Katherinemansfield.jpg","large-width":550,"large-height":880,"ufg_200_200":"https:\/\/museudoporto.pt\/wp-content\/uploads\/2026\/04\/Katherinemansfield-200x200.jpg","ufg_200_200-width":200,"ufg_200_200-height":200,"ufg_300_300":"https:\/\/museudoporto.pt\/wp-content\/uploads\/2026\/04\/Katherinemansfield-300x300.jpg","ufg_300_300-width":300,"ufg_300_300-height":300,"ufg_400_400":"https:\/\/museudoporto.pt\/wp-content\/uploads\/2026\/04\/Katherinemansfield-400x400.jpg","ufg_400_400-width":400,"ufg_400_400-height":400,"1536x1536":"https:\/\/museudoporto.pt\/wp-content\/uploads\/2026\/04\/Katherinemansfield.jpg","1536x1536-width":550,"1536x1536-height":880,"2048x2048":"https:\/\/museudoporto.pt\/wp-content\/uploads\/2026\/04\/Katherinemansfield.jpg","2048x2048-width":550,"2048x2048-height":880}},"gallery":false},"excerpt":"<p>Em maio, escolhemos um texto de Ruben A., extra\u00eddo de \u00abO Mundo \u00e0 Minha Procura\u00bb, que relata epis\u00f3dios da sua inf\u00e2ncia no Porto, na quinta do Campo Alegre, nos anos 20 e 30 do s\u00e9c. XX, para dialogar com uma narrativa de uma autora de l\u00edngua inglesa, celebrada como uma das figuras definitivas do modernismo liter\u00e1rio, que por essa \u00e9poca publicava em Londres este conto.<\/p>\n","content":"<p>Em maio, escolhemos um texto de Ruben A., extra\u00eddo de \u00abO Mundo \u00e0 Minha Procura\u00bb, que relata epis\u00f3dios da sua inf\u00e2ncia no Porto, na quinta do Campo Alegre, nos anos 20 e 30 do s\u00e9c. XX, para dialogar com uma narrativa de uma autora de l\u00edngua inglesa, celebrada como uma das figuras definitivas do modernismo liter\u00e1rio, que por essa \u00e9poca publicava em Londres este conto.<\/p>\n<p>&nbsp;<\/p>\n<h2>ENTRADAS<\/h2>\n<p>Entrada gratuita, mediante inscri\u00e7\u00e3o atrav\u00e9s do <a href=\"https:\/\/bmp.cm-porto.pt\/inscricao_ClubeLeitura\">formul\u00e1rio<\/a> \/ 20 participantes<\/p>\n<h2>ENDERE\u00c7O<\/h2>\n<p>Jardins do Pal\u00e1cio de Cristal<br \/>\nRua de Dom Manuel II<br \/>\n4050-239 Porto<\/p>\n<h2>AUTOCARRO<\/h2>\n<p>1M, 200, 201, 207, 208, 302, 303, 501, 507, 601, ZM, 12M, 13M<br \/>\nCircular Massarelos \u2013 Carmo<\/p>\n<h2>ESTACIONAMENTO<\/h2>\n<p>Pal\u00e1cio de Cristal<\/p>\n"}],"previous_link":{"label":"","link":""},"next_link":{"label":"","link":""}},"_links":{"self":[{"href":"https:\/\/museudoporto.pt\/en\/wp-json\/wp\/v2\/resource\/21343","targetHints":{"allow":["GET"]}}],"collection":[{"href":"https:\/\/museudoporto.pt\/en\/wp-json\/wp\/v2\/resource"}],"about":[{"href":"https:\/\/museudoporto.pt\/en\/wp-json\/wp\/v2\/types\/resource"}],"wp:featuredmedia":[{"embeddable":true,"href":"https:\/\/museudoporto.pt\/en\/wp-json\/wp\/v2\/media\/21346"}],"wp:attachment":[{"href":"https:\/\/museudoporto.pt\/en\/wp-json\/wp\/v2\/media?parent=21343"}],"wp:term":[{"taxonomy":"resource_category","embeddable":true,"href":"https:\/\/museudoporto.pt\/en\/wp-json\/wp\/v2\/resource_category?post=21343"}],"curies":[{"name":"wp","href":"https:\/\/api.w.org\/{rel}","templated":true}]}}

CLUBE DE LEITURA — CONTOS EM DIÁLOGO: «O NAUFRÁGIO DO DEISTER» EM «O MUNDO À MINHA PROCURA», DE RUBEN A. + «AS FILHAS DO FALECIDO CORONEL», DE KATHERINE MANSFIELD

<p>QUI 7 E 21 MAI, 18H30 (2 sessões)</p>
<p>Com Eva Carvalho e Maria João Sampaio</p>

BIBLIOTECA MUNICIPAL ALMEIDA GARRETT / SALA DE FORMAÇÃO

<p>Em maio, escolhemos um texto de Ruben A., extraído de «O Mundo à Minha Procura», que relata episódios da sua infância no Porto, na quinta do Campo Alegre, nos anos 20 e 30 do séc. XX, para dialogar com uma narrativa de uma autora de língua inglesa, celebrada como uma das figuras definitivas do modernismo literário, que por essa época publicava em Londres este conto.</p>

<p>Em maio, escolhemos um texto de Ruben A., extraído de «O Mundo à Minha Procura», que relata episódios da sua infância no Porto, na quinta do Campo Alegre, nos anos 20 e 30 do séc. XX, para dialogar com uma narrativa de uma autora de língua inglesa, celebrada como uma das figuras definitivas do modernismo literário, que por essa época publicava em Londres este conto.</p>
<p>&nbsp;</p>
<h2>ENTRADAS</h2>
<p>Entrada gratuita, mediante inscrição através do <a href="https://bmp.cm-porto.pt/inscricao_ClubeLeitura">formulário</a> / 20 participantes</p>
<h2>ENDEREÇO</h2>
<p>Jardins do Palácio de Cristal<br />
Rua de Dom Manuel II<br />
4050-239 Porto</p>
<h2>AUTOCARRO</h2>
<p>1M, 200, 201, 207, 208, 302, 303, 501, 507, 601, ZM, 12M, 13M<br />
Circular Massarelos – Carmo</p>
<h2>ESTACIONAMENTO</h2>
<p>Palácio de Cristal</p>
