{"id":21351,"date":"2026-04-28T17:05:36","date_gmt":"2026-04-28T16:05:36","guid":{"rendered":"https:\/\/museudoporto.pt\/?post_type=resource&#038;p=21351"},"modified":"2026-04-28T17:06:05","modified_gmt":"2026-04-28T16:06:05","slug":"clube-de-leitura-senior-as-fabulosas-historias-dela-contos-do-porto-imaginado-de-beatriz-pacheco-pereira-2","status":"publish","type":"resource","link":"https:\/\/museudoporto.pt\/en\/recurso\/clube-de-leitura-senior-as-fabulosas-historias-dela-contos-do-porto-imaginado-de-beatriz-pacheco-pereira-2\/","title":{"rendered":"CLUBE DE LEITURA S\u00c9NIOR \u2014 \u00abAS FABULOSAS HIST\u00d3RIAS DELA: CONTOS DO PORTO IMAGINADO\u00bb, DE BEATRIZ PACHECO PEREIRA"},"content":{"rendered":"","protected":false},"featured_media":21352,"template":"","resource_category":[20],"class_list":["post-21351","resource","type-resource","status-publish","has-post-thumbnail","hentry","resource_category-atividades"],"acf":{"ambient_sound":false,"breadcrumb":false,"file":false,"content":[{"acf_fc_layout":"event","display_title":"CLUBE DE LEITURA S\u00c9NIOR \u2014 \u00abAS FABULOSAS HIST\u00d3RIAS DELA: CONTOS DO PORTO IMAGINADO\u00bb, DE BEATRIZ PACHECO PEREIRA","subtitle":"<p>Com Albina Pacheco e Iria Teixeira<\/p>\n","date":{"show_time":true,"type":"range","date":null,"start_date":"27\/05\/2026 14:30","end_date":"27\/05\/2026 16:00"},"sessions":null,"location":{"type":"other","station":false,"location":"UNI\u00c3O DE FREGUESIAS DE ALDOAR, FOZ DO DOURO E NEVOGILDE"},"media":{"type":false,"image":{"ID":21353,"id":21353,"title":"05. C. L. Se\u0301nior_Banner_PlasmaBibliotecas_1920x1080px2","filename":"05.-C.-L.-Senior_Banner_PlasmaBibliotecas_1920x1080px2-scaled.jpg","filesize":334631,"url":"https:\/\/museudoporto.pt\/wp-content\/uploads\/2026\/04\/05.-C.-L.-Senior_Banner_PlasmaBibliotecas_1920x1080px2-scaled.jpg","link":"https:\/\/museudoporto.pt\/en\/05-c-l-senior_banner_plasmabibliotecas_1920x1080px2-5-2\/","alt":"","author":"16","description":"","caption":"","name":"05-c-l-senior_banner_plasmabibliotecas_1920x1080px2-5-2","status":"inherit","uploaded_to":0,"date":"2026-04-28 16:03:25","modified":"2026-04-28 16:03:30","menu_order":0,"mime_type":"image\/jpeg","type":"image","subtype":"jpeg","icon":"https:\/\/museudoporto.pt\/wp-includes\/images\/media\/default.png","width":2560,"height":1440,"sizes":{"thumbnail":"https:\/\/museudoporto.pt\/wp-content\/uploads\/2026\/04\/05.-C.-L.-Senior_Banner_PlasmaBibliotecas_1920x1080px2-150x150.jpg","thumbnail-width":150,"thumbnail-height":150,"medium":"https:\/\/museudoporto.pt\/wp-content\/uploads\/2026\/04\/05.-C.-L.-Senior_Banner_PlasmaBibliotecas_1920x1080px2-300x169.jpg","medium-width":300,"medium-height":169,"medium_large":"https:\/\/museudoporto.pt\/wp-content\/uploads\/2026\/04\/05.-C.-L.-Senior_Banner_PlasmaBibliotecas_1920x1080px2-768x432.jpg","medium_large-width":640,"medium_large-height":360,"large":"https:\/\/museudoporto.pt\/wp-content\/uploads\/2026\/04\/05.-C.-L.-Senior_Banner_PlasmaBibliotecas_1920x1080px2-1024x576.jpg","large-width":640,"large-height":360,"ufg_200_200":"https:\/\/museudoporto.pt\/wp-content\/uploads\/2026\/04\/05.-C.-L.-Senior_Banner_PlasmaBibliotecas_1920x1080px2-200x200.jpg","ufg_200_200-width":200,"ufg_200_200-height":200,"ufg_300_300":"https:\/\/museudoporto.pt\/wp-content\/uploads\/2026\/04\/05.-C.-L.-Senior_Banner_PlasmaBibliotecas_1920x1080px2-300x300.jpg","ufg_300_300-width":300,"ufg_300_300-height":300,"ufg_400_400":"https:\/\/museudoporto.pt\/wp-content\/uploads\/2026\/04\/05.-C.-L.-Senior_Banner_PlasmaBibliotecas_1920x1080px2-400x400.jpg","ufg_400_400-width":400,"ufg_400_400-height":400,"1536x1536":"https:\/\/museudoporto.pt\/wp-content\/uploads\/2026\/04\/05.-C.-L.-Senior_Banner_PlasmaBibliotecas_1920x1080px2-1536x864.jpg","1536x1536-width":1536,"1536x1536-height":864,"2048x2048":"https:\/\/museudoporto.pt\/wp-content\/uploads\/2026\/04\/05.-C.-L.-Senior_Banner_PlasmaBibliotecas_1920x1080px2-2048x1152.jpg","2048x2048-width":2048,"2048x2048-height":1152}},"gallery":false},"excerpt":"<p>Iniciativa de promo\u00e7\u00e3o da leitura, que visa estimular o gosto pela partilha de livros e a intera\u00e7\u00e3o social. Os textos s\u00e3o criteriosamente selecionados e enviados aos interessados que, posteriormente, se encontram para ler, discutir pontos de vista e partilhar experi\u00eancias e mem\u00f3rias.<\/p>\n","content":"<p>Iniciativa de promo\u00e7\u00e3o da leitura, que visa estimular o gosto pela partilha de livros e a intera\u00e7\u00e3o social. Os textos s\u00e3o criteriosamente selecionados e enviados aos interessados que, posteriormente, se encontram para ler, discutir pontos de vista e partilhar experi\u00eancias e mem\u00f3rias.<\/p>\n<p>&nbsp;<\/p>\n<h2>Entradas<\/h2>\n<p>Entrada gratuita, mediante inscri\u00e7\u00e3o no projeto <a href=\"https:\/\/aldoarfoznevogilde.pt\/servicos\/trajetorias\/\">\u00abTrajet\u00f3rias\u00bb<\/a>\u00a0\/ 20 participantes<\/p>\n<h2>Endere\u00e7o<\/h2>\n<p>Aldoar | Servi\u00e7os Gerais<\/p>\n<p>Rua da Vilarinha, n.\u00ba 1090, 4100-513 Porto<\/p>\n"}],"previous_link":{"label":"","link":""},"next_link":{"label":"","link":""}},"_links":{"self":[{"href":"https:\/\/museudoporto.pt\/en\/wp-json\/wp\/v2\/resource\/21351","targetHints":{"allow":["GET"]}}],"collection":[{"href":"https:\/\/museudoporto.pt\/en\/wp-json\/wp\/v2\/resource"}],"about":[{"href":"https:\/\/museudoporto.pt\/en\/wp-json\/wp\/v2\/types\/resource"}],"wp:featuredmedia":[{"embeddable":true,"href":"https:\/\/museudoporto.pt\/en\/wp-json\/wp\/v2\/media\/21352"}],"wp:attachment":[{"href":"https:\/\/museudoporto.pt\/en\/wp-json\/wp\/v2\/media?parent=21351"}],"wp:term":[{"taxonomy":"resource_category","embeddable":true,"href":"https:\/\/museudoporto.pt\/en\/wp-json\/wp\/v2\/resource_category?post=21351"}],"curies":[{"name":"wp","href":"https:\/\/api.w.org\/{rel}","templated":true}]}}

CLUBE DE LEITURA SÉNIOR — «AS FABULOSAS HISTÓRIAS DELA: CONTOS DO PORTO IMAGINADO», DE BEATRIZ PACHECO PEREIRA

UNIÃO DE FREGUESIAS DE ALDOAR, FOZ DO DOURO E NEVOGILDE

<p>Iniciativa de promoção da leitura, que visa estimular o gosto pela partilha de livros e a interação social. Os textos são criteriosamente selecionados e enviados aos interessados que, posteriormente, se encontram para ler, discutir pontos de vista e partilhar experiências e memórias.</p>

<p>Iniciativa de promoção da leitura, que visa estimular o gosto pela partilha de livros e a interação social. Os textos são criteriosamente selecionados e enviados aos interessados que, posteriormente, se encontram para ler, discutir pontos de vista e partilhar experiências e memórias.</p>
<p>&nbsp;</p>
<h2>Entradas</h2>
<p>Entrada gratuita, mediante inscrição no projeto <a href="https://aldoarfoznevogilde.pt/servicos/trajetorias/">«Trajetórias»</a> / 20 participantes</p>
<h2>Endereço</h2>
<p>Aldoar | Serviços Gerais</p>
<p>Rua da Vilarinha, n.º 1090, 4100-513 Porto</p>
