{"id":21354,"date":"2026-04-28T17:12:27","date_gmt":"2026-04-28T16:12:27","guid":{"rendered":"https:\/\/museudoporto.pt\/?post_type=resource&#038;p=21354"},"modified":"2026-04-28T17:12:40","modified_gmt":"2026-04-28T16:12:40","slug":"clube-da-saude-nos-e-os-ecras","status":"publish","type":"resource","link":"https:\/\/museudoporto.pt\/en\/recurso\/clube-da-saude-nos-e-os-ecras\/","title":{"rendered":"CLUBE DA SA\u00daDE \u2014 N\u00d3S E OS ECR\u00c3S"},"content":{"rendered":"","protected":false},"featured_media":21355,"template":"","resource_category":[20],"class_list":["post-21354","resource","type-resource","status-publish","has-post-thumbnail","hentry","resource_category-atividades"],"acf":{"ambient_sound":false,"breadcrumb":false,"file":false,"content":[{"acf_fc_layout":"event","display_title":"CLUBE DA SA\u00daDE \u2014 N\u00d3S E OS ECR\u00c3S","subtitle":"<p>Com Mafalda Mateus<\/p>\n","date":{"show_time":true,"type":"range","date":null,"start_date":"12\/05\/2026 14:30","end_date":"12\/05\/2026 16:00"},"sessions":null,"location":{"type":"other","station":false,"location":"BIBLIOTECA MUNICIPAL ALMEIDA GARRETT"},"media":{"type":false,"image":{"ID":21356,"id":21356,"title":"03. Clube de Sau\u0301de_Banner_PlasmaBibliotecas_1920x1080px","filename":"03.-Clube-de-Saude_Banner_PlasmaBibliotecas_1920x1080px-scaled.jpg","filesize":391411,"url":"https:\/\/museudoporto.pt\/wp-content\/uploads\/2026\/04\/03.-Clube-de-Saude_Banner_PlasmaBibliotecas_1920x1080px-scaled.jpg","link":"https:\/\/museudoporto.pt\/en\/03-clube-de-saude_banner_plasmabibliotecas_1920x1080px-6-2\/","alt":"","author":"16","description":"","caption":"","name":"03-clube-de-saude_banner_plasmabibliotecas_1920x1080px-6-2","status":"inherit","uploaded_to":0,"date":"2026-04-28 16:10:23","modified":"2026-04-28 16:10:28","menu_order":0,"mime_type":"image\/jpeg","type":"image","subtype":"jpeg","icon":"https:\/\/museudoporto.pt\/wp-includes\/images\/media\/default.png","width":2560,"height":1440,"sizes":{"thumbnail":"https:\/\/museudoporto.pt\/wp-content\/uploads\/2026\/04\/03.-Clube-de-Saude_Banner_PlasmaBibliotecas_1920x1080px-150x150.jpg","thumbnail-width":150,"thumbnail-height":150,"medium":"https:\/\/museudoporto.pt\/wp-content\/uploads\/2026\/04\/03.-Clube-de-Saude_Banner_PlasmaBibliotecas_1920x1080px-300x169.jpg","medium-width":300,"medium-height":169,"medium_large":"https:\/\/museudoporto.pt\/wp-content\/uploads\/2026\/04\/03.-Clube-de-Saude_Banner_PlasmaBibliotecas_1920x1080px-768x432.jpg","medium_large-width":640,"medium_large-height":360,"large":"https:\/\/museudoporto.pt\/wp-content\/uploads\/2026\/04\/03.-Clube-de-Saude_Banner_PlasmaBibliotecas_1920x1080px-1024x576.jpg","large-width":640,"large-height":360,"ufg_200_200":"https:\/\/museudoporto.pt\/wp-content\/uploads\/2026\/04\/03.-Clube-de-Saude_Banner_PlasmaBibliotecas_1920x1080px-200x200.jpg","ufg_200_200-width":200,"ufg_200_200-height":200,"ufg_300_300":"https:\/\/museudoporto.pt\/wp-content\/uploads\/2026\/04\/03.-Clube-de-Saude_Banner_PlasmaBibliotecas_1920x1080px-300x300.jpg","ufg_300_300-width":300,"ufg_300_300-height":300,"ufg_400_400":"https:\/\/museudoporto.pt\/wp-content\/uploads\/2026\/04\/03.-Clube-de-Saude_Banner_PlasmaBibliotecas_1920x1080px-400x400.jpg","ufg_400_400-width":400,"ufg_400_400-height":400,"1536x1536":"https:\/\/museudoporto.pt\/wp-content\/uploads\/2026\/04\/03.-Clube-de-Saude_Banner_PlasmaBibliotecas_1920x1080px-1536x864.jpg","1536x1536-width":1536,"1536x1536-height":864,"2048x2048":"https:\/\/museudoporto.pt\/wp-content\/uploads\/2026\/04\/03.-Clube-de-Saude_Banner_PlasmaBibliotecas_1920x1080px-2048x1152.jpg","2048x2048-width":2048,"2048x2048-height":1152}},"gallery":false},"excerpt":"<p>A sess\u00e3o do m\u00eas de maio convida \u00e0 reflex\u00e3o sobre a utiliza\u00e7\u00e3o das tecnologias de forma segura, equilibrada e consciente. Atrav\u00e9s de atividades din\u00e2micas e de uma discuss\u00e3o participada, ser\u00e3o explorados os benef\u00edcios e os riscos das tecnologias, com o objetivo de promover a literacia digital, o pensamento cr\u00edtico e a capacidade de realizar escolhas informadas no mundo digital. Pretende-se, ainda, refor\u00e7ar estrat\u00e9gias para um uso mais saud\u00e1vel e respons\u00e1vel dos ecr\u00e3s no quotidiano.<\/p>\n","content":"<p>A sess\u00e3o do m\u00eas de maio convida \u00e0 reflex\u00e3o sobre a utiliza\u00e7\u00e3o das tecnologias de forma segura, equilibrada e consciente. Atrav\u00e9s de atividades din\u00e2micas e de uma discuss\u00e3o participada, ser\u00e3o explorados os benef\u00edcios e os riscos das tecnologias, com o objetivo de promover a literacia digital, o pensamento cr\u00edtico e a capacidade de realizar escolhas informadas no mundo digital. Pretende-se, ainda, refor\u00e7ar estrat\u00e9gias para um uso mais saud\u00e1vel e respons\u00e1vel dos ecr\u00e3s no quotidiano.<\/p>\n<p>&nbsp;<\/p>\n<p><strong>Mafalda Mateus<\/strong> \u00e9\u00a0psic\u00f3loga cl\u00ednica e comunit\u00e1ria, mestre em Psicologia Cl\u00ednica e da Sa\u00fade, pela Universidade do Porto. T\u00e9cnica Superior na C\u00e2mara Municipal do Porto, colabora na operacionaliza\u00e7\u00e3o do Programa Municipal de Promo\u00e7\u00e3o de Literacia em Sa\u00fade.<\/p>\n<p>&nbsp;<\/p>\n<p>&nbsp;<\/p>\n<h2>ENTRADAS<\/h2>\n<p>Entrada gratuita, mediante inscri\u00e7\u00e3o atrav\u00e9s do <a href=\"https:\/\/bmp.cm-porto.pt\/inscricao_Clube_Saude\">formul\u00e1rio<\/a><\/p>\n<h2>ENDERE\u00c7O<\/h2>\n<p>Jardins do Pal\u00e1cio de Cristal<br \/>\nRua de Dom Manuel II<br \/>\n4050-239 Porto<\/p>\n<h2>AUTOCARRO<\/h2>\n<p>1M, 200, 201, 207, 208, 302, 303, 501, 507, 601, ZM, 12M, 13M<br \/>\nCircular Massarelos \u2013 Carmo<\/p>\n<h2>ESTACIONAMENTO<\/h2>\n<p>Pal\u00e1cio de Cristal<\/p>\n"}],"previous_link":{"label":"","link":""},"next_link":{"label":"","link":""}},"_links":{"self":[{"href":"https:\/\/museudoporto.pt\/en\/wp-json\/wp\/v2\/resource\/21354","targetHints":{"allow":["GET"]}}],"collection":[{"href":"https:\/\/museudoporto.pt\/en\/wp-json\/wp\/v2\/resource"}],"about":[{"href":"https:\/\/museudoporto.pt\/en\/wp-json\/wp\/v2\/types\/resource"}],"wp:featuredmedia":[{"embeddable":true,"href":"https:\/\/museudoporto.pt\/en\/wp-json\/wp\/v2\/media\/21355"}],"wp:attachment":[{"href":"https:\/\/museudoporto.pt\/en\/wp-json\/wp\/v2\/media?parent=21354"}],"wp:term":[{"taxonomy":"resource_category","embeddable":true,"href":"https:\/\/museudoporto.pt\/en\/wp-json\/wp\/v2\/resource_category?post=21354"}],"curies":[{"name":"wp","href":"https:\/\/api.w.org\/{rel}","templated":true}]}}

CLUBE DA SAÚDE — NÓS E OS ECRÃS

<p>A sessão do mês de maio convida à reflexão sobre a utilização das tecnologias de forma segura, equilibrada e consciente. Através de atividades dinâmicas e de uma discussão participada, serão explorados os benefícios e os riscos das tecnologias, com o objetivo de promover a literacia digital, o pensamento crítico e a capacidade de realizar escolhas informadas no mundo digital. Pretende-se, ainda, reforçar estratégias para um uso mais saudável e responsável dos ecrãs no quotidiano.</p>

<p>A sessão do mês de maio convida à reflexão sobre a utilização das tecnologias de forma segura, equilibrada e consciente. Através de atividades dinâmicas e de uma discussão participada, serão explorados os benefícios e os riscos das tecnologias, com o objetivo de promover a literacia digital, o pensamento crítico e a capacidade de realizar escolhas informadas no mundo digital. Pretende-se, ainda, reforçar estratégias para um uso mais saudável e responsável dos ecrãs no quotidiano.</p>
<p>&nbsp;</p>
<p><strong>Mafalda Mateus</strong> é psicóloga clínica e comunitária, mestre em Psicologia Clínica e da Saúde, pela Universidade do Porto. Técnica Superior na Câmara Municipal do Porto, colabora na operacionalização do Programa Municipal de Promoção de Literacia em Saúde.</p>
<p>&nbsp;</p>
<p>&nbsp;</p>
<h2>ENTRADAS</h2>
<p>Entrada gratuita, mediante inscrição através do <a href="https://bmp.cm-porto.pt/inscricao_Clube_Saude">formulário</a></p>
<h2>ENDEREÇO</h2>
<p>Jardins do Palácio de Cristal<br />
Rua de Dom Manuel II<br />
4050-239 Porto</p>
<h2>AUTOCARRO</h2>
<p>1M, 200, 201, 207, 208, 302, 303, 501, 507, 601, ZM, 12M, 13M<br />
Circular Massarelos – Carmo</p>
<h2>ESTACIONAMENTO</h2>
<p>Palácio de Cristal</p>
