{"id":21362,"date":"2026-04-29T14:13:36","date_gmt":"2026-04-29T13:13:36","guid":{"rendered":"https:\/\/museudoporto.pt\/?post_type=resource&#038;p=21362"},"modified":"2026-04-29T15:31:15","modified_gmt":"2026-04-29T14:31:15","slug":"visita-guiada-a-exposicao-havera-eleicoes-1975-as-primeiras-eleicoes-livres-em-portugal","status":"publish","type":"resource","link":"https:\/\/museudoporto.pt\/en\/recurso\/visita-guiada-a-exposicao-havera-eleicoes-1975-as-primeiras-eleicoes-livres-em-portugal\/","title":{"rendered":"VISITA GUIADA \u00c0 EXPOSI\u00c7\u00c3O \u00abHAVER\u00c1 ELEI\u00c7\u00d5ES. 1975: AS PRIMEIRAS ELEI\u00c7\u00d5ES LIVRES EM PORTUGAL\u00bb"},"content":{"rendered":"","protected":false},"featured_media":21363,"template":"","resource_category":[20],"class_list":["post-21362","resource","type-resource","status-publish","has-post-thumbnail","hentry","resource_category-atividades"],"acf":{"ambient_sound":false,"breadcrumb":false,"file":false,"content":[{"acf_fc_layout":"event","display_title":"VISITA GUIADA \u00c0 EXPOSI\u00c7\u00c3O \u00abHAVER\u00c1 ELEI\u00c7\u00d5ES. 1975: AS PRIMEIRAS ELEI\u00c7\u00d5ES LIVRES EM PORTUGAL\u00bb","subtitle":"<p>Com Pedro Magalh\u00e3es<\/p>\n","date":{"show_time":true,"type":"range","date":null,"start_date":"02\/05\/2026 11:00","end_date":"29\/05\/2026 13:00"},"sessions":null,"location":{"type":"other","station":false,"location":"PA\u00c7OS DO CONCELHO"},"media":{"type":false,"image":{"ID":21364,"id":21364,"title":"ELEICOES_PORTO-convite-1080x1350px-01","filename":"ELEICOES_PORTO-convite-1080x1350px-01.jpg","filesize":238242,"url":"https:\/\/museudoporto.pt\/wp-content\/uploads\/2026\/04\/ELEICOES_PORTO-convite-1080x1350px-01.jpg","link":"https:\/\/museudoporto.pt\/en\/eleicoes_porto-convite-1080x1350px-01-2\/","alt":"","author":"16","description":"","caption":"","name":"eleicoes_porto-convite-1080x1350px-01-2","status":"inherit","uploaded_to":0,"date":"2026-04-29 13:13:11","modified":"2026-04-29 13:13:15","menu_order":0,"mime_type":"image\/jpeg","type":"image","subtype":"jpeg","icon":"https:\/\/museudoporto.pt\/wp-includes\/images\/media\/default.png","width":1080,"height":653,"sizes":{"thumbnail":"https:\/\/museudoporto.pt\/wp-content\/uploads\/2026\/04\/ELEICOES_PORTO-convite-1080x1350px-01-150x150.jpg","thumbnail-width":150,"thumbnail-height":150,"medium":"https:\/\/museudoporto.pt\/wp-content\/uploads\/2026\/04\/ELEICOES_PORTO-convite-1080x1350px-01-300x181.jpg","medium-width":300,"medium-height":181,"medium_large":"https:\/\/museudoporto.pt\/wp-content\/uploads\/2026\/04\/ELEICOES_PORTO-convite-1080x1350px-01-768x464.jpg","medium_large-width":640,"medium_large-height":387,"large":"https:\/\/museudoporto.pt\/wp-content\/uploads\/2026\/04\/ELEICOES_PORTO-convite-1080x1350px-01-1024x619.jpg","large-width":640,"large-height":387,"ufg_200_200":"https:\/\/museudoporto.pt\/wp-content\/uploads\/2026\/04\/ELEICOES_PORTO-convite-1080x1350px-01-200x200.jpg","ufg_200_200-width":200,"ufg_200_200-height":200,"ufg_300_300":"https:\/\/museudoporto.pt\/wp-content\/uploads\/2026\/04\/ELEICOES_PORTO-convite-1080x1350px-01-300x300.jpg","ufg_300_300-width":300,"ufg_300_300-height":300,"ufg_400_400":"https:\/\/museudoporto.pt\/wp-content\/uploads\/2026\/04\/ELEICOES_PORTO-convite-1080x1350px-01-400x400.jpg","ufg_400_400-width":400,"ufg_400_400-height":400,"1536x1536":"https:\/\/museudoporto.pt\/wp-content\/uploads\/2026\/04\/ELEICOES_PORTO-convite-1080x1350px-01.jpg","1536x1536-width":1080,"1536x1536-height":653,"2048x2048":"https:\/\/museudoporto.pt\/wp-content\/uploads\/2026\/04\/ELEICOES_PORTO-convite-1080x1350px-01.jpg","2048x2048-width":1080,"2048x2048-height":653}},"gallery":false},"excerpt":"<div dir=\"ltr\">\n<div>Uma oportunidade para conhecer, pela voz de um dos curadores, um percurso expositivo que revisita o entusiasmo, a participa\u00e7\u00e3o c\u00edvica e a complexidade do per\u00edodo que antecedeu e se seguiu \u00e0s primeiras elei\u00e7\u00f5es livres realizadas em Portugal, a 25 de abril de 1975.<\/div>\n<\/div>\n<div><\/div>\n<div><\/div>\n<div dir=\"ltr\">\n<div>\u00abHaver\u00e1 Elei\u00e7\u00f5es. 1975: as primeiras elei\u00e7\u00f5es livres em Portugal\u00bb \u00e9 uma iniciativa da Comiss\u00e3o Comemorativa 50 anos 25 de Abril e da Assembleia da Rep\u00fablica, em parceria com a C\u00e2mara Municipal do Porto<\/div>\n<\/div>\n","content":"<div>Uma oportunidade para conhecer, pela voz de um dos curadores, um percurso expositivo que revisita o entusiasmo, a participa\u00e7\u00e3o c\u00edvica e a complexidade do per\u00edodo que antecedeu e se seguiu \u00e0s primeiras elei\u00e7\u00f5es livres realizadas em Portugal, a 25 de abril de 1975.<\/div>\n<div><\/div>\n<div><\/div>\n<div>\u00abHaver\u00e1 Elei\u00e7\u00f5es. 1975: as primeiras elei\u00e7\u00f5es livres em Portugal\u00bb \u00e9 uma iniciativa da Comiss\u00e3o Comemorativa 50 anos 25 de Abril e da Assembleia da Rep\u00fablica, em parceria com a C\u00e2mara Municipal do Porto<\/div>\n<p>&nbsp;<\/p>\n<p>&nbsp;<\/p>\n<h2>ENTRADAS<\/h2>\n<p>Entrada livre<\/p>\n<h2>ENDERE\u00c7O<\/h2>\n<p>Pra\u00e7a do General Humberto Delgado, 4000-286 Porto<\/p>\n"}],"previous_link":{"label":"","link":""},"next_link":{"label":"","link":""}},"_links":{"self":[{"href":"https:\/\/museudoporto.pt\/en\/wp-json\/wp\/v2\/resource\/21362","targetHints":{"allow":["GET"]}}],"collection":[{"href":"https:\/\/museudoporto.pt\/en\/wp-json\/wp\/v2\/resource"}],"about":[{"href":"https:\/\/museudoporto.pt\/en\/wp-json\/wp\/v2\/types\/resource"}],"wp:featuredmedia":[{"embeddable":true,"href":"https:\/\/museudoporto.pt\/en\/wp-json\/wp\/v2\/media\/21363"}],"wp:attachment":[{"href":"https:\/\/museudoporto.pt\/en\/wp-json\/wp\/v2\/media?parent=21362"}],"wp:term":[{"taxonomy":"resource_category","embeddable":true,"href":"https:\/\/museudoporto.pt\/en\/wp-json\/wp\/v2\/resource_category?post=21362"}],"curies":[{"name":"wp","href":"https:\/\/api.w.org\/{rel}","templated":true}]}}

VISITA GUIADA À EXPOSIÇÃO «HAVERÁ ELEIÇÕES. 1975: AS PRIMEIRAS ELEIÇÕES LIVRES EM PORTUGAL»

<p>Com Pedro Magalhães</p>

PAÇOS DO CONCELHO

<div dir="ltr">
<div>Uma oportunidade para conhecer, pela voz de um dos curadores, um percurso expositivo que revisita o entusiasmo, a participação cívica e a complexidade do período que antecedeu e se seguiu às primeiras eleições livres realizadas em Portugal, a 25 de abril de 1975.</div>
</div>
<div></div>
<div></div>
<div dir="ltr">
<div>«Haverá Eleições. 1975: as primeiras eleições livres em Portugal» é uma iniciativa da Comissão Comemorativa 50 anos 25 de Abril e da Assembleia da República, em parceria com a Câmara Municipal do Porto</div>
</div>

<div>Uma oportunidade para conhecer, pela voz de um dos curadores, um percurso expositivo que revisita o entusiasmo, a participação cívica e a complexidade do período que antecedeu e se seguiu às primeiras eleições livres realizadas em Portugal, a 25 de abril de 1975.</div>
<div></div>
<div></div>
<div>«Haverá Eleições. 1975: as primeiras eleições livres em Portugal» é uma iniciativa da Comissão Comemorativa 50 anos 25 de Abril e da Assembleia da República, em parceria com a Câmara Municipal do Porto</div>
<p>&nbsp;</p>
<p>&nbsp;</p>
<h2>ENTRADAS</h2>
<p>Entrada livre</p>
<h2>ENDEREÇO</h2>
<p>Praça do General Humberto Delgado, 4000-286 Porto</p>
