{"id":22177,"date":"2026-09-02T17:34:14","date_gmt":"2026-09-02T16:34:14","guid":{"rendered":"https:\/\/museudoporto.pt\/?post_type=resource&#038;p=22177"},"modified":"2026-09-02T17:36:03","modified_gmt":"2026-09-02T16:36:03","slug":"oficina-para-familias-fora-da-capsula","status":"publish","type":"resource","link":"https:\/\/museudoporto.pt\/en\/recurso\/oficina-para-familias-fora-da-capsula\/","title":{"rendered":"OFICINA PARA FAM\u00cdLIAS \u2014 FORA DA C\u00c1PSULA"},"content":{"rendered":"","protected":false},"featured_media":22178,"template":"","resource_category":[20],"class_list":["post-22177","resource","type-resource","status-publish","has-post-thumbnail","hentry","resource_category-atividades"],"acf":{"ambient_sound":false,"breadcrumb":false,"file":false,"content":[{"acf_fc_layout":"event","display_title":"OFICINA PARA FAM\u00cdLIAS \u2014 FORA DA C\u00c1PSULA","subtitle":"<p>Com Coletivo ARiSCA<\/p>\n","date":{"show_time":true,"type":"range","date":null,"start_date":"19\/09\/2026 11:00","end_date":"19\/09\/2026 12:30"},"sessions":null,"location":{"type":"other","station":false,"location":"RESERVAT\u00d3RIO"},"media":{"type":false,"image":{"ID":22179,"id":22179,"title":"dav","filename":"oficina_fora_da_capsula.jpg","filesize":1246319,"url":"https:\/\/museudoporto.pt\/wp-content\/uploads\/2026\/09\/oficina_fora_da_capsula.jpg","link":"https:\/\/museudoporto.pt\/en\/dav-14-2\/","alt":"","author":"16","description":"","caption":"dav","name":"dav-14-2","status":"inherit","uploaded_to":0,"date":"2026-09-02 16:31:45","modified":"2026-09-02 16:34:06","menu_order":0,"mime_type":"image\/jpeg","type":"image","subtype":"jpeg","icon":"https:\/\/museudoporto.pt\/wp-includes\/images\/media\/default.png","width":1505,"height":1742,"sizes":{"thumbnail":"https:\/\/museudoporto.pt\/wp-content\/uploads\/2026\/09\/oficina_fora_da_capsula-150x150.jpg","thumbnail-width":150,"thumbnail-height":150,"medium":"https:\/\/museudoporto.pt\/wp-content\/uploads\/2026\/09\/oficina_fora_da_capsula-259x300.jpg","medium-width":259,"medium-height":300,"medium_large":"https:\/\/museudoporto.pt\/wp-content\/uploads\/2026\/09\/oficina_fora_da_capsula-768x889.jpg","medium_large-width":640,"medium_large-height":741,"large":"https:\/\/museudoporto.pt\/wp-content\/uploads\/2026\/09\/oficina_fora_da_capsula-885x1024.jpg","large-width":640,"large-height":741,"ufg_200_200":"https:\/\/museudoporto.pt\/wp-content\/uploads\/2026\/09\/oficina_fora_da_capsula-200x200.jpg","ufg_200_200-width":200,"ufg_200_200-height":200,"ufg_300_300":"https:\/\/museudoporto.pt\/wp-content\/uploads\/2026\/09\/oficina_fora_da_capsula-300x300.jpg","ufg_300_300-width":300,"ufg_300_300-height":300,"ufg_400_400":"https:\/\/museudoporto.pt\/wp-content\/uploads\/2026\/09\/oficina_fora_da_capsula-400x400.jpg","ufg_400_400-width":400,"ufg_400_400-height":400,"1536x1536":"https:\/\/museudoporto.pt\/wp-content\/uploads\/2026\/09\/oficina_fora_da_capsula-1327x1536.jpg","1536x1536-width":1327,"1536x1536-height":1536,"2048x2048":"https:\/\/museudoporto.pt\/wp-content\/uploads\/2026\/09\/oficina_fora_da_capsula.jpg","2048x2048-width":1505,"2048x2048-height":1742}},"gallery":false},"excerpt":"<p>O mundo dos objetos arqueol\u00f3gicos traz consigo um universo de imagens misteriosas que contam est\u00f3rias de outros tempos. Podemos n\u00f3s dar-lhes uma nova vida, libert\u00e1-las das vitrinas dos museus e reimaginar o seu uso? Nesta oficina, vamos criar novos objetos e imagens, habitando um lugar entre a arte e a arqueologia, e trazendo para o quotidiano o imagin\u00e1rio de outrora.<\/p>\n","content":"<p>O mundo dos objetos arqueol\u00f3gicos traz consigo um universo de imagens misteriosas que contam est\u00f3rias de outros tempos. Podemos n\u00f3s dar-lhes uma nova vida, libert\u00e1-las das vitrinas dos museus e reimaginar o seu uso? Nesta oficina, vamos criar novos objetos e imagens, habitando um lugar entre a arte e a arqueologia, e trazendo para o quotidiano o imagin\u00e1rio de outrora.<\/p>\n<p>&nbsp;<\/p>\n<h2>Inscri\u00e7\u00f5es<\/h2>\n<p>Entrada gratuita, mediante inscri\u00e7\u00e3o atrav\u00e9s do <a href=\"https:\/\/questionarios.cm-porto.pt\/index.php\/317857?lang=pt\">formul\u00e1rio<\/a> \/ 20 participantes<\/p>\n<h2>Endere\u00e7o<\/h2>\n<p>Parque da Pasteleira (Entrada Poente)<br \/>\nRua de Gomes Eanes de Azurara, s\/n<br \/>\n4150-362 Porto<br \/>\nGPS: 41.151579, -8.662588<br \/>\n<a href=\"https:\/\/www.google.com\/maps\/place\/MUSEU+DA+CIDADE%E2%80%94Reservat%C3%B3rio\/@41.1516095,-8.6647695,17z\/data=!3m1!4b1!4m5!3m4!1s0xd246f0639d3f147:0xd6c8046be9a04e58!8m2!3d41.1516095!4d-8.6625808\">Localiza\u00e7\u00e3o<\/a><\/p>\n<h2>Autocarro<\/h2>\n<p>200, 204, 207, 504<\/p>\n<h2>Estacionamento<\/h2>\n<p>Lugares de estacionamento gratuitos.<\/p>\n<h2>Jardins<\/h2>\n<p><a href=\"https:\/\/museudoporto.pt\/en\/garden\/parque-da-pasteleira\/\">PARQUE URBANO DA PASTELEIRA<\/a><\/p>\n"}],"previous_link":{"label":"","link":""},"next_link":{"label":"","link":""}},"_links":{"self":[{"href":"https:\/\/museudoporto.pt\/en\/wp-json\/wp\/v2\/resource\/22177","targetHints":{"allow":["GET"]}}],"collection":[{"href":"https:\/\/museudoporto.pt\/en\/wp-json\/wp\/v2\/resource"}],"about":[{"href":"https:\/\/museudoporto.pt\/en\/wp-json\/wp\/v2\/types\/resource"}],"wp:featuredmedia":[{"embeddable":true,"href":"https:\/\/museudoporto.pt\/en\/wp-json\/wp\/v2\/media\/22178"}],"wp:attachment":[{"href":"https:\/\/museudoporto.pt\/en\/wp-json\/wp\/v2\/media?parent=22177"}],"wp:term":[{"taxonomy":"resource_category","embeddable":true,"href":"https:\/\/museudoporto.pt\/en\/wp-json\/wp\/v2\/resource_category?post=22177"}],"curies":[{"name":"wp","href":"https:\/\/api.w.org\/{rel}","templated":true}]}}

OFICINA PARA FAMÍLIAS — FORA DA CÁPSULA

RESERVATÓRIO

<p>O mundo dos objetos arqueológicos traz consigo um universo de imagens misteriosas que contam estórias de outros tempos. Podemos nós dar-lhes uma nova vida, libertá-las das vitrinas dos museus e reimaginar o seu uso? Nesta oficina, vamos criar novos objetos e imagens, habitando um lugar entre a arte e a arqueologia, e trazendo para o quotidiano o imaginário de outrora.</p>

<p>O mundo dos objetos arqueológicos traz consigo um universo de imagens misteriosas que contam estórias de outros tempos. Podemos nós dar-lhes uma nova vida, libertá-las das vitrinas dos museus e reimaginar o seu uso? Nesta oficina, vamos criar novos objetos e imagens, habitando um lugar entre a arte e a arqueologia, e trazendo para o quotidiano o imaginário de outrora.</p>
<p>&nbsp;</p>
<h2>Inscrições</h2>
<p>Entrada gratuita, mediante inscrição através do <a href="https://questionarios.cm-porto.pt/index.php/317857?lang=pt">formulário</a> / 20 participantes</p>
<h2>Endereço</h2>
<p>Parque da Pasteleira (Entrada Poente)<br />
Rua de Gomes Eanes de Azurara, s/n<br />
4150-362 Porto<br />
GPS: 41.151579, -8.662588<br />
<a href="https://www.google.com/maps/place/MUSEU+DA+CIDADE%E2%80%94Reservat%C3%B3rio/@41.1516095,-8.6647695,17z/data=!3m1!4b1!4m5!3m4!1s0xd246f0639d3f147:0xd6c8046be9a04e58!8m2!3d41.1516095!4d-8.6625808">Localização</a></p>
<h2>Autocarro</h2>
<p>200, 204, 207, 504</p>
<h2>Estacionamento</h2>
<p>Lugares de estacionamento gratuitos.</p>
<h2>Jardins</h2>
<p><a href="https://museudoporto.pt/en/garden/parque-da-pasteleira/">PARQUE URBANO DA PASTELEIRA</a></p>
