{"id":22190,"date":"2026-09-04T11:44:52","date_gmt":"2026-09-04T10:44:52","guid":{"rendered":"https:\/\/museudoporto.pt\/?post_type=resource&#038;p=22190"},"modified":"2026-09-04T11:52:25","modified_gmt":"2026-09-04T10:52:25","slug":"a-musica-e-o-orgao-iberico-ciclo-de-concertos-no-centro-historico-do-porto-em-3-atos-conjuncoes-ibericas-iv-orgao-e-canto","status":"publish","type":"resource","link":"https:\/\/museudoporto.pt\/en\/recurso\/a-musica-e-o-orgao-iberico-ciclo-de-concertos-no-centro-historico-do-porto-em-3-atos-conjuncoes-ibericas-iv-orgao-e-canto\/","title":{"rendered":"A M\u00daSICA E O \u00d3RG\u00c3O IB\u00c9RICO \u2014 CICLO DE CONCERTOS NO CENTRO HIST\u00d3RICO DO PORTO EM 3 ATOS: CONJUN\u00c7\u00d5ES IB\u00c9RICAS IV \u2014 \u00d3RG\u00c3O E CANTO"},"content":{"rendered":"","protected":false},"featured_media":22196,"template":"","resource_category":[20],"class_list":["post-22190","resource","type-resource","status-publish","has-post-thumbnail","hentry","resource_category-atividades"],"acf":{"ambient_sound":false,"breadcrumb":false,"file":false,"content":[{"acf_fc_layout":"event","display_title":"A M\u00daSICA E O \u00d3RG\u00c3O IB\u00c9RICO \u2014 CICLO DE CONCERTOS NO CENTRO HIST\u00d3RICO DO PORTO EM 3 ATOS: CONJUN\u00c7\u00d5ES IB\u00c9RICAS IV \u2014 \u00d3RG\u00c3O E CANTO","subtitle":"<p>Com Pedro M. Monteiro e Eva Braga Sim\u00f5es<\/p>\n","date":{"show_time":true,"type":"range","date":null,"start_date":"20\/09\/2026 16:00","end_date":"20\/09\/2026 17:30"},"sessions":null,"location":{"type":"other","station":false,"location":"IGREJA DOS CONGREGADOS"},"media":{"type":false,"image":{"ID":22195,"id":22195,"title":"RP-P-OB-65.150_corte2 (1)","filename":"RP-P-OB-65.150_corte2-1-scaled.jpg","filesize":1826817,"url":"https:\/\/museudoporto.pt\/wp-content\/uploads\/2026\/09\/RP-P-OB-65.150_corte2-1-scaled.jpg","link":"https:\/\/museudoporto.pt\/en\/rp-p-ob-65-150_corte2-1-2\/","alt":"","author":"16","description":"","caption":"","name":"rp-p-ob-65-150_corte2-1-2","status":"inherit","uploaded_to":0,"date":"2026-09-04 10:43:36","modified":"2026-09-04 10:43:49","menu_order":0,"mime_type":"image\/jpeg","type":"image","subtype":"jpeg","icon":"https:\/\/museudoporto.pt\/wp-includes\/images\/media\/default.png","width":2560,"height":2560,"sizes":{"thumbnail":"https:\/\/museudoporto.pt\/wp-content\/uploads\/2026\/09\/RP-P-OB-65.150_corte2-1-150x150.jpg","thumbnail-width":150,"thumbnail-height":150,"medium":"https:\/\/museudoporto.pt\/wp-content\/uploads\/2026\/09\/RP-P-OB-65.150_corte2-1-300x300.jpg","medium-width":300,"medium-height":300,"medium_large":"https:\/\/museudoporto.pt\/wp-content\/uploads\/2026\/09\/RP-P-OB-65.150_corte2-1-768x768.jpg","medium_large-width":640,"medium_large-height":640,"large":"https:\/\/museudoporto.pt\/wp-content\/uploads\/2026\/09\/RP-P-OB-65.150_corte2-1-1024x1024.jpg","large-width":640,"large-height":640,"ufg_200_200":"https:\/\/museudoporto.pt\/wp-content\/uploads\/2026\/09\/RP-P-OB-65.150_corte2-1-200x200.jpg","ufg_200_200-width":200,"ufg_200_200-height":200,"ufg_300_300":"https:\/\/museudoporto.pt\/wp-content\/uploads\/2026\/09\/RP-P-OB-65.150_corte2-1-300x300.jpg","ufg_300_300-width":300,"ufg_300_300-height":300,"ufg_400_400":"https:\/\/museudoporto.pt\/wp-content\/uploads\/2026\/09\/RP-P-OB-65.150_corte2-1-400x400.jpg","ufg_400_400-width":400,"ufg_400_400-height":400,"1536x1536":"https:\/\/museudoporto.pt\/wp-content\/uploads\/2026\/09\/RP-P-OB-65.150_corte2-1-1536x1536.jpg","1536x1536-width":1536,"1536x1536-height":1536,"2048x2048":"https:\/\/museudoporto.pt\/wp-content\/uploads\/2026\/09\/RP-P-OB-65.150_corte2-1-2048x2048.jpg","2048x2048-width":2048,"2048x2048-height":2048}},"gallery":false},"excerpt":"<p>O quarto e \u00faltimo concerto do ciclo \u00abConjun\u00e7\u00f5es Ib\u00e9ricas\u00bb encerra um percurso constru\u00eddo a partir do di\u00e1logo musical do \u00f3rg\u00e3o ib\u00e9rico com outros instrumentos. Depois dos encontros com outro \u00f3rg\u00e3o, com o cravo e com a percuss\u00e3o, a \u00faltima conjun\u00e7\u00e3o conduz-nos \u00e0 mais antiga e primordial dessas rela\u00e7\u00f5es: o \u00f3rg\u00e3o ib\u00e9rico e a voz humana.<\/p>\n","content":"<p>O quarto e \u00faltimo concerto do ciclo \u00abConjun\u00e7\u00f5es Ib\u00e9ricas\u00bb encerra um percurso constru\u00eddo a partir do di\u00e1logo musical do \u00f3rg\u00e3o ib\u00e9rico com outros instrumentos. Depois dos encontros com outro \u00f3rg\u00e3o, com o cravo e com a percuss\u00e3o, a \u00faltima conjun\u00e7\u00e3o conduz-nos \u00e0 mais antiga e primordial dessas rela\u00e7\u00f5es: o \u00f3rg\u00e3o ib\u00e9rico e a voz humana.<\/p>\n<p>Partindo da pr\u00e1tica do alternatim, em que canto e instrumento se sucedem e respondem mutuamente, o programa percorre diferentes formas de encontro entre voz e \u00f3rg\u00e3o na tradi\u00e7\u00e3o musical ib\u00e9rica. Do cantoch\u00e3o \u00e0 crescente expressividade dos s\u00e9culos XVII e XVIII, Portugal e Espanha cruzam-se num percurso marcado pelo contraste entre devo\u00e7\u00e3o e teatralidade, contraponto e melodia, tradi\u00e7\u00e3o e modernidade.<\/p>\n<p>Obras de Manuel Rodrigues Coelho, Sebasti\u00e1n Dur\u00f3n, Carlos Seixas e Joan Baptista Cabanilles, entre outros, revelam diferentes maneiras de construir este di\u00e1logo. A voz parte da simplicidade do canto lit\u00fargico para assumir progressivamente uma dimens\u00e3o mais expressiva e teatral. O \u00f3rg\u00e3o ib\u00e9rico responde-lhe, acompanha-a ou assume sozinho o discurso, explorando a singularidade dos seus registos, cores e possibilidades sonoras.<\/p>\n<p>Neste \u00faltimo encontro, voz e \u00f3rg\u00e3o aproximam-se, afastam-se e reencontram-se, fazendo da altern\u00e2ncia entre ambos um dos fios condutores do concerto. \u00c9 uma rela\u00e7\u00e3o que atravessa \u00e9pocas e geografias e que encontra no espa\u00e7o da igreja uma dimens\u00e3o particularmente sugestiva.<\/p>\n<p>\u00abConjun\u00e7\u00f5es Ib\u00e9ricas IV\u00bb encerra, assim, quatro encontros entre o \u00f3rg\u00e3o ib\u00e9rico e diferentes interlocutores, com aquela que \u00e9, historicamente, uma das rela\u00e7\u00f5es mais \u00edntimas do instrumento.<\/p>\n<p>&nbsp;<\/p>\n<h2>Entradas<\/h2>\n<p>Entrada livre, sujeita \u00e0 lota\u00e7\u00e3o do espa\u00e7o<\/p>\n<h2>Endere\u00e7o<\/h2>\n<p>R. de S\u00e1 da Bandeira 11<\/p>\n<p>4000-433 Porto<\/p>\n"}],"previous_link":{"label":"","link":""},"next_link":{"label":"","link":""}},"_links":{"self":[{"href":"https:\/\/museudoporto.pt\/en\/wp-json\/wp\/v2\/resource\/22190","targetHints":{"allow":["GET"]}}],"collection":[{"href":"https:\/\/museudoporto.pt\/en\/wp-json\/wp\/v2\/resource"}],"about":[{"href":"https:\/\/museudoporto.pt\/en\/wp-json\/wp\/v2\/types\/resource"}],"wp:featuredmedia":[{"embeddable":true,"href":"https:\/\/museudoporto.pt\/en\/wp-json\/wp\/v2\/media\/22196"}],"wp:attachment":[{"href":"https:\/\/museudoporto.pt\/en\/wp-json\/wp\/v2\/media?parent=22190"}],"wp:term":[{"taxonomy":"resource_category","embeddable":true,"href":"https:\/\/museudoporto.pt\/en\/wp-json\/wp\/v2\/resource_category?post=22190"}],"curies":[{"name":"wp","href":"https:\/\/api.w.org\/{rel}","templated":true}]}}

A MÚSICA E O ÓRGÃO IBÉRICO — CICLO DE CONCERTOS NO CENTRO HISTÓRICO DO PORTO EM 3 ATOS: CONJUNÇÕES IBÉRICAS IV — ÓRGÃO E CANTO

<p>Com Pedro M. Monteiro e Eva Braga Simões</p>

<p>O quarto e último concerto do ciclo «Conjunções Ibéricas» encerra um percurso construído a partir do diálogo musical do órgão ibérico com outros instrumentos. Depois dos encontros com outro órgão, com o cravo e com a percussão, a última conjunção conduz-nos à mais antiga e primordial dessas relações: o órgão ibérico e a voz humana.</p>

<p>O quarto e último concerto do ciclo «Conjunções Ibéricas» encerra um percurso construído a partir do diálogo musical do órgão ibérico com outros instrumentos. Depois dos encontros com outro órgão, com o cravo e com a percussão, a última conjunção conduz-nos à mais antiga e primordial dessas relações: o órgão ibérico e a voz humana.</p>
<p>Partindo da prática do alternatim, em que canto e instrumento se sucedem e respondem mutuamente, o programa percorre diferentes formas de encontro entre voz e órgão na tradição musical ibérica. Do cantochão à crescente expressividade dos séculos XVII e XVIII, Portugal e Espanha cruzam-se num percurso marcado pelo contraste entre devoção e teatralidade, contraponto e melodia, tradição e modernidade.</p>
<p>Obras de Manuel Rodrigues Coelho, Sebastián Durón, Carlos Seixas e Joan Baptista Cabanilles, entre outros, revelam diferentes maneiras de construir este diálogo. A voz parte da simplicidade do canto litúrgico para assumir progressivamente uma dimensão mais expressiva e teatral. O órgão ibérico responde-lhe, acompanha-a ou assume sozinho o discurso, explorando a singularidade dos seus registos, cores e possibilidades sonoras.</p>
<p>Neste último encontro, voz e órgão aproximam-se, afastam-se e reencontram-se, fazendo da alternância entre ambos um dos fios condutores do concerto. É uma relação que atravessa épocas e geografias e que encontra no espaço da igreja uma dimensão particularmente sugestiva.</p>
<p>«Conjunções Ibéricas IV» encerra, assim, quatro encontros entre o órgão ibérico e diferentes interlocutores, com aquela que é, historicamente, uma das relações mais íntimas do instrumento.</p>
<p>&nbsp;</p>
<h2>Entradas</h2>
<p>Entrada livre, sujeita à lotação do espaço</p>
<h2>Endereço</h2>
<p>R. de Sá da Bandeira 11</p>
<p>4000-433 Porto</p>
