{"id":8065,"date":"2021-09-17T10:03:23","date_gmt":"2021-09-17T10:03:23","guid":{"rendered":"https:\/\/museudoporto.pt\/?post_type=resource&#038;p=8065"},"modified":"2021-12-28T19:16:37","modified_gmt":"2021-12-28T19:16:37","slug":"visitas-orientadas-extensao-do-romantismo-quando-a-terra-voltar-a-brilhar-verde-para-ti-2","status":"publish","type":"resource","link":"https:\/\/museudoporto.pt\/en\/recurso\/visitas-orientadas-extensao-do-romantismo-quando-a-terra-voltar-a-brilhar-verde-para-ti-2\/","title":{"rendered":"Visitas Orientadas Di\u00e1rias \u2014 Quando a Terra voltar a Brilhar Verde para Ti"},"content":{"rendered":"","protected":false},"featured_media":7925,"template":"","resource_category":[49,60],"class_list":["post-8065","resource","type-resource","status-publish","has-post-thumbnail","hentry","resource_category-visitas-orientadas","resource_category-visitas-especiais"],"acf":{"previous_link":{"label":"Visitas Orientadas Extens\u00e3o do Romantismo \u2014 Quando a Terra voltar a Brilhar Verde para Ti FLP21","link":"https:\/\/museudoporto.pt\/en\/recurso\/visitas-orientadas-extensao-do-romantismo-quando-a-terra-voltar-a-brilhar-verde-para-ti\/"},"next_link":{"label":"Visitas Orientadas Errata \u2014 Uma revis\u00e3o Feminista \u00e0 Hist\u00f3ria do Design Gr\u00e1fico Portugu\u00eas","link":"https:\/\/museudoporto.pt\/en\/recurso\/visitas-orientadas-errata-uma-revisao-feminista-a-historia-do-design-grafico-portugues-6\/"},"file":false,"content":[{"acf_fc_layout":"event","display_title":"Visitas Orientadas Extens\u00e3o do Romantismo \u2014 Quando a Terra voltar a Brilhar Verde para Ti","subtitle":"<p>Pela equipa do MdC<br \/>\nDiariamente<\/p>\n","date":{"show_time":false,"type":"range","date":"","start_date":"14\/09\/2021 11:30","end_date":"01\/10\/2021 15:30"},"sessions":"","location":{"type":"station","station":{"ID":10918,"post_author":"11","post_date":"2022-09-23 16:23:42","post_date_gmt":"2022-09-23 15:23:42","post_content":"","post_title":"ROMANTICISM EXTENSION","post_excerpt":"","post_status":"publish","comment_status":"closed","ping_status":"closed","post_password":"","post_name":"romanticism-extension","to_ping":"","pinged":"","post_modified":"2022-10-07 18:31:00","post_modified_gmt":"2022-10-07 17:31:00","post_content_filtered":"","post_parent":0,"guid":"https:\/\/museudoporto.pt\/?post_type=station&#038;p=10918","menu_order":3,"post_type":"station","post_mime_type":"","comment_count":"0","filter":"raw"},"location":""},"media":{"type":false,"image":{"ID":7926,"id":7926,"title":"_AAF1582 - co\u0301pia","filename":"AAF1582-co\u0301pia-scaled-e1630340225127.jpg","filesize":216399,"url":"https:\/\/museudoporto.pt\/wp-content\/uploads\/2021\/08\/AAF1582-co\u0301pia-scaled-e1630340225127.jpg","link":"https:\/\/museudoporto.pt\/en\/_aaf1582-copia-2\/","alt":"","author":"11","description":"","caption":"","name":"_aaf1582-copia-2","status":"inherit","uploaded_to":0,"date":"2021-08-30 16:16:34","modified":"2021-08-30 18:51:29","menu_order":0,"mime_type":"image\/jpeg","type":"image","subtype":"jpeg","icon":"https:\/\/museudoporto.pt\/wp-includes\/images\/media\/default.png","width":2560,"height":1707,"sizes":{"thumbnail":"https:\/\/museudoporto.pt\/wp-content\/uploads\/2021\/08\/AAF1582-co\u0301pia-150x150.jpg","thumbnail-width":150,"thumbnail-height":150,"medium":"https:\/\/museudoporto.pt\/wp-content\/uploads\/2021\/08\/AAF1582-co\u0301pia-300x200.jpg","medium-width":300,"medium-height":200,"medium_large":"https:\/\/museudoporto.pt\/wp-content\/uploads\/2021\/08\/AAF1582-co\u0301pia-768x512.jpg","medium_large-width":640,"medium_large-height":427,"large":"https:\/\/museudoporto.pt\/wp-content\/uploads\/2021\/08\/AAF1582-co\u0301pia-1024x683.jpg","large-width":640,"large-height":427,"ufg_200_200":"https:\/\/museudoporto.pt\/wp-content\/uploads\/2021\/08\/AAF1582-co\u0301pia-scaled-e1630340225127.jpg","ufg_200_200-width":200,"ufg_200_200-height":133,"ufg_300_300":"https:\/\/museudoporto.pt\/wp-content\/uploads\/2021\/08\/AAF1582-co\u0301pia-scaled-e1630340225127.jpg","ufg_300_300-width":300,"ufg_300_300-height":200,"ufg_400_400":"https:\/\/museudoporto.pt\/wp-content\/uploads\/2021\/08\/AAF1582-co\u0301pia-scaled-e1630340225127.jpg","ufg_400_400-width":400,"ufg_400_400-height":267,"1536x1536":"https:\/\/museudoporto.pt\/wp-content\/uploads\/2021\/08\/AAF1582-co\u0301pia-1536x1024.jpg","1536x1536-width":1536,"1536x1536-height":1024,"2048x2048":"https:\/\/museudoporto.pt\/wp-content\/uploads\/2021\/08\/AAF1582-co\u0301pia-2048x1365.jpg","2048x2048-width":2048,"2048x2048-height":1365}},"gallery":false},"excerpt":"<p>As visitas \u00e0 exposi\u00e7\u00e3o<a href=\"https:\/\/museudoporto.pt\/en\/exhibition\/quando-a-terra-voltar-a-brilhar-verde-para-ti\/\" target=\"_blank\" rel=\"noopener\"> <em>Quando a Terra voltar a brilhar Verde para ti<\/em><\/a> pelos monitores da equipa decorrem de ter\u00e7a a domingo \u00e0s <strong>11H30<\/strong> e <strong>15H30.<\/strong><\/p>\n","content":"<p>As visitas \u00e0 exposi\u00e7\u00e3o<a href=\"https:\/\/museudoporto.pt\/en\/exhibition\/quando-a-terra-voltar-a-brilhar-verde-para-ti\/\" target=\"_blank\" rel=\"noopener\"> <em>Quando a Terra voltar a brilhar Verde para ti<\/em><\/a> pelos monitores da equipa decorrem de ter\u00e7a a domingo \u00e0s <strong>11H30<\/strong> e <strong>15H30.<\/strong><\/p>\n<h2>ENTRADA<\/h2>\n<p>Gratuita e mediante lota\u00e7\u00e3o do espa\u00e7o.<\/p>\n"}],"breadcrumb":[{"page":"Fazer"},{"page":"Programas Operativos"},{"page":"Visitas Orientadas"}],"ambient_sound":false},"_links":{"self":[{"href":"https:\/\/museudoporto.pt\/en\/wp-json\/wp\/v2\/resource\/8065","targetHints":{"allow":["GET"]}}],"collection":[{"href":"https:\/\/museudoporto.pt\/en\/wp-json\/wp\/v2\/resource"}],"about":[{"href":"https:\/\/museudoporto.pt\/en\/wp-json\/wp\/v2\/types\/resource"}],"wp:featuredmedia":[{"embeddable":true,"href":"https:\/\/museudoporto.pt\/en\/wp-json\/wp\/v2\/media\/7925"}],"wp:attachment":[{"href":"https:\/\/museudoporto.pt\/en\/wp-json\/wp\/v2\/media?parent=8065"}],"wp:term":[{"taxonomy":"resource_category","embeddable":true,"href":"https:\/\/museudoporto.pt\/en\/wp-json\/wp\/v2\/resource_category?post=8065"}],"curies":[{"name":"wp","href":"https:\/\/api.w.org\/{rel}","templated":true}]}}

Visitas Orientadas Diárias — Quando a Terra voltar a Brilhar Verde para Ti

Visitas Orientadas Extensão do Romantismo — Quando a Terra voltar a Brilhar Verde para Ti FLP21

Visitas Orientadas Errata — Uma revisão Feminista à História do Design Gráfico Português

Visitas Orientadas Extensão do Romantismo — Quando a Terra voltar a Brilhar Verde para Ti

<p>As visitas à exposição<a href="https://museudoporto.pt/en/exhibition/quando-a-terra-voltar-a-brilhar-verde-para-ti/" target="_blank" rel="noopener"> <em>Quando a Terra voltar a brilhar Verde para ti</em></a> pelos monitores da equipa decorrem de terça a domingo às <strong>11H30</strong> e <strong>15H30.</strong></p>

<p>As visitas à exposição<a href="https://museudoporto.pt/en/exhibition/quando-a-terra-voltar-a-brilhar-verde-para-ti/" target="_blank" rel="noopener"> <em>Quando a Terra voltar a brilhar Verde para ti</em></a> pelos monitores da equipa decorrem de terça a domingo às <strong>11H30</strong> e <strong>15H30.</strong></p>
<h2>ENTRADA</h2>
<p>Gratuita e mediante lotação do espaço.</p>
