{"id":8270,"date":"2021-10-08T11:20:06","date_gmt":"2021-10-08T11:20:06","guid":{"rendered":"https:\/\/museudoporto.pt\/?post_type=resource&#038;p=8270"},"modified":"2021-10-25T18:15:55","modified_gmt":"2021-10-25T18:15:55","slug":"desdesenho-de-tomas-cunha-ferreira-e-a-nova-exposicao-do-gabinete-de-desenho-na-casa-guerra-junqueiro","status":"publish","type":"resource","link":"https:\/\/museudoporto.pt\/en\/recurso\/desdesenho-de-tomas-cunha-ferreira-e-a-nova-exposicao-do-gabinete-de-desenho-na-casa-guerra-junqueiro\/","title":{"rendered":"Desdesenho, de Tom\u00e1s Cunha Ferreira \u00e9 a nova exposi\u00e7\u00e3o do Gabinete de Desenho na Casa Guerra Junqueiro"},"content":{"rendered":"","protected":false},"featured_media":8271,"template":"","resource_category":[7],"class_list":["post-8270","resource","type-resource","status-publish","has-post-thumbnail","hentry","resource_category-noticias"],"acf":{"previous_link":{"label":"Visita orientada, jogos tradicionais e concertos no Parque da Pasteleira","link":"https:\/\/museudoporto.pt\/en\/recurso\/visita-orientada-jogos-tradicionais-e-coros-de-17-municipios-este-sabado-no-parque-da-pasteleira\/"},"next_link":{"label":"Germano Arquivo inaugura esta quinta na Casa do Infante","link":"https:\/\/museudoporto.pt\/en\/recurso\/germano-arquivo-inaugura-esta-quinta-na-casa-do-infante\/"},"file":false,"content":[{"acf_fc_layout":"news","number":"20","media":{"type":false,"image":{"ID":8272,"id":8272,"title":"BM0325 copy - co\u0301pia","filename":"BM0325-copy-co\u0301pia-scaled-e1633692070281.jpg","filesize":173922,"url":"https:\/\/museudoporto.pt\/wp-content\/uploads\/2021\/10\/BM0325-copy-co\u0301pia-scaled-e1633692070281.jpg","link":"https:\/\/museudoporto.pt\/en\/bm0325-copy-copia-2\/","alt":"","author":"11","description":"","caption":"","name":"bm0325-copy-copia-2","status":"inherit","uploaded_to":0,"date":"2021-10-08 11:20:45","modified":"2021-10-08 11:22:06","menu_order":0,"mime_type":"image\/jpeg","type":"image","subtype":"jpeg","icon":"https:\/\/museudoporto.pt\/wp-includes\/images\/media\/default.png","width":2560,"height":2338,"sizes":{"thumbnail":"https:\/\/museudoporto.pt\/wp-content\/uploads\/2021\/10\/BM0325-copy-co\u0301pia-150x150.jpg","thumbnail-width":150,"thumbnail-height":150,"medium":"https:\/\/museudoporto.pt\/wp-content\/uploads\/2021\/10\/BM0325-copy-co\u0301pia-300x274.jpg","medium-width":300,"medium-height":274,"medium_large":"https:\/\/museudoporto.pt\/wp-content\/uploads\/2021\/10\/BM0325-copy-co\u0301pia-768x701.jpg","medium_large-width":640,"medium_large-height":584,"large":"https:\/\/museudoporto.pt\/wp-content\/uploads\/2021\/10\/BM0325-copy-co\u0301pia-1024x935.jpg","large-width":640,"large-height":584,"ufg_200_200":"https:\/\/museudoporto.pt\/wp-content\/uploads\/2021\/10\/BM0325-copy-co\u0301pia-scaled-e1633692070281.jpg","ufg_200_200-width":200,"ufg_200_200-height":183,"ufg_300_300":"https:\/\/museudoporto.pt\/wp-content\/uploads\/2021\/10\/BM0325-copy-co\u0301pia-scaled-e1633692070281.jpg","ufg_300_300-width":300,"ufg_300_300-height":274,"ufg_400_400":"https:\/\/museudoporto.pt\/wp-content\/uploads\/2021\/10\/BM0325-copy-co\u0301pia-scaled-e1633692070281.jpg","ufg_400_400-width":400,"ufg_400_400-height":365,"1536x1536":"https:\/\/museudoporto.pt\/wp-content\/uploads\/2021\/10\/BM0325-copy-co\u0301pia-1536x1403.jpg","1536x1536-width":1536,"1536x1536-height":1403,"2048x2048":"https:\/\/museudoporto.pt\/wp-content\/uploads\/2021\/10\/BM0325-copy-co\u0301pia-2048x1870.jpg","2048x2048-width":2048,"2048x2048-height":1870}},"gallery":false},"content":"<p>8 de outubro 2021<\/p>\n<p>&nbsp;<\/p>\n<p><b>\u00c9 hoje, a partir das 15H e com hor\u00e1rio prolongado at\u00e9 \u00e0s 20H, com lugar no Museu da Cidade \u2014 Casa Guerra Junqueiro, que abre a exposi\u00e7\u00e3o <\/b><b><i><a href=\"https:\/\/museudoporto.pt\/en\/exhibition\/desdesenho\/\">Desdesenho<\/a>. <\/i><\/b><b>\u00a0O artista, poeta e m\u00fasico Tom\u00e1s Cunha Ferreira trabalha o desenho enquanto pr\u00e1tica ampla, um circuito aberto em explos\u00e3o de cor e de possibilidades. <\/b><\/p>\n<p>&nbsp;<\/p>\n<p>Um poema visual, uma partitura, uma nota\u00e7\u00e3o para uma pe\u00e7a coreogr\u00e1fica, uma pintura, o padr\u00e3o que se repete ou at\u00e9 uma palavra \u2014 o t\u00edtulo da exposi\u00e7\u00e3o <i>Desdesenho<\/i> \u2014 condensam em si o projeto de desenho, na perspetiva do artista lisboeta Tom\u00e1s Cunha Ferreira.<\/p>\n<p>&nbsp;<\/p>\n<p>Na Casa Guerra Junqueiro, situada na Rua Dom Hugo, junto \u00e0 S\u00e9, h\u00e1 um gabinete que tem vindo a apresentar universos de artistas dedicados \u00e0 pr\u00e1tica-pensamento do desenho, forma de projetar e imaginar. \u00c9 nesta perspetiva ampla, e na sequ\u00eancia da exposi\u00e7\u00e3o do inventor e construtor de m\u00e1quinas e papagaios voadores, Ant\u00f3nio Veiga Leit\u00e3o, que surge este <i>Desdesenho<\/i>. Caleidosc\u00f3pica, em fus\u00e3o de elementos visuais, r\u00edtmicos e sonoros, a exposi\u00e7\u00e3o vai da mesa \u00e0 parede, e da linha do desenho surgem figuras tridimensionais que saem dos cadernos de Tom\u00e1s Cunha Ferreira.<\/p>\n<p>&nbsp;<\/p>\n<p>O artista n\u00e3o se senta a desenhar, mas chega ao desenho atrav\u00e9s de m\u00faltiplos caminhos e experi\u00eancias, em sobreposi\u00e7\u00e3o, camuflagem, e sobreposi\u00e7\u00e3o. Desenhar, ou &#8220;desdesenhar&#8221;, torna-se ent\u00e3o um gesto, que aparece como registo de intui\u00e7\u00f5es e perce\u00e7\u00f5es da sua passagem pelo tempo e pelo espa\u00e7o do mundo.<\/p>\n<p>&nbsp;<\/p>\n<p>Na mesma l\u00f3gica de colagem e colis\u00e3o de elementos, <i>Colapso<\/i> \u00e9 a rubrica que Tom\u00e1s Cunha Ferreira dedica semanalmente \u00e0 R\u00e1dio Esta\u00e7\u00e3o, em dupla com o m\u00fasico Domenico Lancellotti,\u00a0 para ouvir no s\u00edtio invis\u00edvel do Museu da Cidade, todas as sextas \u00e0s 23H, com repeti\u00e7\u00e3o segundas \u00e0s 16H.<\/p>\n<p>&nbsp;<\/p>\n<p>A equipa de media\u00e7\u00e3o do Museu da Cidade concebeu um programa de oficinas, que ter\u00e1 in\u00edcio no s\u00e1bado dia 30 de outubro e que decorrem todos os s\u00e1bados, com mais informa\u00e7\u00f5es e inscri\u00e7\u00f5es a anunciar brevemente.<\/p>\n<p>&nbsp;<\/p>\n<p><i>Desdesenhar<\/i> tem entrada gratuita e pode ser visto at\u00e9 2 de janeiro de 2022 de ter\u00e7a a domingo, entre as 10 e as 17,30 horas, exceptuando os dias feriados.<\/p>\n"}],"breadcrumb":[{"page":"Guardar"},{"page":"Not\u00edcias"}]},"_links":{"self":[{"href":"https:\/\/museudoporto.pt\/en\/wp-json\/wp\/v2\/resource\/8270","targetHints":{"allow":["GET"]}}],"collection":[{"href":"https:\/\/museudoporto.pt\/en\/wp-json\/wp\/v2\/resource"}],"about":[{"href":"https:\/\/museudoporto.pt\/en\/wp-json\/wp\/v2\/types\/resource"}],"wp:featuredmedia":[{"embeddable":true,"href":"https:\/\/museudoporto.pt\/en\/wp-json\/wp\/v2\/media\/8271"}],"wp:attachment":[{"href":"https:\/\/museudoporto.pt\/en\/wp-json\/wp\/v2\/media?parent=8270"}],"wp:term":[{"taxonomy":"resource_category","embeddable":true,"href":"https:\/\/museudoporto.pt\/en\/wp-json\/wp\/v2\/resource_category?post=8270"}],"curies":[{"name":"wp","href":"https:\/\/api.w.org\/{rel}","templated":true}]}}

Desdesenho, de Tomás Cunha Ferreira é a nova exposição do Gabinete de Desenho na Casa Guerra Junqueiro

<p>8 de outubro 2021</p>
<p>&nbsp;</p>
<p><b>É hoje, a partir das 15H e com horário prolongado até às 20H, com lugar no Museu da Cidade — Casa Guerra Junqueiro, que abre a exposição </b><b><i><a href="https://museudoporto.pt/en/exhibition/desdesenho/">Desdesenho</a>. </i></b><b> O artista, poeta e músico Tomás Cunha Ferreira trabalha o desenho enquanto prática ampla, um circuito aberto em explosão de cor e de possibilidades. </b></p>
<p>&nbsp;</p>
<p>Um poema visual, uma partitura, uma notação para uma peça coreográfica, uma pintura, o padrão que se repete ou até uma palavra — o título da exposição <i>Desdesenho</i> — condensam em si o projeto de desenho, na perspetiva do artista lisboeta Tomás Cunha Ferreira.</p>
<p>&nbsp;</p>
<p>Na Casa Guerra Junqueiro, situada na Rua Dom Hugo, junto à Sé, há um gabinete que tem vindo a apresentar universos de artistas dedicados à prática-pensamento do desenho, forma de projetar e imaginar. É nesta perspetiva ampla, e na sequência da exposição do inventor e construtor de máquinas e papagaios voadores, António Veiga Leitão, que surge este <i>Desdesenho</i>. Caleidoscópica, em fusão de elementos visuais, rítmicos e sonoros, a exposição vai da mesa à parede, e da linha do desenho surgem figuras tridimensionais que saem dos cadernos de Tomás Cunha Ferreira.</p>
<p>&nbsp;</p>
<p>O artista não se senta a desenhar, mas chega ao desenho através de múltiplos caminhos e experiências, em sobreposição, camuflagem, e sobreposição. Desenhar, ou &#8220;desdesenhar&#8221;, torna-se então um gesto, que aparece como registo de intuições e perceções da sua passagem pelo tempo e pelo espaço do mundo.</p>
<p>&nbsp;</p>
<p>Na mesma lógica de colagem e colisão de elementos, <i>Colapso</i> é a rubrica que Tomás Cunha Ferreira dedica semanalmente à Rádio Estação, em dupla com o músico Domenico Lancellotti,  para ouvir no sítio invisível do Museu da Cidade, todas as sextas às 23H, com repetição segundas às 16H.</p>
<p>&nbsp;</p>
<p>A equipa de mediação do Museu da Cidade concebeu um programa de oficinas, que terá início no sábado dia 30 de outubro e que decorrem todos os sábados, com mais informações e inscrições a anunciar brevemente.</p>
<p>&nbsp;</p>
<p><i>Desdesenhar</i> tem entrada gratuita e pode ser visto até 2 de janeiro de 2022 de terça a domingo, entre as 10 e as 17,30 horas, exceptuando os dias feriados.</p>

Notícias
