{"id":9084,"date":"2022-01-26T15:42:07","date_gmt":"2022-01-26T15:42:07","guid":{"rendered":"https:\/\/museudoporto.pt\/?post_type=resource&#038;p=9084"},"modified":"2023-02-28T11:53:56","modified_gmt":"2023-02-28T11:53:56","slug":"inventario-2-reserva-aquilo-que-se-guarda-para-casos-imprevistos","status":"publish","type":"resource","link":"https:\/\/museudoporto.pt\/en\/recurso\/inventario-2-reserva-aquilo-que-se-guarda-para-casos-imprevistos\/","title":{"rendered":"Invent\u00e1rio #2 Reserva (aquilo que se guarda para casos imprevistos)"},"content":{"rendered":"","protected":false},"featured_media":9089,"template":"","resource_category":[23,52,22],"class_list":["post-9084","resource","type-resource","status-publish","has-post-thumbnail","hentry","resource_category-inventario","resource_category-oficina","resource_category-programas-operativos-2"],"acf":{"ambient_sound":false,"previous_link":{"label":"Fragmentos da Arquitetura Medieval","link":"https:\/\/museudoporto.pt\/en\/recurso\/inventario-1-2\/"},"next_link":{"label":"A inf\u00e2ncia do desenho","link":"https:\/\/museudoporto.pt\/en\/recurso\/inventario-3-a-infancia-do-desenho\/"},"breadcrumb":[{"page":"Fazer"},{"page":"Programas Operativos"},{"page":"Invent\u00e1rio"}],"file":false,"content":[{"acf_fc_layout":"event","display_title":"Reserva (aquilo que se guarda para casos imprevistos)","subtitle":"<p>Com Patr\u00edcia Campos<\/p>\n","date":{"show_time":true,"type":"sessions","date":null,"start_date":"26\/02\/2022 15:00","end_date":"26\/02\/2022 17:00"},"sessions":"","location":{"type":"station","station":{"ID":7084,"post_author":"18","post_date":"2021-06-17 21:06:35","post_date_gmt":"2021-06-17 21:06:35","post_content":"","post_title":"RESERVOIR","post_excerpt":"","post_status":"publish","comment_status":"closed","ping_status":"closed","post_password":"","post_name":"reservoir","to_ping":"","pinged":"","post_modified":"2022-10-07 18:42:24","post_modified_gmt":"2022-10-07 17:42:24","post_content_filtered":"","post_parent":0,"guid":"https:\/\/museudoporto.pt\/estacao\/reservatoir\/","menu_order":0,"post_type":"station","post_mime_type":"","comment_count":"0","filter":"raw"},"location":""},"media":{"type":false,"image":{"ID":9090,"id":9090,"title":"inventario2","filename":"inventario2-scaled.jpeg","filesize":1209923,"url":"https:\/\/museudoporto.pt\/wp-content\/uploads\/2022\/01\/inventario2-scaled.jpeg","link":"https:\/\/museudoporto.pt\/en\/inventario2-2\/","alt":"","author":"11","description":"","caption":"","name":"inventario2-2","status":"inherit","uploaded_to":0,"date":"2022-01-26 15:38:27","modified":"2022-01-28 10:20:36","menu_order":0,"mime_type":"image\/jpeg","type":"image","subtype":"jpeg","icon":"https:\/\/museudoporto.pt\/wp-includes\/images\/media\/default.png","width":2560,"height":1440,"sizes":{"thumbnail":"https:\/\/museudoporto.pt\/wp-content\/uploads\/2022\/01\/inventario2-150x150.jpeg","thumbnail-width":150,"thumbnail-height":150,"medium":"https:\/\/museudoporto.pt\/wp-content\/uploads\/2022\/01\/inventario2-300x169.jpeg","medium-width":300,"medium-height":169,"medium_large":"https:\/\/museudoporto.pt\/wp-content\/uploads\/2022\/01\/inventario2-768x432.jpeg","medium_large-width":640,"medium_large-height":360,"large":"https:\/\/museudoporto.pt\/wp-content\/uploads\/2022\/01\/inventario2-1024x576.jpeg","large-width":640,"large-height":360,"ufg_200_200":"https:\/\/museudoporto.pt\/wp-content\/uploads\/2022\/01\/inventario2-scaled.jpeg","ufg_200_200-width":200,"ufg_200_200-height":113,"ufg_300_300":"https:\/\/museudoporto.pt\/wp-content\/uploads\/2022\/01\/inventario2-scaled.jpeg","ufg_300_300-width":300,"ufg_300_300-height":169,"ufg_400_400":"https:\/\/museudoporto.pt\/wp-content\/uploads\/2022\/01\/inventario2-scaled.jpeg","ufg_400_400-width":400,"ufg_400_400-height":225,"1536x1536":"https:\/\/museudoporto.pt\/wp-content\/uploads\/2022\/01\/inventario2-1536x864.jpeg","1536x1536-width":1536,"1536x1536-height":864,"2048x2048":"https:\/\/museudoporto.pt\/wp-content\/uploads\/2022\/01\/inventario2-2048x1152.jpeg","2048x2048-width":2048,"2048x2048-height":1152}},"gallery":false},"excerpt":"<p>Proposta de capta\u00e7\u00e3o de um Livro de Campo de constela\u00e7\u00e3o pessoal, roteiro emocional que se inicia na primeira esta\u00e7\u00e3o do Museu da Cidade, o Reservat\u00f3rio.<\/p>\n","content":"<p>Proposta de capta\u00e7\u00e3o de um Livro de Campo de constela\u00e7\u00e3o pessoal, roteiro atrav\u00e9s de um mapa emocional, a encontrar no labirinto de tempo que \u00e9 a primeira esta\u00e7\u00e3o do Museu da Cidade, o Reservat\u00f3rio. Quando \u00e9 irresist\u00edvel capturar todas as imagens pelas quais passamos e a fotografia mobile ocupa todos os espa\u00e7os, pelo que optar? Olhar de outras formas e registar o que mais nos interessa.<\/p>\n<p>&nbsp;<\/p>\n<p><strong>Patr\u00edcia Vieira Campos<\/strong> doutorou-se em Arte dos Media pela Faculdade de Comunica\u00e7\u00e3o, Arquitetura, Artes e Tecnologias da Informa\u00e7\u00e3o, na Universidade Lus\u00f3fona do Porto, num trabalho dedicado \u00e0 Imagem, sob orienta\u00e7\u00e3o de Ant\u00f3nio Preto e Gon\u00e7alo M. Tavares. Trabalha nas \u00e1reas de comunica\u00e7\u00e3o e das artes visuais e \u00e9 funcion\u00e1ria do Patrim\u00f3nio Cultural da C\u00e2mara Municipal do Porto.<\/p>\n<h2>Invent\u00e1rio<\/h2>\n<p>Invent\u00e1rio participado de ruas, edif\u00edcios, lugares, obras de arte p\u00fablica, da cidade. Ler as ruas, lugares e edif\u00edcios, conduzir o olhar, olhar de outras formas e documentar, a partir de registos fotogr\u00e1ficos, gr\u00e1ficos, escritos, os elementos observados. Acontece no \u00faltimo s\u00e1bado de cada m\u00eas, \u00e0s 15H.<\/p>\n<h2>Inscri\u00e7\u00f5es<\/h2>\n<p>A participa\u00e7\u00e3o na atividade \u00e9 gratuita e requer inscri\u00e7\u00e3o pr\u00e9via atrav\u00e9s de <a href=\"https:\/\/questionarios.cm-porto.pt\/index.php\/571349?lang=pt\" target=\"_blank\" rel=\"noopener\">formul\u00e1rio<\/a>. Limite de 15 participantes. + info <a title=\"mailto:mdc.educativo@cm-porto.pt\" href=\"mailto:mdc.educativo@cm-porto.pt\">mdc.educativo@cm-porto.pt<\/a>. ou <span data-contrast=\"auto\">(+351) 226<\/span><span data-contrast=\"auto\">\u202f<\/span><span data-contrast=\"auto\">057<\/span><span data-contrast=\"auto\">000.<\/span><\/p>\n<h2>Endere\u00e7o<\/h2>\n<p>Parque da Pasteleira (Entrada Poente)<br \/>\nRua de Gomes Eanes de Azurara, s\/n<br \/>\n4150-362 Porto<br \/>\nGPS: 41.151579, -8.662588<br \/>\n<a href=\"https:\/\/www.google.com\/maps\/place\/MUSEU+DA+CIDADE%E2%80%94Reservat%C3%B3rio\/@41.1516095,-8.6647695,17z\/data=!3m1!4b1!4m5!3m4!1s0xd246f0639d3f147:0xd6c8046be9a04e58!8m2!3d41.1516095!4d-8.6625808\" target=\"_blank\" rel=\"noopener\">Localiza\u00e7\u00e3o<\/a><\/p>\n<h2>AUTOCARRO<\/h2>\n<p>200, 204, 207, 504<\/p>\n<h2>ESTACIONAMENTO<\/h2>\n<p>Lugares de estacionamento gratuito.<\/p>\n"}]},"_links":{"self":[{"href":"https:\/\/museudoporto.pt\/en\/wp-json\/wp\/v2\/resource\/9084","targetHints":{"allow":["GET"]}}],"collection":[{"href":"https:\/\/museudoporto.pt\/en\/wp-json\/wp\/v2\/resource"}],"about":[{"href":"https:\/\/museudoporto.pt\/en\/wp-json\/wp\/v2\/types\/resource"}],"wp:featuredmedia":[{"embeddable":true,"href":"https:\/\/museudoporto.pt\/en\/wp-json\/wp\/v2\/media\/9089"}],"wp:attachment":[{"href":"https:\/\/museudoporto.pt\/en\/wp-json\/wp\/v2\/media?parent=9084"}],"wp:term":[{"taxonomy":"resource_category","embeddable":true,"href":"https:\/\/museudoporto.pt\/en\/wp-json\/wp\/v2\/resource_category?post=9084"}],"curies":[{"name":"wp","href":"https:\/\/api.w.org\/{rel}","templated":true}]}}

Inventário #2 Reserva (aquilo que se guarda para casos imprevistos)

A infância do desenho

Inventário

<p>Com Patrícia Campos</p>

<p>Proposta de captação de um Livro de Campo de constelação pessoal, roteiro emocional que se inicia na primeira estação do Museu da Cidade, o Reservatório.</p>

<p>Proposta de captação de um Livro de Campo de constelação pessoal, roteiro através de um mapa emocional, a encontrar no labirinto de tempo que é a primeira estação do Museu da Cidade, o Reservatório. Quando é irresistível capturar todas as imagens pelas quais passamos e a fotografia mobile ocupa todos os espaços, pelo que optar? Olhar de outras formas e registar o que mais nos interessa.</p>
<p>&nbsp;</p>
<p><strong>Patrícia Vieira Campos</strong> doutorou-se em Arte dos Media pela Faculdade de Comunicação, Arquitetura, Artes e Tecnologias da Informação, na Universidade Lusófona do Porto, num trabalho dedicado à Imagem, sob orientação de António Preto e Gonçalo M. Tavares. Trabalha nas áreas de comunicação e das artes visuais e é funcionária do Património Cultural da Câmara Municipal do Porto.</p>
<h2>Inventário</h2>
<p>Inventário participado de ruas, edifícios, lugares, obras de arte pública, da cidade. Ler as ruas, lugares e edifícios, conduzir o olhar, olhar de outras formas e documentar, a partir de registos fotográficos, gráficos, escritos, os elementos observados. Acontece no último sábado de cada mês, às 15H.</p>
<h2>Inscrições</h2>
<p>A participação na atividade é gratuita e requer inscrição prévia através de <a href="https://questionarios.cm-porto.pt/index.php/571349?lang=pt" target="_blank" rel="noopener">formulário</a>. Limite de 15 participantes. + info <a title="mailto:mdc.educativo@cm-porto.pt" href="mailto:mdc.educativo@cm-porto.pt">mdc.educativo@cm-porto.pt</a>. ou <span data-contrast="auto">(+351) 226</span><span data-contrast="auto"> </span><span data-contrast="auto">057</span><span data-contrast="auto">000.</span></p>
<h2>Endereço</h2>
<p>Parque da Pasteleira (Entrada Poente)<br />
Rua de Gomes Eanes de Azurara, s/n<br />
4150-362 Porto<br />
GPS: 41.151579, -8.662588<br />
<a href="https://www.google.com/maps/place/MUSEU+DA+CIDADE%E2%80%94Reservat%C3%B3rio/@41.1516095,-8.6647695,17z/data=!3m1!4b1!4m5!3m4!1s0xd246f0639d3f147:0xd6c8046be9a04e58!8m2!3d41.1516095!4d-8.6625808" target="_blank" rel="noopener">Localização</a></p>
<h2>AUTOCARRO</h2>
<p>200, 204, 207, 504</p>
<h2>ESTACIONAMENTO</h2>
<p>Lugares de estacionamento gratuito.</p>
