{"id":9242,"date":"2022-02-21T13:44:58","date_gmt":"2022-02-21T13:44:58","guid":{"rendered":"https:\/\/museudoporto.pt\/?post_type=resource&#038;p=9242"},"modified":"2023-02-28T11:53:52","modified_gmt":"2023-02-28T11:53:52","slug":"inventario-3-a-infancia-do-desenho","status":"publish","type":"resource","link":"https:\/\/museudoporto.pt\/en\/recurso\/inventario-3-a-infancia-do-desenho\/","title":{"rendered":"Invent\u00e1rio #3 A inf\u00e2ncia do desenho"},"content":{"rendered":"","protected":false},"featured_media":2829,"template":"","resource_category":[23,52,22],"class_list":["post-9242","resource","type-resource","status-publish","has-post-thumbnail","hentry","resource_category-inventario","resource_category-oficina","resource_category-programas-operativos-2"],"acf":{"ambient_sound":false,"previous_link":{"label":"Reserva (aquilo que se guarda para casos imprevistos)","link":"https:\/\/museudoporto.pt\/en\/recurso\/inventario-2-reserva-aquilo-que-se-guarda-para-casos-imprevistos\/"},"next_link":{"label":"Entre a observa\u00e7\u00e3o e a palavra po\u00e9tica","link":"https:\/\/museudoporto.pt\/en\/recurso\/inventario-4-entre-a-observacao-e-a-palavra-poetica\/"},"breadcrumb":[{"page":"Fazer"},{"page":"Programas Operativos"},{"page":"Invent\u00e1rio"}],"file":false,"content":[{"acf_fc_layout":"event","display_title":"A inf\u00e2ncia do desenho","subtitle":"<p>Com Lu\u00eds Aguiar Branco<\/p>\n","date":{"show_time":true,"type":"sessions","date":null,"start_date":"26\/03\/2022 10:30","end_date":"26\/03\/2022 12:30"},"sessions":"","location":{"type":"station","station":{"ID":7084,"post_author":"18","post_date":"2021-06-17 21:06:35","post_date_gmt":"2021-06-17 21:06:35","post_content":"","post_title":"RESERVOIR","post_excerpt":"","post_status":"publish","comment_status":"closed","ping_status":"closed","post_password":"","post_name":"reservoir","to_ping":"","pinged":"","post_modified":"2022-10-07 18:42:24","post_modified_gmt":"2022-10-07 17:42:24","post_content_filtered":"","post_parent":0,"guid":"https:\/\/museudoporto.pt\/estacao\/reservatoir\/","menu_order":0,"post_type":"station","post_mime_type":"","comment_count":"0","filter":"raw"},"location":""},"media":{"type":false,"image":{"ID":5733,"id":5733,"title":"COL R Prato","filename":"DZ-36_MIRG.96-scaled.jpg","filesize":1081069,"url":"https:\/\/museudoporto.pt\/wp-content\/uploads\/2021\/01\/DZ-36_MIRG.96-scaled.jpg","link":"https:\/\/museudoporto.pt\/en\/peca-colecao\/prato-de-majolica-tipo-montelupo\/dz-36_mirg-96-2\/","alt":"","author":"18","description":"","caption":"","name":"dz-36_mirg-96-2","status":"inherit","uploaded_to":2828,"date":"2021-01-21 16:56:22","modified":"2022-02-21 16:48:51","menu_order":0,"mime_type":"image\/jpeg","type":"image","subtype":"jpeg","icon":"https:\/\/museudoporto.pt\/wp-includes\/images\/media\/default.png","width":2560,"height":1742,"sizes":{"thumbnail":"https:\/\/museudoporto.pt\/wp-content\/uploads\/2021\/01\/DZ-36_MIRG.96-150x150.jpg","thumbnail-width":150,"thumbnail-height":150,"medium":"https:\/\/museudoporto.pt\/wp-content\/uploads\/2021\/01\/DZ-36_MIRG.96-300x204.jpg","medium-width":300,"medium-height":204,"medium_large":"https:\/\/museudoporto.pt\/wp-content\/uploads\/2021\/01\/DZ-36_MIRG.96-768x523.jpg","medium_large-width":640,"medium_large-height":436,"large":"https:\/\/museudoporto.pt\/wp-content\/uploads\/2021\/01\/DZ-36_MIRG.96-1024x697.jpg","large-width":640,"large-height":436,"ufg_200_200":"https:\/\/museudoporto.pt\/wp-content\/uploads\/2021\/01\/DZ-36_MIRG.96-scaled.jpg","ufg_200_200-width":200,"ufg_200_200-height":136,"ufg_300_300":"https:\/\/museudoporto.pt\/wp-content\/uploads\/2021\/01\/DZ-36_MIRG.96-scaled.jpg","ufg_300_300-width":300,"ufg_300_300-height":204,"ufg_400_400":"https:\/\/museudoporto.pt\/wp-content\/uploads\/2021\/01\/DZ-36_MIRG.96-scaled.jpg","ufg_400_400-width":400,"ufg_400_400-height":272,"1536x1536":"https:\/\/museudoporto.pt\/wp-content\/uploads\/2021\/01\/DZ-36_MIRG.96-1536x1045.jpg","1536x1536-width":1536,"1536x1536-height":1045,"2048x2048":"https:\/\/museudoporto.pt\/wp-content\/uploads\/2021\/01\/DZ-36_MIRG.96-2048x1394.jpg","2048x2048-width":2048,"2048x2048-height":1394}},"gallery":false},"excerpt":"<p>Deambula\u00e7\u00e3o no Reservat\u00f3rio por alguns fragmentos ou objetos onde se identificam grafismos arcaizantes, sendo posteriormente os participantes desafiados a registar no papel um momento pessoal de impulso criativo.<\/p>\n","content":"<div class=\"row cabinet-block\">\n<div class=\"mdc-post\">\n<div class=\"row\">\n<div class=\"col-xs-8 col-md-5 col-md-offset-1 col-xl-4 block-text block-text--marg\">\n<p>A liga\u00e7\u00e3o entre o c\u00e9rebro e a m\u00e3o, manifestada pelo impulso inicial da vontade criativa do Ser Humano em experimentar as diferen\u00e7as entre cheios e vazios, pontos e tra\u00e7os, incis\u00f5es, sulcos e afloramentos, numa aproxima\u00e7\u00e3o ao espa\u00e7o, tempo, m\u00fasica, matem\u00e1tica, e desenho.<br \/>\nDeambula\u00e7\u00e3o no Reservat\u00f3rio por alguns fragmentos ou objetos onde se identificam esses grafismos arcaizantes, sendo posteriormente os participantes desafiados a registar no papel um momento pessoal de impulso criativo.<\/p>\n<p>&nbsp;<\/p>\n<p><strong>Lu\u00eds Aguiar Branco<\/strong>\u00a0\u00e9 arquiteto diplomado pela Faculdade de Arquitectura do Porto. Foi consultor na Divis\u00e3o do Patrim\u00f3nio Cultural (1988-2007) para o projeto Invent\u00e1rio do Patrim\u00f3nio Arquitect\u00f3nico do Porto, tendo estado ligado \u00e0 produ\u00e7\u00e3o da Carta de Patrim\u00f3nio do PDM do Porto e outras iniciativas de valoriza\u00e7\u00e3o e salvaguarda do patrim\u00f3nio arquitet\u00f3nico. Investigador de arquitetura, urbanismo e patrim\u00f3nio, participou no POLIS de Gondomar (2004), no processo de Requalifica\u00e7\u00e3o da Estrada da Circunvala\u00e7\u00e3o (2008), e elaborou v\u00e1rios estudos tipol\u00f3gicos em zonas hist\u00f3ricas e patrimoniais com o arquiteto Paulo Pestana Sousa. No \u00e2mbito da ilustra\u00e7\u00e3o, design e produ\u00e7\u00f5es gr\u00e1ficas, est\u00e1 presente em v\u00e1rias publica\u00e7\u00f5es, com relevo especial para a execu\u00e7\u00e3o do Mapa Medieval da Cidade do Porto em 1500. Trabalha na C\u00e2mara Municipal do Porto.<\/p>\n<h2>INVENT\u00c1RIO<\/h2>\n<p>Invent\u00e1rio participado de ruas, edif\u00edcios, lugares, obras de arte p\u00fablica, da cidade. Ler as ruas, lugares e edif\u00edcios, conduzir o olhar, olhar de outras formas e documentar, a partir de registos fotogr\u00e1ficos, gr\u00e1ficos, escritos, os elementos observados. Acontece no \u00faltimo s\u00e1bado de cada m\u00eas, \u00e0s 15H.<\/p>\n<h2>INSCRI\u00c7\u00d5ES<\/h2>\n<p>A participa\u00e7\u00e3o na atividade \u00e9 gratuita e requer inscri\u00e7\u00e3o pr\u00e9via atrav\u00e9s do\u00a0<a href=\"https:\/\/questionarios.cm-porto.pt\/index.php\/357852?lang=pt\" target=\"_blank\" rel=\"noopener\" data-cursor-hover=\"ready\">formul\u00e1rio<\/a>. Limite de 15 participantes. + info\u00a0<a title=\"mailto:mdc.educativo@cm-porto.pt\" href=\"mailto:mdc.educativo@cm-porto.pt\" data-cursor-hover=\"ready\">mdc.educativo@cm-porto.pt<\/a>. ou\u00a0<span data-contrast=\"auto\">(+351) 226<\/span><span data-contrast=\"auto\">\u202f<\/span><span data-contrast=\"auto\">057<\/span><span data-contrast=\"auto\">000.<\/span><\/p>\n<h2>ENDERE\u00c7O<\/h2>\n<p>Parque da Pasteleira (Entrada Poente)<br \/>\nRua de Gomes Eanes de Azurara, s\/n<br \/>\n4150-362 Porto<br \/>\nGPS: 41.151579, -8.662588<br \/>\n<a href=\"https:\/\/www.google.com\/maps\/place\/MUSEU+DA+CIDADE%E2%80%94Reservat%C3%B3rio\/@41.1516095,-8.6647695,17z\/data=!3m1!4b1!4m5!3m4!1s0xd246f0639d3f147:0xd6c8046be9a04e58!8m2!3d41.1516095!4d-8.6625808\" target=\"_blank\" rel=\"noopener\" data-cursor-hover=\"ready\">Localiza\u00e7\u00e3o<\/a><\/p>\n<h2>AUTOCARRO<\/h2>\n<p>200, 204, 207, 504<\/p>\n<h2>ESTACIONAMENTO<\/h2>\n<p>Lugares de estacionamento gratuito.<\/p>\n<\/div>\n<\/div>\n<\/div>\n<\/div>\n<div class=\"row\">\n<div class=\"col-xs-8 links-nav\"><\/div>\n<\/div>\n"}]},"_links":{"self":[{"href":"https:\/\/museudoporto.pt\/en\/wp-json\/wp\/v2\/resource\/9242","targetHints":{"allow":["GET"]}}],"collection":[{"href":"https:\/\/museudoporto.pt\/en\/wp-json\/wp\/v2\/resource"}],"about":[{"href":"https:\/\/museudoporto.pt\/en\/wp-json\/wp\/v2\/types\/resource"}],"wp:featuredmedia":[{"embeddable":true,"href":"https:\/\/museudoporto.pt\/en\/wp-json\/wp\/v2\/media\/2829"}],"wp:attachment":[{"href":"https:\/\/museudoporto.pt\/en\/wp-json\/wp\/v2\/media?parent=9242"}],"wp:term":[{"taxonomy":"resource_category","embeddable":true,"href":"https:\/\/museudoporto.pt\/en\/wp-json\/wp\/v2\/resource_category?post=9242"}],"curies":[{"name":"wp","href":"https:\/\/api.w.org\/{rel}","templated":true}]}}

Inventário #3 A infância do desenho

Entre a observação e a palavra poética

Inventário

A infância do desenho

<p>Com Luís Aguiar Branco</p>

<p>Deambulação no Reservatório por alguns fragmentos ou objetos onde se identificam grafismos arcaizantes, sendo posteriormente os participantes desafiados a registar no papel um momento pessoal de impulso criativo.</p>

<div class="row cabinet-block">
<div class="mdc-post">
<div class="row">
<div class="col-xs-8 col-md-5 col-md-offset-1 col-xl-4 block-text block-text--marg">
<p>A ligação entre o cérebro e a mão, manifestada pelo impulso inicial da vontade criativa do Ser Humano em experimentar as diferenças entre cheios e vazios, pontos e traços, incisões, sulcos e afloramentos, numa aproximação ao espaço, tempo, música, matemática, e desenho.<br />
Deambulação no Reservatório por alguns fragmentos ou objetos onde se identificam esses grafismos arcaizantes, sendo posteriormente os participantes desafiados a registar no papel um momento pessoal de impulso criativo.</p>
<p>&nbsp;</p>
<p><strong>Luís Aguiar Branco</strong> é arquiteto diplomado pela Faculdade de Arquitectura do Porto. Foi consultor na Divisão do Património Cultural (1988-2007) para o projeto Inventário do Património Arquitectónico do Porto, tendo estado ligado à produção da Carta de Património do PDM do Porto e outras iniciativas de valorização e salvaguarda do património arquitetónico. Investigador de arquitetura, urbanismo e património, participou no POLIS de Gondomar (2004), no processo de Requalificação da Estrada da Circunvalação (2008), e elaborou vários estudos tipológicos em zonas históricas e patrimoniais com o arquiteto Paulo Pestana Sousa. No âmbito da ilustração, design e produções gráficas, está presente em várias publicações, com relevo especial para a execução do Mapa Medieval da Cidade do Porto em 1500. Trabalha na Câmara Municipal do Porto.</p>
<h2>INVENTÁRIO</h2>
<p>Inventário participado de ruas, edifícios, lugares, obras de arte pública, da cidade. Ler as ruas, lugares e edifícios, conduzir o olhar, olhar de outras formas e documentar, a partir de registos fotográficos, gráficos, escritos, os elementos observados. Acontece no último sábado de cada mês, às 15H.</p>
<h2>INSCRIÇÕES</h2>
<p>A participação na atividade é gratuita e requer inscrição prévia através do <a href="https://questionarios.cm-porto.pt/index.php/357852?lang=pt" target="_blank" rel="noopener" data-cursor-hover="ready">formulário</a>. Limite de 15 participantes. + info <a title="mailto:mdc.educativo@cm-porto.pt" href="mailto:mdc.educativo@cm-porto.pt" data-cursor-hover="ready">mdc.educativo@cm-porto.pt</a>. ou <span data-contrast="auto">(+351) 226</span><span data-contrast="auto"> </span><span data-contrast="auto">057</span><span data-contrast="auto">000.</span></p>
<h2>ENDEREÇO</h2>
<p>Parque da Pasteleira (Entrada Poente)<br />
Rua de Gomes Eanes de Azurara, s/n<br />
4150-362 Porto<br />
GPS: 41.151579, -8.662588<br />
<a href="https://www.google.com/maps/place/MUSEU+DA+CIDADE%E2%80%94Reservat%C3%B3rio/@41.1516095,-8.6647695,17z/data=!3m1!4b1!4m5!3m4!1s0xd246f0639d3f147:0xd6c8046be9a04e58!8m2!3d41.1516095!4d-8.6625808" target="_blank" rel="noopener" data-cursor-hover="ready">Localização</a></p>
<h2>AUTOCARRO</h2>
<p>200, 204, 207, 504</p>
<h2>ESTACIONAMENTO</h2>
<p>Lugares de estacionamento gratuito.</p>
</div>
</div>
</div>
</div>
<div class="row">
<div class="col-xs-8 links-nav"></div>
</div>
