{"id":9345,"date":"2022-03-17T12:53:25","date_gmt":"2022-03-17T12:53:25","guid":{"rendered":"https:\/\/museudoporto.pt\/?post_type=resource&#038;p=9345"},"modified":"2022-03-18T12:01:22","modified_gmt":"2022-03-18T12:01:22","slug":"visita-focada-o-porto-medieval","status":"publish","type":"resource","link":"https:\/\/museudoporto.pt\/en\/recurso\/visita-focada-o-porto-medieval\/","title":{"rendered":"Visita Focada \u2014 O Porto Medieval"},"content":{"rendered":"","protected":false},"featured_media":9347,"template":"","resource_category":[49,59],"class_list":["post-9345","resource","type-resource","status-publish","has-post-thumbnail","hentry","resource_category-visitas-orientadas","resource_category-visitas-focadas"],"acf":{"breadcrumb":[{"page":"Visitas Orientadas"},{"page":"Visita Focada"}],"ambient_sound":false,"file":false,"content":[{"acf_fc_layout":"event","display_title":"O Porto Medieval","subtitle":"<p>Por Rui Alves<\/p>\n","date":{"show_time":true,"type":"sessions","date":null,"start_date":"05\/04\/2022 12:30","end_date":"05\/04\/2022 13:00"},"sessions":"","location":{"type":"station","station":{"ID":11086,"post_author":"11","post_date":"2022-10-12 16:01:22","post_date_gmt":"2022-10-12 15:01:22","post_content":"","post_title":"CASA DO INFANTE","post_excerpt":"","post_status":"publish","comment_status":"closed","ping_status":"closed","post_password":"","post_name":"casa-do-infante","to_ping":"","pinged":"","post_modified":"2022-10-12 16:52:48","post_modified_gmt":"2022-10-12 15:52:48","post_content_filtered":"","post_parent":0,"guid":"https:\/\/museudoporto.pt\/?post_type=station&#038;p=11086","menu_order":11,"post_type":"station","post_mime_type":"","comment_count":"0","filter":"raw"},"location":""},"media":{"type":false,"image":{"ID":9348,"id":9348,"title":"visita focada","filename":"visita-focada.jpg","filesize":3148893,"url":"https:\/\/museudoporto.pt\/wp-content\/uploads\/2022\/03\/visita-focada.jpg","link":"https:\/\/museudoporto.pt\/en\/visita-focada-2\/","alt":"","author":"7","description":"O Porto Medieval","caption":"","name":"visita-focada-2","status":"inherit","uploaded_to":0,"date":"2022-03-17 14:31:53","modified":"2022-03-17 14:35:25","menu_order":0,"mime_type":"image\/jpeg","type":"image","subtype":"jpeg","icon":"https:\/\/museudoporto.pt\/wp-includes\/images\/media\/default.png","width":1772,"height":1354,"sizes":{"thumbnail":"https:\/\/museudoporto.pt\/wp-content\/uploads\/2022\/03\/visita-focada-150x150.jpg","thumbnail-width":150,"thumbnail-height":150,"medium":"https:\/\/museudoporto.pt\/wp-content\/uploads\/2022\/03\/visita-focada-300x229.jpg","medium-width":300,"medium-height":229,"medium_large":"https:\/\/museudoporto.pt\/wp-content\/uploads\/2022\/03\/visita-focada-768x587.jpg","medium_large-width":640,"medium_large-height":489,"large":"https:\/\/museudoporto.pt\/wp-content\/uploads\/2022\/03\/visita-focada-1024x782.jpg","large-width":640,"large-height":489,"ufg_200_200":"https:\/\/museudoporto.pt\/wp-content\/uploads\/2022\/03\/visita-focada.jpg","ufg_200_200-width":200,"ufg_200_200-height":153,"ufg_300_300":"https:\/\/museudoporto.pt\/wp-content\/uploads\/2022\/03\/visita-focada.jpg","ufg_300_300-width":300,"ufg_300_300-height":229,"ufg_400_400":"https:\/\/museudoporto.pt\/wp-content\/uploads\/2022\/03\/visita-focada.jpg","ufg_400_400-width":400,"ufg_400_400-height":306,"1536x1536":"https:\/\/museudoporto.pt\/wp-content\/uploads\/2022\/03\/visita-focada-1536x1174.jpg","1536x1536-width":1536,"1536x1536-height":1174,"2048x2048":"https:\/\/museudoporto.pt\/wp-content\/uploads\/2022\/03\/visita-focada.jpg","2048x2048-width":1772,"2048x2048-height":1354}},"gallery":false},"excerpt":"<p>A representa\u00e7\u00e3o f\u00edsica de uma cidade \u00e9 uma das maneiras de se perceberem as suas din\u00e2micas. A maqueta pedag\u00f3gica que se encontra na Casa do Infante, interativa e executada com grande detalhe, permite aos visitantes uma leitura do Porto Medieval.<\/p>\n","content":"<p>A representa\u00e7\u00e3o f\u00edsica de uma cidade \u00e9 uma das maneiras de se perceberem as suas din\u00e2micas. A maqueta pedag\u00f3gica que se encontra na Casa do Infante, interativa e executada com grande detalhe, permite aos visitantes uma leitura do Porto Medieval.<\/p>\n<p>&nbsp;<\/p>\n<p>Local: Torre Norte<\/p>\n<p>&nbsp;<\/p>\n<p>As<strong> Visitas Focadas<\/strong> s\u00e3o orientadas pelos monitores do MdC e incidem, de uma forma especial, num tema, numa tipologia de objetos, numa t\u00e9cnica, convidando a conhecer em profundidade um pequeno n\u00famero de objetos de uma das esta\u00e7\u00f5es.<\/p>\n<h2>Inscri\u00e7\u00f5es<\/h2>\n<p>A participa\u00e7\u00e3o na atividade \u00e9 gratuita e requer inscri\u00e7\u00e3o pr\u00e9via atrav\u00e9s do <a href=\"https:\/\/questionarios.cm-porto.pt\/index.php\/548748?lang=pt\" target=\"_blank\" rel=\"noopener\">formul\u00e1rio<\/a>. Limite de 15 participantes. + info <a title=\"mailto:mdc.educativo@cm-porto.pt\" href=\"mailto:mdc.educativo@cm-porto.pt\">mdc.educativo@cm-porto.pt<\/a>. ou <span data-contrast=\"auto\">(+351) 226<\/span><span data-contrast=\"auto\">\u202f<\/span><span data-contrast=\"auto\">057<\/span><span data-contrast=\"auto\">000.<\/span><\/p>\n<h2>ENDERE\u00c7O<\/h2>\n<p>Rua da Alf\u00e2ndega, 10<br \/>\n4050-029 Porto<br \/>\n<a href=\"https:\/\/www.google.com\/maps\/dir\/\/casa+do+infante\/data=!4m6!4m5!1m1!4e2!1m2!1m1!1s0xd2464e048a7dd5f:0xa4c812eb37711092?sa=X&amp;ved=2ahUKEwjXsruLjbDuAhXEZxUIHSP1APAQ9RcwFHoECCYQBA\" target=\"_blank\" rel=\"noopener\" data-cursor-hover=\"ready\">Dire\u00e7\u00f5es<\/a><\/p>\n<h2>AUTOCARRO<\/h2>\n<p>500, 900, 901, 906, ZM, ZR, 1<\/p>\n<h2>METRO<\/h2>\n<p>S. Bento<\/p>\n<h2>ESTACIONAMENTO<\/h2>\n<p>Pra\u00e7a do Infante D. Henrique<\/p>\n"}],"previous_link":{"label":"","link":""},"next_link":{"label":"","link":""}},"_links":{"self":[{"href":"https:\/\/museudoporto.pt\/en\/wp-json\/wp\/v2\/resource\/9345","targetHints":{"allow":["GET"]}}],"collection":[{"href":"https:\/\/museudoporto.pt\/en\/wp-json\/wp\/v2\/resource"}],"about":[{"href":"https:\/\/museudoporto.pt\/en\/wp-json\/wp\/v2\/types\/resource"}],"wp:featuredmedia":[{"embeddable":true,"href":"https:\/\/museudoporto.pt\/en\/wp-json\/wp\/v2\/media\/9347"}],"wp:attachment":[{"href":"https:\/\/museudoporto.pt\/en\/wp-json\/wp\/v2\/media?parent=9345"}],"wp:term":[{"taxonomy":"resource_category","embeddable":true,"href":"https:\/\/museudoporto.pt\/en\/wp-json\/wp\/v2\/resource_category?post=9345"}],"curies":[{"name":"wp","href":"https:\/\/api.w.org\/{rel}","templated":true}]}}

<p>A representação física de uma cidade é uma das maneiras de se perceberem as suas dinâmicas. A maqueta pedagógica que se encontra na Casa do Infante, interativa e executada com grande detalhe, permite aos visitantes uma leitura do Porto Medieval.</p>

<p>A representação física de uma cidade é uma das maneiras de se perceberem as suas dinâmicas. A maqueta pedagógica que se encontra na Casa do Infante, interativa e executada com grande detalhe, permite aos visitantes uma leitura do Porto Medieval.</p>
<p>&nbsp;</p>
<p>Local: Torre Norte</p>
<p>&nbsp;</p>
<p>As<strong> Visitas Focadas</strong> são orientadas pelos monitores do MdC e incidem, de uma forma especial, num tema, numa tipologia de objetos, numa técnica, convidando a conhecer em profundidade um pequeno número de objetos de uma das estações.</p>
<h2>Inscrições</h2>
<p>A participação na atividade é gratuita e requer inscrição prévia através do <a href="https://questionarios.cm-porto.pt/index.php/548748?lang=pt" target="_blank" rel="noopener">formulário</a>. Limite de 15 participantes. + info <a title="mailto:mdc.educativo@cm-porto.pt" href="mailto:mdc.educativo@cm-porto.pt">mdc.educativo@cm-porto.pt</a>. ou <span data-contrast="auto">(+351) 226</span><span data-contrast="auto"> </span><span data-contrast="auto">057</span><span data-contrast="auto">000.</span></p>
<h2>ENDEREÇO</h2>
<p>Rua da Alfândega, 10<br />
4050-029 Porto<br />
<a href="https://www.google.com/maps/dir//casa+do+infante/data=!4m6!4m5!1m1!4e2!1m2!1m1!1s0xd2464e048a7dd5f:0xa4c812eb37711092?sa=X&amp;ved=2ahUKEwjXsruLjbDuAhXEZxUIHSP1APAQ9RcwFHoECCYQBA" target="_blank" rel="noopener" data-cursor-hover="ready">Direções</a></p>
<h2>AUTOCARRO</h2>
<p>500, 900, 901, 906, ZM, ZR, 1</p>
<h2>METRO</h2>
<p>S. Bento</p>
<h2>ESTACIONAMENTO</h2>
<p>Praça do Infante D. Henrique</p>
