{"id":9500,"date":"2022-04-11T14:42:20","date_gmt":"2022-04-11T14:42:20","guid":{"rendered":"https:\/\/museudoporto.pt\/?post_type=resource&#038;p=9500"},"modified":"2022-04-12T14:13:00","modified_gmt":"2022-04-12T14:13:00","slug":"resgate-5-fugir-da-igreja-o-registo-civil-e-a-liberdade-de-consciencia-no-ultimo-quartel-do-seculo-xix","status":"publish","type":"resource","link":"https:\/\/museudoporto.pt\/en\/recurso\/resgate-5-fugir-da-igreja-o-registo-civil-e-a-liberdade-de-consciencia-no-ultimo-quartel-do-seculo-xix\/","title":{"rendered":"Resgate #5 Fugir da Igreja\u2026 O Registo Civil e a liberdade de consci\u00eancia no \u00faltimo quartel do s\u00e9culo XIX"},"content":{"rendered":"","protected":false},"featured_media":9501,"template":"","resource_category":[22],"class_list":["post-9500","resource","type-resource","status-publish","has-post-thumbnail","hentry","resource_category-programas-operativos-2"],"acf":{"breadcrumb":[{"page":"Fazer"},{"page":"Programas Operativos"},{"page":"Resgate"}],"ambient_sound":false,"file":false,"content":[{"acf_fc_layout":"event","display_title":"Fugir da Igreja\u2026 O Registo Civil e a liberdade de consci\u00eancia no \u00faltimo quartel do s\u00e9culo XIX","subtitle":"<p>Com Ant\u00f3nio Manuel Silva<\/p>\n","date":{"show_time":true,"type":"sessions","date":null,"start_date":"19\/05\/2022 15:30","end_date":"19\/05\/2022 16:15"},"sessions":"","location":{"type":"station","station":{"ID":11086,"post_author":"11","post_date":"2022-10-12 16:01:22","post_date_gmt":"2022-10-12 15:01:22","post_content":"","post_title":"CASA DO INFANTE","post_excerpt":"","post_status":"publish","comment_status":"closed","ping_status":"closed","post_password":"","post_name":"casa-do-infante","to_ping":"","pinged":"","post_modified":"2022-10-12 16:52:48","post_modified_gmt":"2022-10-12 15:52:48","post_content_filtered":"","post_parent":0,"guid":"https:\/\/museudoporto.pt\/?post_type=station&#038;p=11086","menu_order":11,"post_type":"station","post_mime_type":"","comment_count":"0","filter":"raw"},"location":""},"media":{"type":false,"image":{"ID":9502,"id":9502,"title":"0001","filename":"0001-scaled.jpg","filesize":521491,"url":"https:\/\/museudoporto.pt\/wp-content\/uploads\/2022\/04\/0001-scaled.jpg","link":"https:\/\/museudoporto.pt\/en\/0001-2\/","alt":"","author":"7","description":"","caption":"","name":"0001-2","status":"inherit","uploaded_to":0,"date":"2022-04-11 14:34:30","modified":"2022-04-12 14:12:56","menu_order":0,"mime_type":"image\/jpeg","type":"image","subtype":"jpeg","icon":"https:\/\/museudoporto.pt\/wp-includes\/images\/media\/default.png","width":1671,"height":2560,"sizes":{"thumbnail":"https:\/\/museudoporto.pt\/wp-content\/uploads\/2022\/04\/0001-150x150.jpg","thumbnail-width":150,"thumbnail-height":150,"medium":"https:\/\/museudoporto.pt\/wp-content\/uploads\/2022\/04\/0001-196x300.jpg","medium-width":196,"medium-height":300,"medium_large":"https:\/\/museudoporto.pt\/wp-content\/uploads\/2022\/04\/0001-768x1176.jpg","medium_large-width":640,"medium_large-height":980,"large":"https:\/\/museudoporto.pt\/wp-content\/uploads\/2022\/04\/0001-669x1024.jpg","large-width":640,"large-height":980,"ufg_200_200":"https:\/\/museudoporto.pt\/wp-content\/uploads\/2022\/04\/0001-scaled.jpg","ufg_200_200-width":131,"ufg_200_200-height":200,"ufg_300_300":"https:\/\/museudoporto.pt\/wp-content\/uploads\/2022\/04\/0001-scaled.jpg","ufg_300_300-width":196,"ufg_300_300-height":300,"ufg_400_400":"https:\/\/museudoporto.pt\/wp-content\/uploads\/2022\/04\/0001-scaled.jpg","ufg_400_400-width":261,"ufg_400_400-height":400,"1536x1536":"https:\/\/museudoporto.pt\/wp-content\/uploads\/2022\/04\/0001-1003x1536.jpg","1536x1536-width":1003,"1536x1536-height":1536,"2048x2048":"https:\/\/museudoporto.pt\/wp-content\/uploads\/2022\/04\/0001-1337x2048.jpg","2048x2048-width":1337,"2048x2048-height":2048}},"gallery":false},"excerpt":"<p>A partir dos primeiros livros do Registo Civil do Porto analisa-se a import\u00e2ncia da lei do registo civil e os tra\u00e7os essenciais dos cidad\u00e3os que recorreram a esse servi\u00e7o, verdadeiro s\u00edmbolo da liberdade de consci\u00eancia e da laiciza\u00e7\u00e3o do Estado.<\/p>\n","content":"<p>A partir dos primeiros livros do Registo Civil do Porto analisa-se a import\u00e2ncia da lei do registo civil e os tra\u00e7os essenciais dos cidad\u00e3os que recorreram a esse servi\u00e7o, verdadeiro s\u00edmbolo da liberdade de consci\u00eancia e da laiciza\u00e7\u00e3o do Estado.<\/p>\n<p>&nbsp;<\/p>\n<p>Local: Audit\u00f3rio<\/p>\n<p>&nbsp;<\/p>\n<p><strong>Ant\u00f3nio Manuel Silva <\/strong>\u00e9\u00a0t\u00e9cnico superior do arquivo hist\u00f3rico municipal, com forma\u00e7\u00e3o em Hist\u00f3ria e Arqueologia, \u00e9 autor de diversos estudos sobre aspetos culturais e religiosos da sociedade oitocentista.<\/p>\n<p>&nbsp;<\/p>\n<h2>Resgate<\/h2>\n<p>Atrav\u00e9s do resgate da documenta\u00e7\u00e3o das esta\u00e7\u00f5es do MdC propomos ampliar o entendimento das altera\u00e7\u00f5es experimentadas ao longo dos tempos. Acontece a cada terceira quinta-feira do m\u00eas, e tem entrada gratuita, mediante inscri\u00e7\u00e3o.<\/p>\n<h2>Inscri\u00e7\u00f5es<\/h2>\n<p>A participa\u00e7\u00e3o na atividade \u00e9 gratuita e requer inscri\u00e7\u00e3o pr\u00e9via atrav\u00e9s do <a href=\"https:\/\/questionarios.cm-porto.pt\/index.php\/845791?lang=pt\" target=\"_blank\" rel=\"noopener\">formul\u00e1rio<\/a>. Limite de 70 participantes. + info <a title=\"mailto:mdc.educativo@cm-porto.pt\" href=\"mailto:mdc.educativo@cm-porto.pt\">mdc.educativo@cm-porto.pt<\/a>. ou <span data-contrast=\"auto\">(+351) 226<\/span><span data-contrast=\"auto\">\u202f<\/span><span data-contrast=\"auto\">057<\/span><span data-contrast=\"auto\">000.<\/span><\/p>\n<p>&nbsp;<\/p>\n<h2>ENDERE\u00c7O<\/h2>\n<p>Rua da Alf\u00e2ndega, 10<br \/>\n4050-029 Porto<br \/>\n<a href=\"https:\/\/www.google.com\/maps\/dir\/\/casa+do+infante\/data=!4m6!4m5!1m1!4e2!1m2!1m1!1s0xd2464e048a7dd5f:0xa4c812eb37711092?sa=X&amp;ved=2ahUKEwjXsruLjbDuAhXEZxUIHSP1APAQ9RcwFHoECCYQBA\" target=\"_blank\" rel=\"noopener\" data-cursor-hover=\"ready\">Dire\u00e7\u00f5es<\/a><\/p>\n<h2>AUTOCARRO<\/h2>\n<p>500, 900, 901, 906, ZM, ZR, 1<\/p>\n<h2>METRO<\/h2>\n<p>S. Bento<\/p>\n<h2>ESTACIONAMENTO<\/h2>\n<p>Pra\u00e7a do Infante D. Henrique<\/p>\n"}],"previous_link":{"label":"","link":""},"next_link":{"label":"","link":""}},"_links":{"self":[{"href":"https:\/\/museudoporto.pt\/en\/wp-json\/wp\/v2\/resource\/9500","targetHints":{"allow":["GET"]}}],"collection":[{"href":"https:\/\/museudoporto.pt\/en\/wp-json\/wp\/v2\/resource"}],"about":[{"href":"https:\/\/museudoporto.pt\/en\/wp-json\/wp\/v2\/types\/resource"}],"wp:featuredmedia":[{"embeddable":true,"href":"https:\/\/museudoporto.pt\/en\/wp-json\/wp\/v2\/media\/9501"}],"wp:attachment":[{"href":"https:\/\/museudoporto.pt\/en\/wp-json\/wp\/v2\/media?parent=9500"}],"wp:term":[{"taxonomy":"resource_category","embeddable":true,"href":"https:\/\/museudoporto.pt\/en\/wp-json\/wp\/v2\/resource_category?post=9500"}],"curies":[{"name":"wp","href":"https:\/\/api.w.org\/{rel}","templated":true}]}}

Resgate #5 Fugir da Igreja… O Registo Civil e a liberdade de consciência no último quartel do século XIX

Fugir da Igreja… O Registo Civil e a liberdade de consciência no último quartel do século XIX

<p>Com António Manuel Silva</p>

<p>A partir dos primeiros livros do Registo Civil do Porto analisa-se a importância da lei do registo civil e os traços essenciais dos cidadãos que recorreram a esse serviço, verdadeiro símbolo da liberdade de consciência e da laicização do Estado.</p>

<p>A partir dos primeiros livros do Registo Civil do Porto analisa-se a importância da lei do registo civil e os traços essenciais dos cidadãos que recorreram a esse serviço, verdadeiro símbolo da liberdade de consciência e da laicização do Estado.</p>
<p>&nbsp;</p>
<p>Local: Auditório</p>
<p>&nbsp;</p>
<p><strong>António Manuel Silva </strong>é técnico superior do arquivo histórico municipal, com formação em História e Arqueologia, é autor de diversos estudos sobre aspetos culturais e religiosos da sociedade oitocentista.</p>
<p>&nbsp;</p>
<h2>Resgate</h2>
<p>Através do resgate da documentação das estações do MdC propomos ampliar o entendimento das alterações experimentadas ao longo dos tempos. Acontece a cada terceira quinta-feira do mês, e tem entrada gratuita, mediante inscrição.</p>
<h2>Inscrições</h2>
<p>A participação na atividade é gratuita e requer inscrição prévia através do <a href="https://questionarios.cm-porto.pt/index.php/845791?lang=pt" target="_blank" rel="noopener">formulário</a>. Limite de 70 participantes. + info <a title="mailto:mdc.educativo@cm-porto.pt" href="mailto:mdc.educativo@cm-porto.pt">mdc.educativo@cm-porto.pt</a>. ou <span data-contrast="auto">(+351) 226</span><span data-contrast="auto"> </span><span data-contrast="auto">057</span><span data-contrast="auto">000.</span></p>
<p>&nbsp;</p>
<h2>ENDEREÇO</h2>
<p>Rua da Alfândega, 10<br />
4050-029 Porto<br />
<a href="https://www.google.com/maps/dir//casa+do+infante/data=!4m6!4m5!1m1!4e2!1m2!1m1!1s0xd2464e048a7dd5f:0xa4c812eb37711092?sa=X&amp;ved=2ahUKEwjXsruLjbDuAhXEZxUIHSP1APAQ9RcwFHoECCYQBA" target="_blank" rel="noopener" data-cursor-hover="ready">Direções</a></p>
<h2>AUTOCARRO</h2>
<p>500, 900, 901, 906, ZM, ZR, 1</p>
<h2>METRO</h2>
<p>S. Bento</p>
<h2>ESTACIONAMENTO</h2>
<p>Praça do Infante D. Henrique</p>
