{"id":9687,"date":"2022-05-16T17:03:02","date_gmt":"2022-05-16T17:03:02","guid":{"rendered":"https:\/\/museudoporto.pt\/?post_type=resource&#038;p=9687"},"modified":"2022-08-09T15:13:00","modified_gmt":"2022-08-09T14:13:00","slug":"oficina-para-os-mais-novos-quem-voa-mais-alto","status":"publish","type":"resource","link":"https:\/\/museudoporto.pt\/en\/recurso\/oficina-para-os-mais-novos-quem-voa-mais-alto\/","title":{"rendered":"OFICINA para os mais novos\u2014Quem Voa Mais Alto? #1"},"content":{"rendered":"","protected":false},"featured_media":9688,"template":"","resource_category":[52,62],"class_list":["post-9687","resource","type-resource","status-publish","has-post-thumbnail","hentry","resource_category-oficina","resource_category-oficinas-para-os-mais-novos"],"acf":{"breadcrumb":[{"page":"Fazer"},{"page":"Oficinas"},{"page":"para os mais novos"}],"ambient_sound":false,"file":false,"content":[{"acf_fc_layout":"event","display_title":"Quem Voa Mais Alto?","subtitle":"<p>Com os monitores do MdC<\/p>\n","date":{"show_time":true,"type":"sessions","date":null,"start_date":"11\/06\/2022 10:00","end_date":"11\/06\/2022 11:30"},"sessions":"","location":{"type":"station","station":{"ID":10918,"post_author":"11","post_date":"2022-09-23 16:23:42","post_date_gmt":"2022-09-23 15:23:42","post_content":"","post_title":"ROMANTICISM EXTENSION","post_excerpt":"","post_status":"publish","comment_status":"closed","ping_status":"closed","post_password":"","post_name":"romanticism-extension","to_ping":"","pinged":"","post_modified":"2022-10-07 18:31:00","post_modified_gmt":"2022-10-07 17:31:00","post_content_filtered":"","post_parent":0,"guid":"https:\/\/museudoporto.pt\/?post_type=station&#038;p=10918","menu_order":3,"post_type":"station","post_mime_type":"","comment_count":"0","filter":"raw"},"location":""},"media":{"type":false,"image":{"ID":9689,"id":9689,"title":"borboleta","filename":"borboleta.png","filesize":1467869,"url":"https:\/\/museudoporto.pt\/wp-content\/uploads\/2022\/05\/borboleta.png","link":"https:\/\/museudoporto.pt\/en\/borboleta-2\/","alt":"","author":"7","description":"","caption":"","name":"borboleta-2","status":"inherit","uploaded_to":0,"date":"2022-05-16 17:00:52","modified":"2022-05-16 17:02:11","menu_order":0,"mime_type":"image\/png","type":"image","subtype":"png","icon":"https:\/\/museudoporto.pt\/wp-includes\/images\/media\/default.png","width":1484,"height":922,"sizes":{"thumbnail":"https:\/\/museudoporto.pt\/wp-content\/uploads\/2022\/05\/borboleta-150x150.png","thumbnail-width":150,"thumbnail-height":150,"medium":"https:\/\/museudoporto.pt\/wp-content\/uploads\/2022\/05\/borboleta-300x186.png","medium-width":300,"medium-height":186,"medium_large":"https:\/\/museudoporto.pt\/wp-content\/uploads\/2022\/05\/borboleta-768x477.png","medium_large-width":640,"medium_large-height":398,"large":"https:\/\/museudoporto.pt\/wp-content\/uploads\/2022\/05\/borboleta-1024x636.png","large-width":640,"large-height":398,"ufg_200_200":"https:\/\/museudoporto.pt\/wp-content\/uploads\/2022\/05\/borboleta.png","ufg_200_200-width":200,"ufg_200_200-height":124,"ufg_300_300":"https:\/\/museudoporto.pt\/wp-content\/uploads\/2022\/05\/borboleta.png","ufg_300_300-width":300,"ufg_300_300-height":186,"ufg_400_400":"https:\/\/museudoporto.pt\/wp-content\/uploads\/2022\/05\/borboleta.png","ufg_400_400-width":400,"ufg_400_400-height":249,"1536x1536":"https:\/\/museudoporto.pt\/wp-content\/uploads\/2022\/05\/borboleta.png","1536x1536-width":1484,"1536x1536-height":922,"2048x2048":"https:\/\/museudoporto.pt\/wp-content\/uploads\/2022\/05\/borboleta.png","2048x2048-width":1484,"2048x2048-height":922}},"gallery":false},"excerpt":"<p>Quem voa mais alto, na Extens\u00e3o do Romantismo? Os p\u00e1ssaros, as borboletas, os poetas ou\u2026 os leques? O que nos faz sonhar e voar? Depois de uma visita \u00e0 nova montagem da Extens\u00e3o do Romantismo \u2013 Metamorfoses \u2013 vamos contruir um objeto que voa alto para se deixar balou\u00e7ar, ao sabor do vento.<\/p>\n","content":"<p>Quem voa mais alto, na Extens\u00e3o do Romantismo? Os p\u00e1ssaros, as borboletas, os poetas ou\u2026 os leques? O que nos faz sonhar e voar? Depois de uma visita \u00e0 nova montagem da Extens\u00e3o do Romantismo \u2013 <a href=\"https:\/\/museudoporto.pt\/en\/?post_type=exhibition&#038;p=9452\"><strong>Metamorfoses<\/strong><\/a> \u2013 vamos contruir um objeto que voa alto para se deixar balou\u00e7ar, ao sabor do vento.<\/p>\n<h2>DESTINAT\u00c1RIOS<\/h2>\n<p>Oficina dedicada aos mais novos. A partir dos 3 anos.<\/p>\n<h2>INSCRI\u00c7\u00d5ES<\/h2>\n<p>A participa\u00e7\u00e3o na atividade \u00e9 gratuita e requer inscri\u00e7\u00e3o pr\u00e9via atrav\u00e9s do\u00a0<a href=\"https:\/\/questionarios.cm-porto.pt\/index.php\/788995?lang=pt\" target=\"_blank\" rel=\"noopener\" data-cursor-hover=\"ready\">formul\u00e1rio<\/a>. Limite de 15 participantes. + info\u00a0<a title=\"mailto:mdc.educativo@cm-porto.pt\" href=\"mailto:mdc.educativo@cm-porto.pt\" data-cursor-hover=\"ready\">mdc.educativo@cm-porto.pt<\/a>. ou\u00a0<span data-contrast=\"auto\">(+351) 226<\/span><span data-contrast=\"auto\">\u202f<\/span><span data-contrast=\"auto\">057<\/span><span data-contrast=\"auto\">000.<\/span><\/p>\n<h2>ENDERE\u00c7O<\/h2>\n<p>Rua de Entre-Quintas, 220 4050-240 Porto<br \/>\nGPS: 41.147524, -8.627930<br \/>\n<a href=\"https:\/\/www.google.com\/maps\/place\/MUSEU+DA+CIDADE%E2%80%94Extens%C3%A3o+do+Romantismo\/@41.1475562,-8.6306449,17z\/data=!3m1!4b1!4m5!3m4!1s0xd2465101fc09f21:0xe05b033b7aceedc0!8m2!3d41.1475562!4d-8.6284562\" target=\"_blank\" rel=\"noopener\" data-cursor-hover=\"ready\">Localiza\u00e7\u00e3o<\/a><\/p>\n<h2>AUTOCARRO<\/h2>\n<p>1M, 200, 201, 207, 208, 302, 303, 501, 507, 601, ZM, 12M, 13M<br \/>\nCircular Massarelos \u2013 Carmo<\/p>\n<h2>ESTACIONAMENTO<\/h2>\n<p>Pal\u00e1cio de Cristal<\/p>\n"}],"previous_link":{"label":"","link":""},"next_link":{"label":"","link":""}},"_links":{"self":[{"href":"https:\/\/museudoporto.pt\/en\/wp-json\/wp\/v2\/resource\/9687","targetHints":{"allow":["GET"]}}],"collection":[{"href":"https:\/\/museudoporto.pt\/en\/wp-json\/wp\/v2\/resource"}],"about":[{"href":"https:\/\/museudoporto.pt\/en\/wp-json\/wp\/v2\/types\/resource"}],"wp:featuredmedia":[{"embeddable":true,"href":"https:\/\/museudoporto.pt\/en\/wp-json\/wp\/v2\/media\/9688"}],"wp:attachment":[{"href":"https:\/\/museudoporto.pt\/en\/wp-json\/wp\/v2\/media?parent=9687"}],"wp:term":[{"taxonomy":"resource_category","embeddable":true,"href":"https:\/\/museudoporto.pt\/en\/wp-json\/wp\/v2\/resource_category?post=9687"}],"curies":[{"name":"wp","href":"https:\/\/api.w.org\/{rel}","templated":true}]}}

<p>Quem voa mais alto, na Extensão do Romantismo? Os pássaros, as borboletas, os poetas ou… os leques? O que nos faz sonhar e voar? Depois de uma visita à nova montagem da Extensão do Romantismo – Metamorfoses – vamos contruir um objeto que voa alto para se deixar balouçar, ao sabor do vento.</p>

<p>Quem voa mais alto, na Extensão do Romantismo? Os pássaros, as borboletas, os poetas ou… os leques? O que nos faz sonhar e voar? Depois de uma visita à nova montagem da Extensão do Romantismo – <a href="https://museudoporto.pt/en/?post_type=exhibition&#038;p=9452"><strong>Metamorfoses</strong></a> – vamos contruir um objeto que voa alto para se deixar balouçar, ao sabor do vento.</p>
<h2>DESTINATÁRIOS</h2>
<p>Oficina dedicada aos mais novos. A partir dos 3 anos.</p>
<h2>INSCRIÇÕES</h2>
<p>A participação na atividade é gratuita e requer inscrição prévia através do <a href="https://questionarios.cm-porto.pt/index.php/788995?lang=pt" target="_blank" rel="noopener" data-cursor-hover="ready">formulário</a>. Limite de 15 participantes. + info <a title="mailto:mdc.educativo@cm-porto.pt" href="mailto:mdc.educativo@cm-porto.pt" data-cursor-hover="ready">mdc.educativo@cm-porto.pt</a>. ou <span data-contrast="auto">(+351) 226</span><span data-contrast="auto"> </span><span data-contrast="auto">057</span><span data-contrast="auto">000.</span></p>
<h2>ENDEREÇO</h2>
<p>Rua de Entre-Quintas, 220 4050-240 Porto<br />
GPS: 41.147524, -8.627930<br />
<a href="https://www.google.com/maps/place/MUSEU+DA+CIDADE%E2%80%94Extens%C3%A3o+do+Romantismo/@41.1475562,-8.6306449,17z/data=!3m1!4b1!4m5!3m4!1s0xd2465101fc09f21:0xe05b033b7aceedc0!8m2!3d41.1475562!4d-8.6284562" target="_blank" rel="noopener" data-cursor-hover="ready">Localização</a></p>
<h2>AUTOCARRO</h2>
<p>1M, 200, 201, 207, 208, 302, 303, 501, 507, 601, ZM, 12M, 13M<br />
Circular Massarelos – Carmo</p>
<h2>ESTACIONAMENTO</h2>
<p>Palácio de Cristal</p>
